{"id":967,"date":"2019-02-26T00:11:23","date_gmt":"2019-02-25T23:11:23","guid":{"rendered":"https:\/\/we.pb.edu.pl\/ktiae\/?page_id=967"},"modified":"2025-01-15T07:55:09","modified_gmt":"2025-01-15T06:55:09","slug":"systemy-mikroprocesorowe","status":"publish","type":"page","link":"https:\/\/we.pb.edu.pl\/kfeits\/krzysztof-konopko\/eit1s\/systemy-mikroprocesorowe\/","title":{"rendered":"Systemy mikroprocesorowe w zastosowaniach przemys\u0142owych i sieciowych"},"content":{"rendered":"<p><strong>ul. Zwierzyniecka 10, 15-351 Bia\u0142ystok, s. CBD-32<\/strong><br \/>\nprowadz\u0105cy: <a href=\"\/kfeits\/krzysztof-konopko\/\">Krzysztof Konopko<\/a><\/p>\n<hr \/>\n<p><strong>Wyk\u0142ady:<br \/>\n<\/strong><\/p>\n<ul>\n<li><a href=\"https:\/\/box.biaman.pl\/f\/e55ba405a18048968266\/?raw=1&amp;ext=.pdf\">Informacje o przedmiocie.<\/a><\/li>\n<li><a href=\"https:\/\/box.biaman.pl\/f\/a21badae73534e7eb1f3\/?raw=1&amp;ext=.pdf\">Cortex-M. \u015arodowisko deweloperskie.<\/a><\/li>\n<li><a href=\"https:\/\/box.biaman.pl\/f\/271872e416224cc1ab22\/?raw=1&amp;ext=.pdf\">Architektura mikroprocesor\u00f3w Cortex-M. RCC. GPIO.<\/a><\/li>\n<li><a href=\"https:\/\/box.biaman.pl\/f\/fbdc44d6199348129aea\/?raw=1&amp;ext=.pdf\">Obs\u0142uga przerwa\u0144. Kontroler NVIC. SysTick.<\/a><\/li>\n<li><a href=\"https:\/\/box.biaman.pl\/f\/fb655b8bd0114cf28152\/?raw=1&amp;ext=.pdf\">Obs\u0142uga uk\u0142ad\u00f3w czasowo-licznikowych.<\/a><\/li>\n<li><a href=\"https:\/\/box.biaman.pl\/f\/7ce0ca7e78e447b6ae30\/?raw=1&amp;ext=.pdf\">Obs\u0142uga przetwornik\u00f3w ADC i DAC.<\/a><\/li>\n<li><a href=\"https:\/\/box.biaman.pl\/f\/d07e58d9372a4193b164\/?raw=1&amp;ext=.pdf\">Interfejsy szeregowe.<\/a><\/li>\n<li><a href=\"https:\/\/box.biaman.pl\/f\/30f92efb6874418fb467\/?raw=1&amp;ext=.pdf\">DMA.<\/a><\/li>\n<li><a href=\"https:\/\/box.biaman.pl\/f\/c95a712590234c24b1b7\/?raw=1&amp;ext=.pdf\">RTC, watchdog.<\/a><\/li>\n<li><a href=\"https:\/\/box.biaman.pl\/f\/57fef6cb76a4450b86b9\/?raw=1&amp;ext=.pdf\">Zarz\u0105dzanie energi\u0105.<\/a><\/li>\n<li><a href=\"https:\/\/box.biaman.pl\/f\/c9215a14365a44f7868b\/?raw=1&amp;ext=.pdf\">USB CDC.<\/a><\/li>\n<li><a href=\"https:\/\/box.biaman.pl\/f\/d364bcd03b854faeb82d\/?raw=1&amp;ext=.pdf\">FatFs.<\/a><\/li>\n<li><a href=\"https:\/\/box.biaman.pl\/f\/931b95f6c6c9407fade8\/?raw=1&amp;ext=.pdf\">FreeRTOS.<\/a><\/li>\n<li><a href=\"https:\/\/box.biaman.pl\/f\/d226d6dcc2f34e6b8111\/?raw=1&amp;ext=.pdf\">FrwwRTOS &#8211; synchronizacja.<\/a><\/li>\n<li>Teletransmisja.<\/li>\n<li>Cykl \u017cycia oprogramowania.<\/li>\n<\/ul>\n<hr \/>\n<p><strong>Instrukcje do \u0107wicze\u0144 laboratoryjnych:<\/strong><\/p>\n<ul>\n<li><a href=\"https:\/\/box.biaman.pl\/f\/d921d865b993416bb4fe\/?raw=1&amp;ext=.pdf\">Obs\u0142uga port\u00f3w GPIO (General Purpose Input\/Output)<\/a>. <a href=\"https:\/\/box.biaman.pl\/f\/2da05eeaa01f422b9d0a\/?raw=1&amp;ext=.pdf\">Zadania<\/a>.<\/li>\n<li><a href=\"https:\/\/box.biaman.pl\/f\/624e87c871044f509722\/?raw=1&amp;ext=.pdf\">Wy\u015bwietlacz LCD.<\/a> <a href=\"https:\/\/box.biaman.pl\/f\/67b645147ef246e897b0\/?raw=1&amp;ext=.pdf\">Obs\u0142uga przerwa\u0144.<\/a> <a href=\"https:\/\/box.biaman.pl\/f\/08ba8032ca1d4faab872\/?raw=1&amp;ext=.pdf\">Zadania.<\/a><\/li>\n<li><a href=\"https:\/\/box.biaman.pl\/f\/7360fd6f8d6c4df4ba97\/?raw=1&amp;ext=.pdf\">Uk\u0142ady licznikowo-czasowe<\/a>. <a href=\"https:\/\/box.biaman.pl\/f\/34e33a1a15b04298afd2\/?raw=1&amp;ext=.pdf\">Zadania.<\/a><\/li>\n<li><a href=\"https:\/\/box.biaman.pl\/f\/1d742d9ec7a948a5ab56\/?raw=1&amp;ext=.pdf\">Obs\u0142uga przetwornika ADC.<\/a> <a href=\"https:\/\/box.biaman.pl\/f\/e7414b744eb44535b2cf\/?raw=1&amp;ext=.pdf\">Zadania.<\/a><\/li>\n<li><a href=\"https:\/\/box.biaman.pl\/f\/e8f61c4457ac4179be87\/?raw=1&amp;ext=.pdf\">Obs\u0142uga przetwornika DAC.<\/a> <a href=\"https:\/\/box.biaman.pl\/f\/304293d3e8a74b838299\/?raw=1&amp;ext=.pdf\">Zadania.<\/a><\/li>\n<li><a href=\"https:\/\/box.biaman.pl\/f\/10547c5d24dc4a1a8b00\/?raw=1&amp;ext=.pdf\">Interfejs szeregowy RS232.<\/a> <a href=\"https:\/\/box.biaman.pl\/f\/d58f41ba443f4cd9aed2\/?raw=1&amp;ext=.pdf\">Zadania.<\/a><\/li>\n<li><a href=\"https:\/\/box.biaman.pl\/f\/5124b75c4ff348ca97aa\/?raw=1&amp;ext=.pdf\">Projekty<\/a>.<\/li>\n<\/ul>\n<hr \/>\n<p><strong>Materia\u0142y dodatkowe:<\/strong><\/p>\n<ul>\n<li><a href=\"https:\/\/box.biaman.pl\/f\/87481846967a423b9d6d\/?dl=1\">lcd_hd44780_lib.c,<\/a> <a href=\"https:\/\/box.biaman.pl\/f\/1b3a7fda69b64cb7b342\/?dl=1\">lcd_hd44780_lib.h<\/a><\/li>\n<\/ul>\n<hr \/>\n<p><strong>Literatura:<\/strong><\/p>\n<ul>\n<li>Marek Galewski. STM32 : aplikacje i \u0107wiczenia w j\u0119zyku C z bibliotek\u0105 HAL. Wydaw. BTC, Legionowo, 2019.<\/li>\n<li>Maciej Szumski. Mikrokontrolery STM32 w systemach sterowania i regulacji. Wydaw. BTC, Legionowo, wyd. 1 popr. edition, 2018.<\/li>\n<li>ARM Developer. Arm cortex-m4 processor technical reference manual, 2020. URL:<a href=\"https:\/\/www.st.com\/resource\/en\/reference_manual\/rm0351-stm32l47xxx-stm32l48xxx-stm32l49xxx-and-stm32l4axxx-advanced-armbased-32bit-mcus-stmicroelectronics.pdf\">https:\/\/www.st.com\/resource\/en\/reference_manual\/rm0351-stm32l47xxx-stm32l48xxx-stm32l49xxx-and-stm32l4axxx-advanced-armbased-32bit-mcus-stmicroelectronics.pdf<\/a>.<\/li>\n<li>RM0351 Reference manual. Stm32l47xxx, stm32l48xxx, stm32l49xxx and stm32l4axxx advancedarm-based 32-bit mcus, 2021. URL: <a href=\"https:\/\/www.st.com\/resource\/en\/reference_manual\/rm0351-stm32l47xxx-stm32l48xxx-stm32l49xxx-and-stm32l4axxx-advanced-armbased-32bit-mcus-stmicroelectronics.pdf\">https:\/\/www.st.com\/resource\/en\/reference_manual\/rm0351-stm32l47xxx-stm32l48xxx-stm32l49xxx-and-stm32l4axxx-advanced-armbased-32bit-mcus-stmicroelectronics.pdf<\/a>.<\/li>\n<li>DS11585 Rev 16. Ultra-low-power arm cortex-m4 32-bit mcu+fpu, 100 dmips, up to 1mb flash, 320 kb sram, usb otg fs, audio, external smps, 2022. URL: <a href=\"https:\/\/www.st.com\/resource\/en\/datasheet\/stm32l496ae.pdf\">https:\/\/www.st.com\/resource\/en\/datasheet\/stm32l496ae.pdf<\/a>.<\/li>\n<li>UM2563 User manual. Stm32cubeide installation guide, 2022. URL:<a href=\"https:\/\/www.st.com\/resource\/en\/user_manual\/um2563-stm32cubeide-installation-guide-stmicroelectronics.pdf\">https:\/\/www.st.com\/resource\/en\/user_manual\/um2563-stm32cubeide-installation-guide-stmicroelectronics.pdf<\/a>.<\/li>\n<li>UM2609 User manual. Stm32cubeide user guide, 2022. URL:<a href=\"https:\/\/www.st.com\/resource\/en\/user_manual\/um2563-stm32cubeide-installation-guide-stmicroelectronics.pdf.\">https:\/\/www.st.com\/resource\/en\/user_manual\/um2563-stm32cubeide-installation-guide-stmicroelectronics.pdf.<\/a><\/li>\n<li>UM1884 User manual. Description of stm32l4\/l4+ hal and low-layer drivers, 2021. URL: <a href=\"https:\/\/www.st.com\/resource\/en\/user_manual\/um1884-description-of-stm32l4l4-hal-and-lowlayer-drivers-stmicroelectronics.pdf\">https:\/\/www.st.com\/resource\/en\/user_manual\/um1884-description-of-stm32l4l4-hal-and-lowlayer-drivers-stmicroelectronics.pdf<\/a>.<\/li>\n<li>UM1722 User manual. Developing applications on stm32cube with rtos, 2019. URL: <a href=\"https:\/\/www.st.com\/resource\/en\/user_manual\/um1884-description-of-stm32l4l4-hal-and-lowlayer-drivers-stmicroelectronics.pdf\">https:\/\/www.st.com\/resource\/en\/user_manual\/um1884-description-of-stm32l4l4-hal-and-lowlayer-drivers-stmicroelectronics.pdf<\/a>.<\/li>\n<li>BTC Korporacja. Kameleon stm32l4 board, 2022. URL: <a href=\"https:\/\/kameleonboard.org\/\">https:\/\/kameleonboard.org\/<\/a>. <a href=\"https:\/\/box.biaman.pl\/f\/eeb0aaf68d8143e4ba1d\/?raw=1&amp;ext=.pdf\">schemat<\/a><\/li>\n<\/ul>\n","protected":false},"excerpt":{"rendered":"<p>ul. Zwierzyniecka 10, 15-351 Bia\u0142ystok, s. CBD-32 prowadz\u0105cy: Krzysztof Konopko Wyk\u0142ady: Informacje o przedmiocie. Cortex-M.<a class=\"read-more\" href=\"https:\/\/we.pb.edu.pl\/kfeits\/krzysztof-konopko\/eit1s\/systemy-mikroprocesorowe\/\" title=\"Poka\u017c artyku\u0142 Systemy mikroprocesorowe w zastosowaniach przemys\u0142owych i sieciowych\">wi\u0119cej<\/a><\/p>\n","protected":false},"author":20,"featured_media":0,"parent":4393,"menu_order":0,"comment_status":"closed","ping_status":"closed","template":"","meta":{"inline_featured_image":false,"ngg_post_thumbnail":0,"footnotes":""},"class_list":["post-967","page","type-page","status-publish","hentry"],"acf":[],"yoast_head":"<!-- This site is optimized with the Yoast SEO plugin v26.4 - https:\/\/yoast.com\/wordpress\/plugins\/seo\/ -->\n<title>Systemy mikroprocesorowe w zastosowaniach przemys\u0142owych i sieciowych - Katedra Fotoniki, Elektroniki i Techniki \u015awietlnej<\/title>\n<meta name=\"robots\" content=\"index, follow, max-snippet:-1, max-image-preview:large, max-video-preview:-1\" \/>\n<link rel=\"canonical\" href=\"https:\/\/we.pb.edu.pl\/kfeits\/krzysztof-konopko\/eit1s\/systemy-mikroprocesorowe\/\" \/>\n<meta property=\"og:locale\" content=\"pl_PL\" \/>\n<meta property=\"og:type\" content=\"article\" \/>\n<meta property=\"og:title\" content=\"Systemy mikroprocesorowe w zastosowaniach przemys\u0142owych i sieciowych - Katedra Fotoniki, Elektroniki i Techniki \u015awietlnej\" \/>\n<meta property=\"og:description\" content=\"ul. Zwierzyniecka 10, 15-351 Bia\u0142ystok, s. CBD-32 prowadz\u0105cy: Krzysztof Konopko Wyk\u0142ady: Informacje o przedmiocie. Cortex-M.wi\u0119cej\" \/>\n<meta property=\"og:url\" content=\"https:\/\/we.pb.edu.pl\/kfeits\/krzysztof-konopko\/eit1s\/systemy-mikroprocesorowe\/\" \/>\n<meta property=\"og:site_name\" content=\"Katedra Fotoniki, Elektroniki i Techniki \u015awietlnej\" \/>\n<meta property=\"article:modified_time\" content=\"2025-01-15T06:55:09+00:00\" \/>\n<meta name=\"twitter:card\" content=\"summary_large_image\" \/>\n<meta name=\"twitter:label1\" content=\"Szacowany czas czytania\" \/>\n\t<meta name=\"twitter:data1\" content=\"2 minuty\" \/>\n<script type=\"application\/ld+json\" class=\"yoast-schema-graph\">{\"@context\":\"https:\/\/schema.org\",\"@graph\":[{\"@type\":\"WebPage\",\"@id\":\"https:\/\/we.pb.edu.pl\/kfeits\/krzysztof-konopko\/eit1s\/systemy-mikroprocesorowe\/\",\"url\":\"https:\/\/we.pb.edu.pl\/kfeits\/krzysztof-konopko\/eit1s\/systemy-mikroprocesorowe\/\",\"name\":\"Systemy mikroprocesorowe w zastosowaniach przemys\u0142owych i sieciowych - Katedra Fotoniki, Elektroniki i Techniki \u015awietlnej\",\"isPartOf\":{\"@id\":\"https:\/\/we.pb.edu.pl\/kfeits\/#website\"},\"datePublished\":\"2019-02-25T23:11:23+00:00\",\"dateModified\":\"2025-01-15T06:55:09+00:00\",\"breadcrumb\":{\"@id\":\"https:\/\/we.pb.edu.pl\/kfeits\/krzysztof-konopko\/eit1s\/systemy-mikroprocesorowe\/#breadcrumb\"},\"inLanguage\":\"pl-PL\",\"potentialAction\":[{\"@type\":\"ReadAction\",\"target\":[\"https:\/\/we.pb.edu.pl\/kfeits\/krzysztof-konopko\/eit1s\/systemy-mikroprocesorowe\/\"]}]},{\"@type\":\"BreadcrumbList\",\"@id\":\"https:\/\/we.pb.edu.pl\/kfeits\/krzysztof-konopko\/eit1s\/systemy-mikroprocesorowe\/#breadcrumb\",\"itemListElement\":[{\"@type\":\"ListItem\",\"position\":1,\"name\":\"Strona g\u0142\u00f3wna\",\"item\":\"https:\/\/we.pb.edu.pl\/kfeits\/\"},{\"@type\":\"ListItem\",\"position\":2,\"name\":\"dr in\u017c. Krzysztof Konopko\",\"item\":\"https:\/\/we.pb.edu.pl\/kfeits\/krzysztof-konopko\/\"},{\"@type\":\"ListItem\",\"position\":3,\"name\":\"EiT1S\",\"item\":\"https:\/\/we.pb.edu.pl\/kfeits\/krzysztof-konopko\/eit1s\/\"},{\"@type\":\"ListItem\",\"position\":4,\"name\":\"Systemy mikroprocesorowe w zastosowaniach przemys\u0142owych i sieciowych\"}]},{\"@type\":\"WebSite\",\"@id\":\"https:\/\/we.pb.edu.pl\/kfeits\/#website\",\"url\":\"https:\/\/we.pb.edu.pl\/kfeits\/\",\"name\":\"Katedra Fotoniki, Elektroniki i Techniki \u015awietlnej\",\"description\":\"\",\"potentialAction\":[{\"@type\":\"SearchAction\",\"target\":{\"@type\":\"EntryPoint\",\"urlTemplate\":\"https:\/\/we.pb.edu.pl\/kfeits\/?s={search_term_string}\"},\"query-input\":{\"@type\":\"PropertyValueSpecification\",\"valueRequired\":true,\"valueName\":\"search_term_string\"}}],\"inLanguage\":\"pl-PL\"}]}<\/script>\n<!-- \/ Yoast SEO plugin. -->","yoast_head_json":{"title":"Systemy mikroprocesorowe w zastosowaniach przemys\u0142owych i sieciowych - Katedra Fotoniki, Elektroniki i Techniki \u015awietlnej","robots":{"index":"index","follow":"follow","max-snippet":"max-snippet:-1","max-image-preview":"max-image-preview:large","max-video-preview":"max-video-preview:-1"},"canonical":"https:\/\/we.pb.edu.pl\/kfeits\/krzysztof-konopko\/eit1s\/systemy-mikroprocesorowe\/","og_locale":"pl_PL","og_type":"article","og_title":"Systemy mikroprocesorowe w zastosowaniach przemys\u0142owych i sieciowych - Katedra Fotoniki, Elektroniki i Techniki \u015awietlnej","og_description":"ul. Zwierzyniecka 10, 15-351 Bia\u0142ystok, s. CBD-32 prowadz\u0105cy: Krzysztof Konopko Wyk\u0142ady: Informacje o przedmiocie. Cortex-M.wi\u0119cej","og_url":"https:\/\/we.pb.edu.pl\/kfeits\/krzysztof-konopko\/eit1s\/systemy-mikroprocesorowe\/","og_site_name":"Katedra Fotoniki, Elektroniki i Techniki \u015awietlnej","article_modified_time":"2025-01-15T06:55:09+00:00","twitter_card":"summary_large_image","twitter_misc":{"Szacowany czas czytania":"2 minuty"},"schema":{"@context":"https:\/\/schema.org","@graph":[{"@type":"WebPage","@id":"https:\/\/we.pb.edu.pl\/kfeits\/krzysztof-konopko\/eit1s\/systemy-mikroprocesorowe\/","url":"https:\/\/we.pb.edu.pl\/kfeits\/krzysztof-konopko\/eit1s\/systemy-mikroprocesorowe\/","name":"Systemy mikroprocesorowe w zastosowaniach przemys\u0142owych i sieciowych - Katedra Fotoniki, Elektroniki i Techniki \u015awietlnej","isPartOf":{"@id":"https:\/\/we.pb.edu.pl\/kfeits\/#website"},"datePublished":"2019-02-25T23:11:23+00:00","dateModified":"2025-01-15T06:55:09+00:00","breadcrumb":{"@id":"https:\/\/we.pb.edu.pl\/kfeits\/krzysztof-konopko\/eit1s\/systemy-mikroprocesorowe\/#breadcrumb"},"inLanguage":"pl-PL","potentialAction":[{"@type":"ReadAction","target":["https:\/\/we.pb.edu.pl\/kfeits\/krzysztof-konopko\/eit1s\/systemy-mikroprocesorowe\/"]}]},{"@type":"BreadcrumbList","@id":"https:\/\/we.pb.edu.pl\/kfeits\/krzysztof-konopko\/eit1s\/systemy-mikroprocesorowe\/#breadcrumb","itemListElement":[{"@type":"ListItem","position":1,"name":"Strona g\u0142\u00f3wna","item":"https:\/\/we.pb.edu.pl\/kfeits\/"},{"@type":"ListItem","position":2,"name":"dr in\u017c. Krzysztof Konopko","item":"https:\/\/we.pb.edu.pl\/kfeits\/krzysztof-konopko\/"},{"@type":"ListItem","position":3,"name":"EiT1S","item":"https:\/\/we.pb.edu.pl\/kfeits\/krzysztof-konopko\/eit1s\/"},{"@type":"ListItem","position":4,"name":"Systemy mikroprocesorowe w zastosowaniach przemys\u0142owych i sieciowych"}]},{"@type":"WebSite","@id":"https:\/\/we.pb.edu.pl\/kfeits\/#website","url":"https:\/\/we.pb.edu.pl\/kfeits\/","name":"Katedra Fotoniki, Elektroniki i Techniki \u015awietlnej","description":"","potentialAction":[{"@type":"SearchAction","target":{"@type":"EntryPoint","urlTemplate":"https:\/\/we.pb.edu.pl\/kfeits\/?s={search_term_string}"},"query-input":{"@type":"PropertyValueSpecification","valueRequired":true,"valueName":"search_term_string"}}],"inLanguage":"pl-PL"}]}},"_links":{"self":[{"href":"https:\/\/we.pb.edu.pl\/kfeits\/wp-json\/wp\/v2\/pages\/967","targetHints":{"allow":["GET"]}}],"collection":[{"href":"https:\/\/we.pb.edu.pl\/kfeits\/wp-json\/wp\/v2\/pages"}],"about":[{"href":"https:\/\/we.pb.edu.pl\/kfeits\/wp-json\/wp\/v2\/types\/page"}],"author":[{"embeddable":true,"href":"https:\/\/we.pb.edu.pl\/kfeits\/wp-json\/wp\/v2\/users\/20"}],"replies":[{"embeddable":true,"href":"https:\/\/we.pb.edu.pl\/kfeits\/wp-json\/wp\/v2\/comments?post=967"}],"version-history":[{"count":149,"href":"https:\/\/we.pb.edu.pl\/kfeits\/wp-json\/wp\/v2\/pages\/967\/revisions"}],"predecessor-version":[{"id":5576,"href":"https:\/\/we.pb.edu.pl\/kfeits\/wp-json\/wp\/v2\/pages\/967\/revisions\/5576"}],"up":[{"embeddable":true,"href":"https:\/\/we.pb.edu.pl\/kfeits\/wp-json\/wp\/v2\/pages\/4393"}],"wp:attachment":[{"href":"https:\/\/we.pb.edu.pl\/kfeits\/wp-json\/wp\/v2\/media?parent=967"}],"curies":[{"name":"wp","href":"https:\/\/api.w.org\/{rel}","templated":true}]}}