{"id":788,"date":"2018-11-23T18:02:04","date_gmt":"2018-11-23T17:02:04","guid":{"rendered":"https:\/\/we.pb.edu.pl\/ktiae\/?page_id=788"},"modified":"2025-11-23T13:34:08","modified_gmt":"2025-11-23T12:34:08","slug":"w-sieci-rzeczy","status":"publish","type":"page","link":"https:\/\/we.pb.edu.pl\/kfeits\/w-sieci-rzeczy\/","title":{"rendered":"Ko\u0142o Naukowe System\u00f3w Wbudowanych &#8222;W sieci rzeczy&#8221;"},"content":{"rendered":"<ul class=\"nav nav-pills\">\n<li><a href=\"\/kfeits\/w-sieci-rzeczy\/\"> Strona Ko\u0142a <\/a><\/li>\n<li><a href=\"\/kfeits\/w-sieci-rzeczy\/aktualnosci\/\"> Aktualno\u015bci <\/a><\/li>\n<li><a href=\"\/kfeits\/w-sieci-rzeczy\/czlonkowie\/\"> Cz\u0142onkowie <\/a><\/li>\n<li><a href=\"\/kfeits\/w-sieci-rzeczy\/materialy\/\"> Materia\u0142y <\/a><\/li>\n<li><a href=\"\/kfeits\/w-sieci-rzeczy\/projekty\/\"> Projekty <\/a><\/li>\n<li><a href=\"\/kfeits\/w-sieci-rzeczy\/warsztaty\/\"> Warsztaty <\/a><\/li>\n<li><a href=\"\/kfeits\/w-sieci-rzeczy\/partnerzy\/\"> Partnerzy <\/a><\/li>\n<li><a href=\"\/kfeits\/w-sieci-rzeczy\/kontakt\/\"> Kontakt<\/a><\/li>\n<\/ul>\n<p>&nbsp;<\/p>\n<hr \/>\n<div class=\"row\">\n<div class=\"col-md-2\">\n<img loading=\"lazy\" decoding=\"async\" class=\"alignnone wp-image-5679 size-medium\" src=\"https:\/\/we.pb.edu.pl\/kfeits\/wp-content\/uploads\/sites\/5\/2025\/03\/logoWSieciRzeczy3v1_kreski-300x300.png\" alt=\"\" width=\"300\" height=\"300\" srcset=\"https:\/\/we.pb.edu.pl\/kfeits\/wp-content\/uploads\/sites\/5\/2025\/03\/logoWSieciRzeczy3v1_kreski-300x300.png 300w, https:\/\/we.pb.edu.pl\/kfeits\/wp-content\/uploads\/sites\/5\/2025\/03\/logoWSieciRzeczy3v1_kreski-1024x1024.png 1024w, https:\/\/we.pb.edu.pl\/kfeits\/wp-content\/uploads\/sites\/5\/2025\/03\/logoWSieciRzeczy3v1_kreski-150x150.png 150w, https:\/\/we.pb.edu.pl\/kfeits\/wp-content\/uploads\/sites\/5\/2025\/03\/logoWSieciRzeczy3v1_kreski-768x768.png 768w, https:\/\/we.pb.edu.pl\/kfeits\/wp-content\/uploads\/sites\/5\/2025\/03\/logoWSieciRzeczy3v1_kreski.png 1123w\" sizes=\"auto, (max-width: 300px) 100vw, 300px\" \/><br \/>\n<\/div>\n<div class=\"\">\nKo\u0142o Naukowe System\u00f3w Wbudowanych &#8222;W sieci rzeczy&#8221; jest organizacj\u0105 tw\u00f3rcz\u0105 o charakterze naukowo-technicznym, b\u0119d\u0105c\u0105 dobrowolnym zrzeszeniem student\u00f3w Wydzia\u0142u Elektrycznego Politechniki Bia\u0142ostockiej wszystkich kierunk\u00f3w i specjalno\u015bci oraz student\u00f3w zainteresowanych dzia\u0142alno\u015bci\u0105 Ko\u0142a Naukowego.<\/p>\n<p>Ko\u0142o Naukowe dzia\u0142a przy Wydziale Elektrycznym Politechniki Bia\u0142ostockiej i jest afiliowane przez Katedr\u0119 Fotoniki, Elektroniki i Techniki \u015awietlnej.<br \/>\n<\/div>\n<\/div>\n<div class=\"row\">\n<div class=\"\">\nCelem Ko\u0142a jest:<\/p>\n<ol style=\"list-style-type: lower-alpha\">\n<li>stwarzanie form organizacyjnych sprzyjaj\u0105cych rozwojowi pracy naukowej, tw\u00f3rczej inicjatywie oraz swobodnej wymianie pogl\u0105d\u00f3w naukowych;<\/li>\n<li>realizacja prac badawczych cz\u0142onk\u00f3w ko\u0142a w zakresie konstrukcji i programowania system\u00f3w wbudowanych, \u00a0internetu rzeczy (IoT, Internet of Things) i radia programowalnego (SDR, Software Defined Radio);<\/li>\n<li>realizacja projekt\u00f3w zwi\u0105zanych z zastosowaniem system\u00f3w wbudowanych i internetu rzeczy w wybranych zagadnieniach;<\/li>\n<li>realizacja projekt\u00f3w ukierunkowanych na opracowanie wybranych element\u00f3w technologii i zastosowanie radia programowalnego;<\/li>\n<li>organizowanie spotka\u0144 umo\u017cliwiaj\u0105cych zdobycie wiedzy z zakresu nowoczesnych technologii w wymienionych wy\u017cej dziedzinach oraz prezentowanie ich studentom i pracownikom Wydzia\u0142u Elektrycznego Politechniki Bia\u0142ostockiej;<\/li>\n<li>promocja Politechniki Bia\u0142ostockiej na imprezach organizowanych przez Uczelni\u0119 i inne o\u015brodki akademickie;<\/li>\n<li>integracja \u015brodowiska studenckiego i naukowego.<\/li>\n<\/ol>\n<\/div>\n<\/div>\n","protected":false},"excerpt":{"rendered":"<p>&nbsp;<\/p>\n","protected":false},"author":20,"featured_media":0,"parent":0,"menu_order":0,"comment_status":"closed","ping_status":"closed","template":"","meta":{"inline_featured_image":false,"ngg_post_thumbnail":0,"footnotes":""},"class_list":["post-788","page","type-page","status-publish","hentry"],"acf":[],"yoast_head":"<!-- This site is optimized with the Yoast SEO plugin v26.4 - https:\/\/yoast.com\/wordpress\/plugins\/seo\/ -->\n<title>Ko\u0142o Naukowe System\u00f3w Wbudowanych &quot;W sieci rzeczy&quot; - Katedra Fotoniki, Elektroniki i Techniki \u015awietlnej<\/title>\n<meta name=\"robots\" content=\"index, follow, max-snippet:-1, max-image-preview:large, max-video-preview:-1\" \/>\n<link rel=\"canonical\" href=\"https:\/\/we.pb.edu.pl\/kfeits\/w-sieci-rzeczy\/\" \/>\n<meta property=\"og:locale\" content=\"pl_PL\" \/>\n<meta property=\"og:type\" content=\"article\" \/>\n<meta property=\"og:title\" content=\"Ko\u0142o Naukowe System\u00f3w Wbudowanych &quot;W sieci rzeczy&quot; - Katedra Fotoniki, Elektroniki i Techniki \u015awietlnej\" \/>\n<meta property=\"og:description\" content=\"&nbsp;\" \/>\n<meta property=\"og:url\" content=\"https:\/\/we.pb.edu.pl\/kfeits\/w-sieci-rzeczy\/\" \/>\n<meta property=\"og:site_name\" content=\"Katedra Fotoniki, Elektroniki i Techniki \u015awietlnej\" \/>\n<meta property=\"article:modified_time\" content=\"2025-11-23T12:34:08+00:00\" \/>\n<meta property=\"og:image\" content=\"https:\/\/we.pb.edu.pl\/kfeits\/wp-content\/uploads\/sites\/5\/2025\/03\/logoWSieciRzeczy3v1_kreski.png\" \/>\n\t<meta property=\"og:image:width\" content=\"1123\" \/>\n\t<meta property=\"og:image:height\" content=\"1123\" \/>\n\t<meta property=\"og:image:type\" content=\"image\/png\" \/>\n<meta name=\"twitter:card\" content=\"summary_large_image\" \/>\n<meta name=\"twitter:label1\" content=\"Szacowany czas czytania\" \/>\n\t<meta name=\"twitter:data1\" content=\"2 minuty\" \/>\n<script type=\"application\/ld+json\" class=\"yoast-schema-graph\">{\"@context\":\"https:\/\/schema.org\",\"@graph\":[{\"@type\":\"WebPage\",\"@id\":\"https:\/\/we.pb.edu.pl\/kfeits\/w-sieci-rzeczy\/\",\"url\":\"https:\/\/we.pb.edu.pl\/kfeits\/w-sieci-rzeczy\/\",\"name\":\"Ko\u0142o Naukowe System\u00f3w Wbudowanych \\\"W sieci rzeczy\\\" - Katedra Fotoniki, Elektroniki i Techniki \u015awietlnej\",\"isPartOf\":{\"@id\":\"https:\/\/we.pb.edu.pl\/kfeits\/#website\"},\"primaryImageOfPage\":{\"@id\":\"https:\/\/we.pb.edu.pl\/kfeits\/w-sieci-rzeczy\/#primaryimage\"},\"image\":{\"@id\":\"https:\/\/we.pb.edu.pl\/kfeits\/w-sieci-rzeczy\/#primaryimage\"},\"thumbnailUrl\":\"https:\/\/we.pb.edu.pl\/kfeits\/wp-content\/uploads\/sites\/5\/2025\/03\/logoWSieciRzeczy3v1_kreski-300x300.png\",\"datePublished\":\"2018-11-23T17:02:04+00:00\",\"dateModified\":\"2025-11-23T12:34:08+00:00\",\"breadcrumb\":{\"@id\":\"https:\/\/we.pb.edu.pl\/kfeits\/w-sieci-rzeczy\/#breadcrumb\"},\"inLanguage\":\"pl-PL\",\"potentialAction\":[{\"@type\":\"ReadAction\",\"target\":[\"https:\/\/we.pb.edu.pl\/kfeits\/w-sieci-rzeczy\/\"]}]},{\"@type\":\"ImageObject\",\"inLanguage\":\"pl-PL\",\"@id\":\"https:\/\/we.pb.edu.pl\/kfeits\/w-sieci-rzeczy\/#primaryimage\",\"url\":\"https:\/\/we.pb.edu.pl\/kfeits\/wp-content\/uploads\/sites\/5\/2025\/03\/logoWSieciRzeczy3v1_kreski.png\",\"contentUrl\":\"https:\/\/we.pb.edu.pl\/kfeits\/wp-content\/uploads\/sites\/5\/2025\/03\/logoWSieciRzeczy3v1_kreski.png\",\"width\":1123,\"height\":1123},{\"@type\":\"BreadcrumbList\",\"@id\":\"https:\/\/we.pb.edu.pl\/kfeits\/w-sieci-rzeczy\/#breadcrumb\",\"itemListElement\":[{\"@type\":\"ListItem\",\"position\":1,\"name\":\"Strona g\u0142\u00f3wna\",\"item\":\"https:\/\/we.pb.edu.pl\/kfeits\/\"},{\"@type\":\"ListItem\",\"position\":2,\"name\":\"Ko\u0142o Naukowe System\u00f3w Wbudowanych &#8222;W sieci rzeczy&#8221;\"}]},{\"@type\":\"WebSite\",\"@id\":\"https:\/\/we.pb.edu.pl\/kfeits\/#website\",\"url\":\"https:\/\/we.pb.edu.pl\/kfeits\/\",\"name\":\"Katedra Fotoniki, Elektroniki i Techniki \u015awietlnej\",\"description\":\"\",\"potentialAction\":[{\"@type\":\"SearchAction\",\"target\":{\"@type\":\"EntryPoint\",\"urlTemplate\":\"https:\/\/we.pb.edu.pl\/kfeits\/?s={search_term_string}\"},\"query-input\":{\"@type\":\"PropertyValueSpecification\",\"valueRequired\":true,\"valueName\":\"search_term_string\"}}],\"inLanguage\":\"pl-PL\"}]}<\/script>\n<!-- \/ Yoast SEO plugin. -->","yoast_head_json":{"title":"Ko\u0142o Naukowe System\u00f3w Wbudowanych \"W sieci rzeczy\" - Katedra Fotoniki, Elektroniki i Techniki \u015awietlnej","robots":{"index":"index","follow":"follow","max-snippet":"max-snippet:-1","max-image-preview":"max-image-preview:large","max-video-preview":"max-video-preview:-1"},"canonical":"https:\/\/we.pb.edu.pl\/kfeits\/w-sieci-rzeczy\/","og_locale":"pl_PL","og_type":"article","og_title":"Ko\u0142o Naukowe System\u00f3w Wbudowanych \"W sieci rzeczy\" - Katedra Fotoniki, Elektroniki i Techniki \u015awietlnej","og_description":"&nbsp;","og_url":"https:\/\/we.pb.edu.pl\/kfeits\/w-sieci-rzeczy\/","og_site_name":"Katedra Fotoniki, Elektroniki i Techniki \u015awietlnej","article_modified_time":"2025-11-23T12:34:08+00:00","og_image":[{"width":1123,"height":1123,"url":"https:\/\/we.pb.edu.pl\/kfeits\/wp-content\/uploads\/sites\/5\/2025\/03\/logoWSieciRzeczy3v1_kreski.png","type":"image\/png"}],"twitter_card":"summary_large_image","twitter_misc":{"Szacowany czas czytania":"2 minuty"},"schema":{"@context":"https:\/\/schema.org","@graph":[{"@type":"WebPage","@id":"https:\/\/we.pb.edu.pl\/kfeits\/w-sieci-rzeczy\/","url":"https:\/\/we.pb.edu.pl\/kfeits\/w-sieci-rzeczy\/","name":"Ko\u0142o Naukowe System\u00f3w Wbudowanych \"W sieci rzeczy\" - Katedra Fotoniki, Elektroniki i Techniki \u015awietlnej","isPartOf":{"@id":"https:\/\/we.pb.edu.pl\/kfeits\/#website"},"primaryImageOfPage":{"@id":"https:\/\/we.pb.edu.pl\/kfeits\/w-sieci-rzeczy\/#primaryimage"},"image":{"@id":"https:\/\/we.pb.edu.pl\/kfeits\/w-sieci-rzeczy\/#primaryimage"},"thumbnailUrl":"https:\/\/we.pb.edu.pl\/kfeits\/wp-content\/uploads\/sites\/5\/2025\/03\/logoWSieciRzeczy3v1_kreski-300x300.png","datePublished":"2018-11-23T17:02:04+00:00","dateModified":"2025-11-23T12:34:08+00:00","breadcrumb":{"@id":"https:\/\/we.pb.edu.pl\/kfeits\/w-sieci-rzeczy\/#breadcrumb"},"inLanguage":"pl-PL","potentialAction":[{"@type":"ReadAction","target":["https:\/\/we.pb.edu.pl\/kfeits\/w-sieci-rzeczy\/"]}]},{"@type":"ImageObject","inLanguage":"pl-PL","@id":"https:\/\/we.pb.edu.pl\/kfeits\/w-sieci-rzeczy\/#primaryimage","url":"https:\/\/we.pb.edu.pl\/kfeits\/wp-content\/uploads\/sites\/5\/2025\/03\/logoWSieciRzeczy3v1_kreski.png","contentUrl":"https:\/\/we.pb.edu.pl\/kfeits\/wp-content\/uploads\/sites\/5\/2025\/03\/logoWSieciRzeczy3v1_kreski.png","width":1123,"height":1123},{"@type":"BreadcrumbList","@id":"https:\/\/we.pb.edu.pl\/kfeits\/w-sieci-rzeczy\/#breadcrumb","itemListElement":[{"@type":"ListItem","position":1,"name":"Strona g\u0142\u00f3wna","item":"https:\/\/we.pb.edu.pl\/kfeits\/"},{"@type":"ListItem","position":2,"name":"Ko\u0142o Naukowe System\u00f3w Wbudowanych &#8222;W sieci rzeczy&#8221;"}]},{"@type":"WebSite","@id":"https:\/\/we.pb.edu.pl\/kfeits\/#website","url":"https:\/\/we.pb.edu.pl\/kfeits\/","name":"Katedra Fotoniki, Elektroniki i Techniki \u015awietlnej","description":"","potentialAction":[{"@type":"SearchAction","target":{"@type":"EntryPoint","urlTemplate":"https:\/\/we.pb.edu.pl\/kfeits\/?s={search_term_string}"},"query-input":{"@type":"PropertyValueSpecification","valueRequired":true,"valueName":"search_term_string"}}],"inLanguage":"pl-PL"}]}},"_links":{"self":[{"href":"https:\/\/we.pb.edu.pl\/kfeits\/wp-json\/wp\/v2\/pages\/788","targetHints":{"allow":["GET"]}}],"collection":[{"href":"https:\/\/we.pb.edu.pl\/kfeits\/wp-json\/wp\/v2\/pages"}],"about":[{"href":"https:\/\/we.pb.edu.pl\/kfeits\/wp-json\/wp\/v2\/types\/page"}],"author":[{"embeddable":true,"href":"https:\/\/we.pb.edu.pl\/kfeits\/wp-json\/wp\/v2\/users\/20"}],"replies":[{"embeddable":true,"href":"https:\/\/we.pb.edu.pl\/kfeits\/wp-json\/wp\/v2\/comments?post=788"}],"version-history":[{"count":24,"href":"https:\/\/we.pb.edu.pl\/kfeits\/wp-json\/wp\/v2\/pages\/788\/revisions"}],"predecessor-version":[{"id":6068,"href":"https:\/\/we.pb.edu.pl\/kfeits\/wp-json\/wp\/v2\/pages\/788\/revisions\/6068"}],"wp:attachment":[{"href":"https:\/\/we.pb.edu.pl\/kfeits\/wp-json\/wp\/v2\/media?parent=788"}],"curies":[{"name":"wp","href":"https:\/\/api.w.org\/{rel}","templated":true}]}}