{"id":772,"date":"2018-11-14T11:54:52","date_gmt":"2018-11-14T10:54:52","guid":{"rendered":"https:\/\/we.pb.edu.pl\/ktiae\/?page_id=772"},"modified":"2018-11-14T12:11:55","modified_gmt":"2018-11-14T11:11:55","slug":"teoria-informacji-i-kodowania","status":"publish","type":"page","link":"https:\/\/we.pb.edu.pl\/kfeits\/teoria-informacji-i-kodowania\/","title":{"rendered":"Teoria Informacji i Kodowania"},"content":{"rendered":"<h3>Pracownia specjalistyczna, studia niestacjonarne<\/h3>\n<h4>Instrukcje do \u0107wicze\u0144<\/h4>\n<ul>\n<li><a href=\"https:\/\/box.biaman.pl\/f\/d9dd289c114040fbb3bb\/?raw=1&amp;ext=.pdf\">Instrukcja do \u0107wiczenia 1\/2<\/a><\/li>\n<li><a href=\"https:\/\/box.biaman.pl\/f\/1db487e7725a4ac7b66e\/?raw=1&amp;ext=.pdf\">Instrukcja do \u0107wiczenia 3\/4<\/a><\/li>\n<li><a href=\"https:\/\/box.biaman.pl\/f\/5ec3eda2d24146d58c5c\/?raw=1&amp;ext=.pdf\">Instrukcja do \u0107wiczenia 5\/6\/7<\/a><\/li>\n<li><a href=\"https:\/\/box.biaman.pl\/f\/865788cbd7044afe95d8\/?raw=1&amp;ext=.pdf\">Instrukcja do \u0107wiczenia 8\/9<\/a><\/li>\n<\/ul>\n","protected":false},"excerpt":{"rendered":"<p>Pracownia specjalistyczna, studia niestacjonarne Instrukcje do \u0107wicze\u0144 Instrukcja do \u0107wiczenia 1\/2 Instrukcja do \u0107wiczenia 3\/4<a class=\"read-more\" href=\"https:\/\/we.pb.edu.pl\/kfeits\/teoria-informacji-i-kodowania\/\" title=\"Poka\u017c artyku\u0142 Teoria Informacji i Kodowania\">wi\u0119cej<\/a><\/p>\n","protected":false},"author":26,"featured_media":0,"parent":0,"menu_order":0,"comment_status":"closed","ping_status":"closed","template":"","meta":{"inline_featured_image":false,"ngg_post_thumbnail":0,"footnotes":""},"class_list":["post-772","page","type-page","status-publish","hentry"],"acf":[],"yoast_head":"<!-- This site is optimized with the Yoast SEO plugin v26.4 - https:\/\/yoast.com\/wordpress\/plugins\/seo\/ -->\n<title>Teoria Informacji i Kodowania - Katedra Fotoniki, Elektroniki i Techniki \u015awietlnej<\/title>\n<meta name=\"robots\" content=\"index, follow, max-snippet:-1, max-image-preview:large, max-video-preview:-1\" \/>\n<link rel=\"canonical\" href=\"https:\/\/we.pb.edu.pl\/kfeits\/ewa-swiercz__trashed\/teoria-informacji-i-kodowania\/\" \/>\n<meta property=\"og:locale\" content=\"pl_PL\" \/>\n<meta property=\"og:type\" content=\"article\" \/>\n<meta property=\"og:title\" content=\"Teoria Informacji i Kodowania - Katedra Fotoniki, Elektroniki i Techniki \u015awietlnej\" \/>\n<meta property=\"og:description\" content=\"Pracownia specjalistyczna, studia niestacjonarne Instrukcje do \u0107wicze\u0144 Instrukcja do \u0107wiczenia 1\/2 Instrukcja do \u0107wiczenia 3\/4wi\u0119cej\" \/>\n<meta property=\"og:url\" content=\"https:\/\/we.pb.edu.pl\/kfeits\/ewa-swiercz__trashed\/teoria-informacji-i-kodowania\/\" \/>\n<meta property=\"og:site_name\" content=\"Katedra Fotoniki, Elektroniki i Techniki \u015awietlnej\" \/>\n<meta property=\"article:modified_time\" content=\"2018-11-14T11:11:55+00:00\" \/>\n<meta name=\"twitter:card\" content=\"summary_large_image\" \/>\n<script type=\"application\/ld+json\" class=\"yoast-schema-graph\">{\"@context\":\"https:\/\/schema.org\",\"@graph\":[{\"@type\":\"WebPage\",\"@id\":\"https:\/\/we.pb.edu.pl\/kfeits\/ewa-swiercz__trashed\/teoria-informacji-i-kodowania\/\",\"url\":\"https:\/\/we.pb.edu.pl\/kfeits\/ewa-swiercz__trashed\/teoria-informacji-i-kodowania\/\",\"name\":\"Teoria Informacji i Kodowania - Katedra Fotoniki, Elektroniki i Techniki \u015awietlnej\",\"isPartOf\":{\"@id\":\"https:\/\/we.pb.edu.pl\/kfeits\/#website\"},\"datePublished\":\"2018-11-14T10:54:52+00:00\",\"dateModified\":\"2018-11-14T11:11:55+00:00\",\"breadcrumb\":{\"@id\":\"https:\/\/we.pb.edu.pl\/kfeits\/ewa-swiercz__trashed\/teoria-informacji-i-kodowania\/#breadcrumb\"},\"inLanguage\":\"pl-PL\",\"potentialAction\":[{\"@type\":\"ReadAction\",\"target\":[\"https:\/\/we.pb.edu.pl\/kfeits\/ewa-swiercz__trashed\/teoria-informacji-i-kodowania\/\"]}]},{\"@type\":\"BreadcrumbList\",\"@id\":\"https:\/\/we.pb.edu.pl\/kfeits\/ewa-swiercz__trashed\/teoria-informacji-i-kodowania\/#breadcrumb\",\"itemListElement\":[{\"@type\":\"ListItem\",\"position\":1,\"name\":\"Strona g\u0142\u00f3wna\",\"item\":\"https:\/\/we.pb.edu.pl\/kfeits\/\"},{\"@type\":\"ListItem\",\"position\":2,\"name\":\"Teoria Informacji i Kodowania\"}]},{\"@type\":\"WebSite\",\"@id\":\"https:\/\/we.pb.edu.pl\/kfeits\/#website\",\"url\":\"https:\/\/we.pb.edu.pl\/kfeits\/\",\"name\":\"Katedra Fotoniki, Elektroniki i Techniki \u015awietlnej\",\"description\":\"\",\"potentialAction\":[{\"@type\":\"SearchAction\",\"target\":{\"@type\":\"EntryPoint\",\"urlTemplate\":\"https:\/\/we.pb.edu.pl\/kfeits\/?s={search_term_string}\"},\"query-input\":{\"@type\":\"PropertyValueSpecification\",\"valueRequired\":true,\"valueName\":\"search_term_string\"}}],\"inLanguage\":\"pl-PL\"}]}<\/script>\n<!-- \/ Yoast SEO plugin. -->","yoast_head_json":{"title":"Teoria Informacji i Kodowania - Katedra Fotoniki, Elektroniki i Techniki \u015awietlnej","robots":{"index":"index","follow":"follow","max-snippet":"max-snippet:-1","max-image-preview":"max-image-preview:large","max-video-preview":"max-video-preview:-1"},"canonical":"https:\/\/we.pb.edu.pl\/kfeits\/ewa-swiercz__trashed\/teoria-informacji-i-kodowania\/","og_locale":"pl_PL","og_type":"article","og_title":"Teoria Informacji i Kodowania - Katedra Fotoniki, Elektroniki i Techniki \u015awietlnej","og_description":"Pracownia specjalistyczna, studia niestacjonarne Instrukcje do \u0107wicze\u0144 Instrukcja do \u0107wiczenia 1\/2 Instrukcja do \u0107wiczenia 3\/4wi\u0119cej","og_url":"https:\/\/we.pb.edu.pl\/kfeits\/ewa-swiercz__trashed\/teoria-informacji-i-kodowania\/","og_site_name":"Katedra Fotoniki, Elektroniki i Techniki \u015awietlnej","article_modified_time":"2018-11-14T11:11:55+00:00","twitter_card":"summary_large_image","schema":{"@context":"https:\/\/schema.org","@graph":[{"@type":"WebPage","@id":"https:\/\/we.pb.edu.pl\/kfeits\/ewa-swiercz__trashed\/teoria-informacji-i-kodowania\/","url":"https:\/\/we.pb.edu.pl\/kfeits\/ewa-swiercz__trashed\/teoria-informacji-i-kodowania\/","name":"Teoria Informacji i Kodowania - Katedra Fotoniki, Elektroniki i Techniki \u015awietlnej","isPartOf":{"@id":"https:\/\/we.pb.edu.pl\/kfeits\/#website"},"datePublished":"2018-11-14T10:54:52+00:00","dateModified":"2018-11-14T11:11:55+00:00","breadcrumb":{"@id":"https:\/\/we.pb.edu.pl\/kfeits\/ewa-swiercz__trashed\/teoria-informacji-i-kodowania\/#breadcrumb"},"inLanguage":"pl-PL","potentialAction":[{"@type":"ReadAction","target":["https:\/\/we.pb.edu.pl\/kfeits\/ewa-swiercz__trashed\/teoria-informacji-i-kodowania\/"]}]},{"@type":"BreadcrumbList","@id":"https:\/\/we.pb.edu.pl\/kfeits\/ewa-swiercz__trashed\/teoria-informacji-i-kodowania\/#breadcrumb","itemListElement":[{"@type":"ListItem","position":1,"name":"Strona g\u0142\u00f3wna","item":"https:\/\/we.pb.edu.pl\/kfeits\/"},{"@type":"ListItem","position":2,"name":"Teoria Informacji i Kodowania"}]},{"@type":"WebSite","@id":"https:\/\/we.pb.edu.pl\/kfeits\/#website","url":"https:\/\/we.pb.edu.pl\/kfeits\/","name":"Katedra Fotoniki, Elektroniki i Techniki \u015awietlnej","description":"","potentialAction":[{"@type":"SearchAction","target":{"@type":"EntryPoint","urlTemplate":"https:\/\/we.pb.edu.pl\/kfeits\/?s={search_term_string}"},"query-input":{"@type":"PropertyValueSpecification","valueRequired":true,"valueName":"search_term_string"}}],"inLanguage":"pl-PL"}]}},"_links":{"self":[{"href":"https:\/\/we.pb.edu.pl\/kfeits\/wp-json\/wp\/v2\/pages\/772","targetHints":{"allow":["GET"]}}],"collection":[{"href":"https:\/\/we.pb.edu.pl\/kfeits\/wp-json\/wp\/v2\/pages"}],"about":[{"href":"https:\/\/we.pb.edu.pl\/kfeits\/wp-json\/wp\/v2\/types\/page"}],"author":[{"embeddable":true,"href":"https:\/\/we.pb.edu.pl\/kfeits\/wp-json\/wp\/v2\/users\/26"}],"replies":[{"embeddable":true,"href":"https:\/\/we.pb.edu.pl\/kfeits\/wp-json\/wp\/v2\/comments?post=772"}],"version-history":[{"count":4,"href":"https:\/\/we.pb.edu.pl\/kfeits\/wp-json\/wp\/v2\/pages\/772\/revisions"}],"predecessor-version":[{"id":776,"href":"https:\/\/we.pb.edu.pl\/kfeits\/wp-json\/wp\/v2\/pages\/772\/revisions\/776"}],"wp:attachment":[{"href":"https:\/\/we.pb.edu.pl\/kfeits\/wp-json\/wp\/v2\/media?parent=772"}],"curies":[{"name":"wp","href":"https:\/\/api.w.org\/{rel}","templated":true}]}}