{"id":611,"date":"2018-10-24T13:36:50","date_gmt":"2018-10-24T11:36:50","guid":{"rendered":"https:\/\/we.pb.edu.pl\/ktiae\/?page_id=611"},"modified":"2022-10-18T21:16:15","modified_gmt":"2022-10-18T19:16:15","slug":"anteny","status":"publish","type":"page","link":"https:\/\/we.pb.edu.pl\/kfeits\/karol-aniserowicz\/anteny\/","title":{"rendered":"Anteny"},"content":{"rendered":"<h3 style=\"text-align:center\">ANTENY I TRANSMISJA FAL ELEKTROMAGNETYCZNYCH<\/h3>\n<h4 style=\"text-align:center\">Literatura<\/h4>\n<ol class=\"compact\">\n<li> G. Z. Ajzenberg: <i>Anteny kr\u00f3tkofalowe<\/i>, WNT, Warszawa 1968.<\/li>\n<li> J. Bator: <i>Anteny i instalacje antenowe<\/i>, WK\u0141, Warszawa 1981.<\/li>\n<li><b> D. J. Bem: <i>Anteny i rozchodzenie si\u0119 fal radiowych<\/i>, WNT, Warszawa 1973.<\/b><\/li>\n<li> D. J. Bem: <i>Radiodyfuzja satelitarna<\/i>, WK\u0141, Warszawa 1990.<\/li>\n<li> D. J. Bem: <i>Telewizja satelitarna<\/i>, Sigma NOT, Warszawa 1991.<\/li>\n<li> Z. Bie\u0144kowski: <i>Poradnik ultrakr\u00f3tkofalowca<\/i>, WK\u0141, Warszawa 1988.<\/li>\n<li> Z. Bie\u0144kowski, E. Lipi\u0144ski: <i>Amatorskie anteny KF i UKF. Teoria i praktyka<\/i>, WK\u0141, Warszawa 1978.<\/li>\n<li> M. P. Do\u0142uchanow: <i>Propagacja fal radiowych<\/i>, WK\u0141, Warszawa 1975.<\/li>\n<li> S. Hahn: <i>Anteny i propagacja fal. Wybrane wyk\u0142ady i materia\u0142y do \u0107wicze\u0144<\/i>, Wyd. PW, Warszawa 1973.<\/li>\n<li> S. Hahn: <i>Podstawy radiokomunikacji<\/i>, WK\u0141, Warszawa 1964.<\/li>\n<li> A. Janeczek: <i>CB radio<\/i>, WK\u0141, Warszawa 1997.<\/li>\n<li> praca zbior. pod red. L. Knocha: <i>Systemy radiokomunikacji satelitarnej<\/i>, WK\u0141, Warszawa 1980.<\/li>\n<li><b> R. Kubacki: <i>Anteny mikrofalowe. Technika i \u015brodowisko<\/i>, WK\u0141, Warszawa 2008.<\/b><\/li>\n<li> R. Litwin: <i>Teoria pola elektromagnetycznego<\/i>, WNT, Warszawa 1973.<\/li>\n<li> J. Matuszczyk: <i>Poradnik antenowy dla kr\u00f3tkofalowc\u00f3w amator\u00f3w i s\u0142u\u017cb specjalnych<\/i>, WK\u0141, Warszawa 2002.<\/li>\n<li> J. Modelski, E. Jaszczyszyn, H. Chaci\u0144ski, P. Majchrzak: <i>Pomiary parametr\u00f3w anten<\/i>, Oficyna Wydawnicza PW, Warszawa 2004.<\/li>\n<li> praca zbior. pod red. T. Morawskiego: <i>Zbi\u00f3r zada\u0144 z teorii pola elektromagnetycznego<\/i>, WNT, Warszawa 1990.<\/li>\n<li> J. Pieniak: <i>Anteny telewizyjne i radiowe<\/i>, WK\u0141, Warszawa 2004.<\/li>\n<li><b> S. Ros\u0142oniec: <i>Podstawy techniki antenowej<\/i>, Oficyna Wydawnicza PW, Warszawa 2006.<\/b><\/li>\n<li> J. Sz\u00f3stka: <i>Fale i anteny<\/i>, WK\u0141, Warszawa 2006.<\/li>\n<li> praca zbior. pod red. A. Wojnara: <i> Poradnik in\u017cyniera radioelektryka<\/i>, WNT, Warszawa 1969.<\/li>\n<li> W. Zieniutycz: <i>Anteny. Podstawy polowe<\/i>, WK\u0141, Warszawa 2001.<\/li>\n<\/ol>\n<h4 style=\"text-align:center\">PLIKI DO POBRANIA &#8211; DOWNLOADS<\/h4>\n<h4>Materia\u0142y pomocnicze<\/h4>\n<p><a href=\"https:\/\/box.biaman.pl\/f\/9750aa8bd5f845c6b9a3\/?dl=1\">Materia\u0142y pomocnicze do wyk\u0142ad\u00f3w<\/a><br \/>\n<a href=\"https:\/\/box.biaman.pl\/f\/c487986aee8b41c6a710\/?dl=1\">Przypomnienie element\u00f3w teorii linii d\u0142ugiej i teorii pola elektromagnetycznego.<\/a> <br \/>\n<a href=\"https:\/\/box.biaman.pl\/f\/ad878918bf0f4b5da848\/?dl=1\">Pytania egzaminacyjne<\/a><br \/>\n<a href=\"https:\/\/box.biaman.pl\/f\/e8c8c94d62e7435fae60\/?dl=1\">Examples of examination questions for Erasmus students<\/a><br \/>\n<a href=\"https:\/\/box.biaman.pl\/f\/14940f921af04cbcbac3\/?dl=1\">Pytania testowe<\/a><\/p>\n<h4>Materia\u0142y do laboratorium<\/h4>\n<p><a href=\"https:\/\/box.biaman.pl\/f\/9f681a7b0ab946e09fb9\/?dl=1\">Wykres Smitha<\/a> \u2013 slajdy z wyk\u0142adu.<\/p>\n<h4>Materia\u0142y do pracowni komputerowej<\/h4>\n<p><a href=\"https:\/\/box.biaman.pl\/f\/04bcf2d1d2584d51a536\/?dl=1\" target=\"_blank\" rel=\"noopener noreferrer\">4NEC2<\/a> &#8211; NEC based antenna modeler and optimizer, autor: <a href=\"http:\/\/www.qsl.net\/4nec2\/\">Arie Voors<\/a>.<br \/>\n<a href=\"https:\/\/box.biaman.pl\/f\/f74d7c2dca6f4b758cd3\/?dl=1\" target=\"_blank\" rel=\"noopener noreferrer\">ant_prac<\/a> \u2013 pliki pomocnicze.<br \/>\n<a href=\"https:\/\/box.biaman.pl\/f\/94c89b3c6c1c454a9917\/?dl=1\" target=\"_blank\" rel=\"noopener noreferrer\">4NEC2_tutorial<\/a> \u2013 opis pakietu 4nec2.<\/p>\n<p>Zapraszam do zak\u0142adki <a href=\"\/kfeits\/karol-aniserowicz\/linki\/\">Linki<\/a>.<\/p>\n","protected":false},"excerpt":{"rendered":"<p>ANTENY I TRANSMISJA FAL ELEKTROMAGNETYCZNYCH Literatura G. Z. Ajzenberg: Anteny kr\u00f3tkofalowe, WNT, Warszawa 1968. J.<a class=\"read-more\" href=\"https:\/\/we.pb.edu.pl\/kfeits\/karol-aniserowicz\/anteny\/\" title=\"Poka\u017c artyku\u0142 Anteny\">wi\u0119cej<\/a><\/p>\n","protected":false},"author":25,"featured_media":0,"parent":596,"menu_order":0,"comment_status":"closed","ping_status":"closed","template":"","meta":{"inline_featured_image":false,"ngg_post_thumbnail":0,"footnotes":""},"class_list":["post-611","page","type-page","status-publish","hentry"],"acf":[],"yoast_head":"<!-- This site is optimized with the Yoast SEO plugin v26.4 - https:\/\/yoast.com\/wordpress\/plugins\/seo\/ -->\n<title>Anteny - Katedra Fotoniki, Elektroniki i Techniki \u015awietlnej<\/title>\n<meta name=\"robots\" content=\"index, follow, max-snippet:-1, max-image-preview:large, max-video-preview:-1\" \/>\n<link rel=\"canonical\" href=\"https:\/\/we.pb.edu.pl\/kfeits\/karol-aniserowicz\/anteny\/\" \/>\n<meta property=\"og:locale\" content=\"pl_PL\" \/>\n<meta property=\"og:type\" content=\"article\" \/>\n<meta property=\"og:title\" content=\"Anteny - Katedra Fotoniki, Elektroniki i Techniki \u015awietlnej\" \/>\n<meta property=\"og:description\" content=\"ANTENY I TRANSMISJA FAL ELEKTROMAGNETYCZNYCH Literatura G. Z. Ajzenberg: Anteny kr\u00f3tkofalowe, WNT, Warszawa 1968. J.wi\u0119cej\" \/>\n<meta property=\"og:url\" content=\"https:\/\/we.pb.edu.pl\/kfeits\/karol-aniserowicz\/anteny\/\" \/>\n<meta property=\"og:site_name\" content=\"Katedra Fotoniki, Elektroniki i Techniki \u015awietlnej\" \/>\n<meta property=\"article:modified_time\" content=\"2022-10-18T19:16:15+00:00\" \/>\n<meta name=\"twitter:card\" content=\"summary_large_image\" \/>\n<meta name=\"twitter:label1\" content=\"Szacowany czas czytania\" \/>\n\t<meta name=\"twitter:data1\" content=\"2 minuty\" \/>\n<script type=\"application\/ld+json\" class=\"yoast-schema-graph\">{\"@context\":\"https:\/\/schema.org\",\"@graph\":[{\"@type\":\"WebPage\",\"@id\":\"https:\/\/we.pb.edu.pl\/kfeits\/karol-aniserowicz\/anteny\/\",\"url\":\"https:\/\/we.pb.edu.pl\/kfeits\/karol-aniserowicz\/anteny\/\",\"name\":\"Anteny - Katedra Fotoniki, Elektroniki i Techniki \u015awietlnej\",\"isPartOf\":{\"@id\":\"https:\/\/we.pb.edu.pl\/kfeits\/#website\"},\"datePublished\":\"2018-10-24T11:36:50+00:00\",\"dateModified\":\"2022-10-18T19:16:15+00:00\",\"breadcrumb\":{\"@id\":\"https:\/\/we.pb.edu.pl\/kfeits\/karol-aniserowicz\/anteny\/#breadcrumb\"},\"inLanguage\":\"pl-PL\",\"potentialAction\":[{\"@type\":\"ReadAction\",\"target\":[\"https:\/\/we.pb.edu.pl\/kfeits\/karol-aniserowicz\/anteny\/\"]}]},{\"@type\":\"BreadcrumbList\",\"@id\":\"https:\/\/we.pb.edu.pl\/kfeits\/karol-aniserowicz\/anteny\/#breadcrumb\",\"itemListElement\":[{\"@type\":\"ListItem\",\"position\":1,\"name\":\"Strona g\u0142\u00f3wna\",\"item\":\"https:\/\/we.pb.edu.pl\/kfeits\/\"},{\"@type\":\"ListItem\",\"position\":2,\"name\":\"dr hab. in\u017c. Karol Aniserowicz, prof. PB\",\"item\":\"https:\/\/we.pb.edu.pl\/kfeits\/karol-aniserowicz\/\"},{\"@type\":\"ListItem\",\"position\":3,\"name\":\"Anteny\"}]},{\"@type\":\"WebSite\",\"@id\":\"https:\/\/we.pb.edu.pl\/kfeits\/#website\",\"url\":\"https:\/\/we.pb.edu.pl\/kfeits\/\",\"name\":\"Katedra Fotoniki, Elektroniki i Techniki \u015awietlnej\",\"description\":\"\",\"potentialAction\":[{\"@type\":\"SearchAction\",\"target\":{\"@type\":\"EntryPoint\",\"urlTemplate\":\"https:\/\/we.pb.edu.pl\/kfeits\/?s={search_term_string}\"},\"query-input\":{\"@type\":\"PropertyValueSpecification\",\"valueRequired\":true,\"valueName\":\"search_term_string\"}}],\"inLanguage\":\"pl-PL\"}]}<\/script>\n<!-- \/ Yoast SEO plugin. -->","yoast_head_json":{"title":"Anteny - Katedra Fotoniki, Elektroniki i Techniki \u015awietlnej","robots":{"index":"index","follow":"follow","max-snippet":"max-snippet:-1","max-image-preview":"max-image-preview:large","max-video-preview":"max-video-preview:-1"},"canonical":"https:\/\/we.pb.edu.pl\/kfeits\/karol-aniserowicz\/anteny\/","og_locale":"pl_PL","og_type":"article","og_title":"Anteny - Katedra Fotoniki, Elektroniki i Techniki \u015awietlnej","og_description":"ANTENY I TRANSMISJA FAL ELEKTROMAGNETYCZNYCH Literatura G. Z. Ajzenberg: Anteny kr\u00f3tkofalowe, WNT, Warszawa 1968. J.wi\u0119cej","og_url":"https:\/\/we.pb.edu.pl\/kfeits\/karol-aniserowicz\/anteny\/","og_site_name":"Katedra Fotoniki, Elektroniki i Techniki \u015awietlnej","article_modified_time":"2022-10-18T19:16:15+00:00","twitter_card":"summary_large_image","twitter_misc":{"Szacowany czas czytania":"2 minuty"},"schema":{"@context":"https:\/\/schema.org","@graph":[{"@type":"WebPage","@id":"https:\/\/we.pb.edu.pl\/kfeits\/karol-aniserowicz\/anteny\/","url":"https:\/\/we.pb.edu.pl\/kfeits\/karol-aniserowicz\/anteny\/","name":"Anteny - Katedra Fotoniki, Elektroniki i Techniki \u015awietlnej","isPartOf":{"@id":"https:\/\/we.pb.edu.pl\/kfeits\/#website"},"datePublished":"2018-10-24T11:36:50+00:00","dateModified":"2022-10-18T19:16:15+00:00","breadcrumb":{"@id":"https:\/\/we.pb.edu.pl\/kfeits\/karol-aniserowicz\/anteny\/#breadcrumb"},"inLanguage":"pl-PL","potentialAction":[{"@type":"ReadAction","target":["https:\/\/we.pb.edu.pl\/kfeits\/karol-aniserowicz\/anteny\/"]}]},{"@type":"BreadcrumbList","@id":"https:\/\/we.pb.edu.pl\/kfeits\/karol-aniserowicz\/anteny\/#breadcrumb","itemListElement":[{"@type":"ListItem","position":1,"name":"Strona g\u0142\u00f3wna","item":"https:\/\/we.pb.edu.pl\/kfeits\/"},{"@type":"ListItem","position":2,"name":"dr hab. in\u017c. Karol Aniserowicz, prof. PB","item":"https:\/\/we.pb.edu.pl\/kfeits\/karol-aniserowicz\/"},{"@type":"ListItem","position":3,"name":"Anteny"}]},{"@type":"WebSite","@id":"https:\/\/we.pb.edu.pl\/kfeits\/#website","url":"https:\/\/we.pb.edu.pl\/kfeits\/","name":"Katedra Fotoniki, Elektroniki i Techniki \u015awietlnej","description":"","potentialAction":[{"@type":"SearchAction","target":{"@type":"EntryPoint","urlTemplate":"https:\/\/we.pb.edu.pl\/kfeits\/?s={search_term_string}"},"query-input":{"@type":"PropertyValueSpecification","valueRequired":true,"valueName":"search_term_string"}}],"inLanguage":"pl-PL"}]}},"_links":{"self":[{"href":"https:\/\/we.pb.edu.pl\/kfeits\/wp-json\/wp\/v2\/pages\/611","targetHints":{"allow":["GET"]}}],"collection":[{"href":"https:\/\/we.pb.edu.pl\/kfeits\/wp-json\/wp\/v2\/pages"}],"about":[{"href":"https:\/\/we.pb.edu.pl\/kfeits\/wp-json\/wp\/v2\/types\/page"}],"author":[{"embeddable":true,"href":"https:\/\/we.pb.edu.pl\/kfeits\/wp-json\/wp\/v2\/users\/25"}],"replies":[{"embeddable":true,"href":"https:\/\/we.pb.edu.pl\/kfeits\/wp-json\/wp\/v2\/comments?post=611"}],"version-history":[{"count":8,"href":"https:\/\/we.pb.edu.pl\/kfeits\/wp-json\/wp\/v2\/pages\/611\/revisions"}],"predecessor-version":[{"id":3902,"href":"https:\/\/we.pb.edu.pl\/kfeits\/wp-json\/wp\/v2\/pages\/611\/revisions\/3902"}],"up":[{"embeddable":true,"href":"https:\/\/we.pb.edu.pl\/kfeits\/wp-json\/wp\/v2\/pages\/596"}],"wp:attachment":[{"href":"https:\/\/we.pb.edu.pl\/kfeits\/wp-json\/wp\/v2\/media?parent=611"}],"curies":[{"name":"wp","href":"https:\/\/api.w.org\/{rel}","templated":true}]}}