{"id":5135,"date":"2024-09-28T14:29:11","date_gmt":"2024-09-28T12:29:11","guid":{"rendered":"https:\/\/we.pb.edu.pl\/kfeits\/?page_id=5135"},"modified":"2026-01-23T09:03:08","modified_gmt":"2026-01-23T08:03:08","slug":"pswb","status":"publish","type":"page","link":"https:\/\/we.pb.edu.pl\/kfeits\/krzysztof-konopko\/eit1s\/pswb\/","title":{"rendered":"Programowanie system\u00f3w wbudowanych"},"content":{"rendered":"<p><strong>ul. Zwierzyniecka 10, 15-351 Bia\u0142ystok, s. CBD-32<\/strong><\/p>\n<p>prowadz\u0105cy: <a href=\"\/kfeits\/krzysztof-konopko\/\">Krzysztof Konopko<\/a><\/p>\n<hr \/>\n<p><strong>Prezentacje z wyk\u0142adu:<\/strong><\/p>\n<ul>\n<li><a href=\"https:\/\/box.biaman.pl\/f\/9510604ad7f6447a9f4e\/?raw=1&amp;ext=.pdf\">Informacje o przedmiocie.<\/a><\/li>\n<li><a href=\"https:\/\/box.biaman.pl\/f\/060ee349de084fce9b0e\/?raw=1&amp;ext=.pdf\">Architektura procesor\u00f3w Cortex-Mx.<\/a><\/li>\n<li><a href=\"https:\/\/box.biaman.pl\/f\/426f68a200924d7a8df1\/?raw=1&amp;ext=.pdf\">FreeRTOS &#8211; wprowadzenie.<\/a><\/li>\n<li><a href=\"https:\/\/box.biaman.pl\/f\/1c5ebdbf213046bfb8f2\/?raw=1&amp;ext=.pdf\">FreeRTOS &#8211; kolejki.<\/a><\/li>\n<li><a href=\"https:\/\/box.biaman.pl\/f\/f404af334e0d44a09cc4\/?raw=1&amp;ext=.pdf\">FreeRTOS &#8211; synchronizacja.<\/a><\/li>\n<li><a href=\"https:\/\/box.biaman.pl\/f\/ed2fc6faa7524595aa13\/?raw=1&amp;ext=.pdf\">RTC, watchdog.<\/a><\/li>\n<li><a href=\"https:\/\/box.biaman.pl\/f\/729a8fa411b541609db1\/?raw=1&amp;ext=.pdf\">Zarzadzanie energi\u0105.<\/a><\/li>\n<li><a href=\"https:\/\/box.biaman.pl\/f\/03aabb3625024957940d\/?raw=1&amp;ext=.pdf\">Pow\u0142oka Linuksa.<\/a><\/li>\n<li><a href=\"https:\/\/box.biaman.pl\/f\/acb86e017fa5467b90fc\/?raw=1&amp;ext=.pdf\">Skrypty bash-a.<\/a><\/li>\n<li><a href=\"https:\/\/box.biaman.pl\/f\/0e7e1cec9e434182b791\/?raw=1&amp;ext=.pdf\">Toolchain.<\/a><\/li>\n<li><a href=\"https:\/\/box.biaman.pl\/f\/f872cca77f56407397fe\/?raw=1&amp;ext=.pdf\">Busybox.<\/a><\/li>\n<li><a href=\"https:\/\/box.biaman.pl\/f\/0c6f3fdb136c4ca2aa14\/?raw=1&amp;ext=.pdf\">Biuldroot, OpenWrt.<\/a><\/li>\n<li><a href=\"https:\/\/box.biaman.pl\/f\/4aeb4a9fb4e9476bae24\/?raw=1&amp;ext=.pdf\">Tworzenie aplikacji w systemie wbudowanym.<\/a><\/li>\n<li><a href=\"https:\/\/box.biaman.pl\/f\/30e9bf23fb844b1d92f4\/?raw=1&amp;ext=.pdf\">OpenSTLinux.<\/a><\/li>\n<li><a href=\"https:\/\/box.biaman.pl\/f\/cea5d64bc9b044a3b51b\/?raw=1&amp;ext=.pdf\">Android<\/a>.<\/li>\n<\/ul>\n<hr \/>\n<p><strong>Instrukcje do<\/strong> <strong>\u0107wicze\u0144 laboratoryjnych:<\/strong><\/p>\n<ul>\n<li><a href=\"https:\/\/box.biaman.pl\/f\/cdf534ed08cc4ca6a1e4\/?raw=1&amp;ext=.pdf\">Zaj\u0119cia wst\u0119pne zapoznanie ze \u015brodowiskiem deweloperskim i modu\u0142ami mikroprocesorowymi.<\/a><\/li>\n<li><a href=\"https:\/\/box.biaman.pl\/f\/7648f5e8120b405d9c56\/?raw=1&amp;ext=.pdf\">FreeRTOS &#8211; Konfiguracja zintegrowanego \u015brodowiska programistycznego.<\/a><\/li>\n<li><a href=\"https:\/\/box.biaman.pl\/f\/154976a6000c41fa9acf\/?raw=1&amp;ext=.pdf\">FreeRTOS &#8211; zarz\u0105dzanie zadaniami.<\/a><\/li>\n<li><a href=\"https:\/\/box.biaman.pl\/f\/1d31ef03c38548438800\/?raw=1&amp;ext=.pdf\">FreeRTOS &#8211; kolejki.<\/a><\/li>\n<li><a href=\"https:\/\/box.biaman.pl\/f\/e33408b4835645529ccd\/?raw=1&amp;ext=.pdf\">FreeRTOS &#8211; semafory, bity zdarze\u0144.<\/a><\/li>\n<li><a href=\"https:\/\/box.biaman.pl\/f\/31ac598fafd9493ea9f4\/?raw=1&amp;ext=.pdf\">FreeRTOS &#8211; powiadomienia.<\/a><\/li>\n<li><a href=\"https:\/\/box.biaman.pl\/f\/39aa7af714474b4a8d96\/?raw=1&amp;ext=.pdf\">FreeRTOS &#8211; bufory.<\/a><\/li>\n<li><a href=\"https:\/\/box.biaman.pl\/f\/7e2d31ad28af4b59b7f1\/?raw=1&amp;ext=.pdf\">Programowanie w pow\u0142oce bash.<\/a><\/li>\n<li><a href=\"https:\/\/box.biaman.pl\/f\/960c08cf5c6c4e879e32\/?raw=1&amp;ext=.pdf\">Toolchain<\/a>. (<a href=\"https:\/\/box.biaman.pl\/f\/99d5ebad22ff40829e60\/\">build.log<\/a>, <a href=\"https:\/\/box.biaman.pl\/f\/59064bbf35a9475996de\/\">nazwa toolchaina<\/a>)<\/li>\n<li><a href=\"https:\/\/box.biaman.pl\/f\/aa4e7d7a21684f02a722\/?raw=1&amp;ext=.pdf\">Tworzenie minimalistycznego systemu z zastosowaniem Busybox<\/a>. (plik <a href=\"https:\/\/box.biaman.pl\/f\/cab11e2505da4135b8fa\/?dl=1\">config.txt<\/a>, plik <a href=\"https:\/\/box.biaman.pl\/f\/a416e3b03f2a4c31acde\/?dl=1\">cmdline.txt<\/a>, obraz systemu <a href=\"https:\/\/box.biaman.pl\/f\/0f53c9ba1aa34e0bad7e\/?dl=1\">raspberry.img)<\/a><\/li>\n<li><a href=\"https:\/\/box.biaman.pl\/f\/d067381c9bf945418e0b\/?raw=1&amp;ext=.pdf\">Testowanie wydajno\u015bci platform wbudowanych &#8211; OpenWrt.\u00a0<\/a>(<a href=\"https:\/\/box.biaman.pl\/seafhttp\/f\/b71333e2d82343fb99f2\/?op=view\">raspberrypi3.gz<\/a>, <a href=\"https:\/\/box.biaman.pl\/f\/0131f7cdae874ead933a\/\">stm32mp157f-dk2.gz<\/a>).<\/li>\n<li><a href=\"https:\/\/box.biaman.pl\/f\/28830893505948b293ee\/?raw=1&amp;ext=.pdf\">OpenSTLinux<\/a> (<a href=\"https:\/\/box.biaman.pl\/f\/de6724d1d5fd44e09a2b\/\">image<\/a>, <a href=\"https:\/\/box.biaman.pl\/f\/c0c6f3b3727f4539b781\/\">SDK<\/a>, <a href=\"https:\/\/box.biaman.pl\/f\/0e7a895284164edebbc7\/\">gtk_hello_world.c<\/a>)<\/li>\n<\/ul>\n<hr \/>\n<p><strong>Materia\u0142y dodatkowe<\/strong><strong>:<\/strong><\/p>\n<ul>\n<li>sterownik LCD (<a href=\"https:\/\/box.biaman.pl\/seafhttp\/f\/748917445688447d8e3f\/?op=view\">lcd_hd447PB.EDU.PL80_lib.h<\/a>, <a href=\"https:\/\/box.biaman.pl\/seafhttp\/f\/7f40882f0ce64790b847\/?op=view\">lcd_hd44780_lib.c<\/a>)<\/li>\n<li>sterownik 7seg (<a href=\"https:\/\/box.biaman.pl\/seafhttp\/f\/4927e73b9e8549f8ba11\/?op=view\">7seg.h<\/a>, <a href=\"https:\/\/box.biaman.pl\/seafhttp\/f\/eb3d1ec851d94f49979f\/?op=view\">7seg.c<\/a>)<\/li>\n<li><a href=\"https:\/\/www.linuxjournal.com\/content\/diy-build-custom-minimal-linux-distribution-source\">Instrukcja tworzenia, bazuj\u0105cej na Busyboksie minimalistycznej dystrybucji systemu Linux.<\/a><\/li>\n<\/ul>\n<hr \/>\n<p><strong>Literatura:<\/strong><\/p>\n<ul>\n<li>Richard Barry. Mastering the freertos\u2122 real time kernel. 2024.<\/li>\n<li>Bis M., <i>Linux w systemach embedded<\/i>, Wydawnictwo BTC, Warszawa 2011.<\/li>\n<li>Skalski \u0141., <i>Linux embedded podstawy i aplikacje dla system\u00f3w embedded<\/i>, Wydawnictwo BTC, Warszawa 2012.<\/li>\n<li>Love R., <i>J\u0105dro Linuksa : przewodnik programisty<\/i>, Helion, Gliwice 2014.<\/li>\n<li>Sosna \u0141., <i>Linux. Komendy i polecenia. Wydanie IV rozszerzone<\/i>, Helion Gliwice 2014.<\/li>\n<li>Bis M., <i>Linux w systemach i.MX 6 series<\/i>, Wydawnictwo BTC, Warszawa 2015.<\/li>\n<li>FreeRTOS. Freertos &#8211; market leading rtos (real time operating system) for embedded systems with internet of things extensions. https:\/\/www.freertos.org\/.<\/li>\n<li>Toolchains. http:\/\/elinux.org\/Toolchains.<\/li>\n<\/ul>\n","protected":false},"excerpt":{"rendered":"<p>ul. Zwierzyniecka 10, 15-351 Bia\u0142ystok, s. CBD-32 prowadz\u0105cy: Krzysztof Konopko Prezentacje z wyk\u0142adu: Informacje o<a class=\"read-more\" href=\"https:\/\/we.pb.edu.pl\/kfeits\/krzysztof-konopko\/eit1s\/pswb\/\" title=\"Poka\u017c artyku\u0142 Programowanie system\u00f3w wbudowanych\">wi\u0119cej<\/a><\/p>\n","protected":false},"author":20,"featured_media":0,"parent":4393,"menu_order":0,"comment_status":"closed","ping_status":"closed","template":"","meta":{"inline_featured_image":false,"ngg_post_thumbnail":0,"footnotes":""},"class_list":["post-5135","page","type-page","status-publish","hentry"],"acf":[],"yoast_head":"<!-- This site is optimized with the Yoast SEO plugin v26.4 - https:\/\/yoast.com\/wordpress\/plugins\/seo\/ -->\n<title>Programowanie system\u00f3w wbudowanych - Katedra Fotoniki, Elektroniki i Techniki \u015awietlnej<\/title>\n<meta name=\"robots\" content=\"index, follow, max-snippet:-1, max-image-preview:large, max-video-preview:-1\" \/>\n<link rel=\"canonical\" href=\"https:\/\/we.pb.edu.pl\/kfeits\/krzysztof-konopko\/eit1s\/pswb\/\" \/>\n<meta property=\"og:locale\" content=\"pl_PL\" \/>\n<meta property=\"og:type\" content=\"article\" \/>\n<meta property=\"og:title\" content=\"Programowanie system\u00f3w wbudowanych - Katedra Fotoniki, Elektroniki i Techniki \u015awietlnej\" \/>\n<meta property=\"og:description\" content=\"ul. Zwierzyniecka 10, 15-351 Bia\u0142ystok, s. CBD-32 prowadz\u0105cy: Krzysztof Konopko Prezentacje z wyk\u0142adu: Informacje owi\u0119cej\" \/>\n<meta property=\"og:url\" content=\"https:\/\/we.pb.edu.pl\/kfeits\/krzysztof-konopko\/eit1s\/pswb\/\" \/>\n<meta property=\"og:site_name\" content=\"Katedra Fotoniki, Elektroniki i Techniki \u015awietlnej\" \/>\n<meta property=\"article:modified_time\" content=\"2026-01-23T08:03:08+00:00\" \/>\n<meta name=\"twitter:card\" content=\"summary_large_image\" \/>\n<meta name=\"twitter:label1\" content=\"Szacowany czas czytania\" \/>\n\t<meta name=\"twitter:data1\" content=\"2 minuty\" \/>\n<script type=\"application\/ld+json\" class=\"yoast-schema-graph\">{\"@context\":\"https:\/\/schema.org\",\"@graph\":[{\"@type\":\"WebPage\",\"@id\":\"https:\/\/we.pb.edu.pl\/kfeits\/krzysztof-konopko\/eit1s\/pswb\/\",\"url\":\"https:\/\/we.pb.edu.pl\/kfeits\/krzysztof-konopko\/eit1s\/pswb\/\",\"name\":\"Programowanie system\u00f3w wbudowanych - Katedra Fotoniki, Elektroniki i Techniki \u015awietlnej\",\"isPartOf\":{\"@id\":\"https:\/\/we.pb.edu.pl\/kfeits\/#website\"},\"datePublished\":\"2024-09-28T12:29:11+00:00\",\"dateModified\":\"2026-01-23T08:03:08+00:00\",\"breadcrumb\":{\"@id\":\"https:\/\/we.pb.edu.pl\/kfeits\/krzysztof-konopko\/eit1s\/pswb\/#breadcrumb\"},\"inLanguage\":\"pl-PL\",\"potentialAction\":[{\"@type\":\"ReadAction\",\"target\":[\"https:\/\/we.pb.edu.pl\/kfeits\/krzysztof-konopko\/eit1s\/pswb\/\"]}]},{\"@type\":\"BreadcrumbList\",\"@id\":\"https:\/\/we.pb.edu.pl\/kfeits\/krzysztof-konopko\/eit1s\/pswb\/#breadcrumb\",\"itemListElement\":[{\"@type\":\"ListItem\",\"position\":1,\"name\":\"Strona g\u0142\u00f3wna\",\"item\":\"https:\/\/we.pb.edu.pl\/kfeits\/\"},{\"@type\":\"ListItem\",\"position\":2,\"name\":\"dr in\u017c. Krzysztof Konopko\",\"item\":\"https:\/\/we.pb.edu.pl\/kfeits\/krzysztof-konopko\/\"},{\"@type\":\"ListItem\",\"position\":3,\"name\":\"EiT1S\",\"item\":\"https:\/\/we.pb.edu.pl\/kfeits\/krzysztof-konopko\/eit1s\/\"},{\"@type\":\"ListItem\",\"position\":4,\"name\":\"Programowanie system\u00f3w wbudowanych\"}]},{\"@type\":\"WebSite\",\"@id\":\"https:\/\/we.pb.edu.pl\/kfeits\/#website\",\"url\":\"https:\/\/we.pb.edu.pl\/kfeits\/\",\"name\":\"Katedra Fotoniki, Elektroniki i Techniki \u015awietlnej\",\"description\":\"\",\"potentialAction\":[{\"@type\":\"SearchAction\",\"target\":{\"@type\":\"EntryPoint\",\"urlTemplate\":\"https:\/\/we.pb.edu.pl\/kfeits\/?s={search_term_string}\"},\"query-input\":{\"@type\":\"PropertyValueSpecification\",\"valueRequired\":true,\"valueName\":\"search_term_string\"}}],\"inLanguage\":\"pl-PL\"}]}<\/script>\n<!-- \/ Yoast SEO plugin. -->","yoast_head_json":{"title":"Programowanie system\u00f3w wbudowanych - Katedra Fotoniki, Elektroniki i Techniki \u015awietlnej","robots":{"index":"index","follow":"follow","max-snippet":"max-snippet:-1","max-image-preview":"max-image-preview:large","max-video-preview":"max-video-preview:-1"},"canonical":"https:\/\/we.pb.edu.pl\/kfeits\/krzysztof-konopko\/eit1s\/pswb\/","og_locale":"pl_PL","og_type":"article","og_title":"Programowanie system\u00f3w wbudowanych - Katedra Fotoniki, Elektroniki i Techniki \u015awietlnej","og_description":"ul. Zwierzyniecka 10, 15-351 Bia\u0142ystok, s. CBD-32 prowadz\u0105cy: Krzysztof Konopko Prezentacje z wyk\u0142adu: Informacje owi\u0119cej","og_url":"https:\/\/we.pb.edu.pl\/kfeits\/krzysztof-konopko\/eit1s\/pswb\/","og_site_name":"Katedra Fotoniki, Elektroniki i Techniki \u015awietlnej","article_modified_time":"2026-01-23T08:03:08+00:00","twitter_card":"summary_large_image","twitter_misc":{"Szacowany czas czytania":"2 minuty"},"schema":{"@context":"https:\/\/schema.org","@graph":[{"@type":"WebPage","@id":"https:\/\/we.pb.edu.pl\/kfeits\/krzysztof-konopko\/eit1s\/pswb\/","url":"https:\/\/we.pb.edu.pl\/kfeits\/krzysztof-konopko\/eit1s\/pswb\/","name":"Programowanie system\u00f3w wbudowanych - Katedra Fotoniki, Elektroniki i Techniki \u015awietlnej","isPartOf":{"@id":"https:\/\/we.pb.edu.pl\/kfeits\/#website"},"datePublished":"2024-09-28T12:29:11+00:00","dateModified":"2026-01-23T08:03:08+00:00","breadcrumb":{"@id":"https:\/\/we.pb.edu.pl\/kfeits\/krzysztof-konopko\/eit1s\/pswb\/#breadcrumb"},"inLanguage":"pl-PL","potentialAction":[{"@type":"ReadAction","target":["https:\/\/we.pb.edu.pl\/kfeits\/krzysztof-konopko\/eit1s\/pswb\/"]}]},{"@type":"BreadcrumbList","@id":"https:\/\/we.pb.edu.pl\/kfeits\/krzysztof-konopko\/eit1s\/pswb\/#breadcrumb","itemListElement":[{"@type":"ListItem","position":1,"name":"Strona g\u0142\u00f3wna","item":"https:\/\/we.pb.edu.pl\/kfeits\/"},{"@type":"ListItem","position":2,"name":"dr in\u017c. Krzysztof Konopko","item":"https:\/\/we.pb.edu.pl\/kfeits\/krzysztof-konopko\/"},{"@type":"ListItem","position":3,"name":"EiT1S","item":"https:\/\/we.pb.edu.pl\/kfeits\/krzysztof-konopko\/eit1s\/"},{"@type":"ListItem","position":4,"name":"Programowanie system\u00f3w wbudowanych"}]},{"@type":"WebSite","@id":"https:\/\/we.pb.edu.pl\/kfeits\/#website","url":"https:\/\/we.pb.edu.pl\/kfeits\/","name":"Katedra Fotoniki, Elektroniki i Techniki \u015awietlnej","description":"","potentialAction":[{"@type":"SearchAction","target":{"@type":"EntryPoint","urlTemplate":"https:\/\/we.pb.edu.pl\/kfeits\/?s={search_term_string}"},"query-input":{"@type":"PropertyValueSpecification","valueRequired":true,"valueName":"search_term_string"}}],"inLanguage":"pl-PL"}]}},"_links":{"self":[{"href":"https:\/\/we.pb.edu.pl\/kfeits\/wp-json\/wp\/v2\/pages\/5135","targetHints":{"allow":["GET"]}}],"collection":[{"href":"https:\/\/we.pb.edu.pl\/kfeits\/wp-json\/wp\/v2\/pages"}],"about":[{"href":"https:\/\/we.pb.edu.pl\/kfeits\/wp-json\/wp\/v2\/types\/page"}],"author":[{"embeddable":true,"href":"https:\/\/we.pb.edu.pl\/kfeits\/wp-json\/wp\/v2\/users\/20"}],"replies":[{"embeddable":true,"href":"https:\/\/we.pb.edu.pl\/kfeits\/wp-json\/wp\/v2\/comments?post=5135"}],"version-history":[{"count":68,"href":"https:\/\/we.pb.edu.pl\/kfeits\/wp-json\/wp\/v2\/pages\/5135\/revisions"}],"predecessor-version":[{"id":6189,"href":"https:\/\/we.pb.edu.pl\/kfeits\/wp-json\/wp\/v2\/pages\/5135\/revisions\/6189"}],"up":[{"embeddable":true,"href":"https:\/\/we.pb.edu.pl\/kfeits\/wp-json\/wp\/v2\/pages\/4393"}],"wp:attachment":[{"href":"https:\/\/we.pb.edu.pl\/kfeits\/wp-json\/wp\/v2\/media?parent=5135"}],"curies":[{"name":"wp","href":"https:\/\/api.w.org\/{rel}","templated":true}]}}