{"id":5124,"date":"2024-09-28T14:12:26","date_gmt":"2024-09-28T12:12:26","guid":{"rendered":"https:\/\/we.pb.edu.pl\/kfeits\/?page_id=5124"},"modified":"2026-01-20T20:01:05","modified_gmt":"2026-01-20T19:01:05","slug":"python2","status":"publish","type":"page","link":"https:\/\/we.pb.edu.pl\/kfeits\/krzysztof-konopko\/cp1s\/python2\/","title":{"rendered":"Python 2"},"content":{"rendered":"<p><strong>ul. Zwierzyniecka 10, 15-351 Bia\u0142ystok, s. CBD-32<\/strong><\/p>\n<p>prowadz\u0105cy: <a href=\"\/kfeits\/krzysztof-konopko\/\">Krzysztof Konopko<\/a><\/p>\n<hr \/>\n<p><strong>Instrukcje do pracowni specjalistycznej:<\/strong><\/p>\n<ul>\n<li><a href=\"https:\/\/box.biaman.pl\/f\/de4ef717f0584837b89c\/?raw=1&amp;ext=.pdf\"><span dir=\"ltr\" role=\"presentation\">Zaj\u0119cia wst\u0119pne zapoznanie ze \u015brodowiskiem deweloperskim, dokumentowanie kodu. <\/span><\/a><\/li>\n<li><a href=\"https:\/\/box.biaman.pl\/f\/4b2b7d090ca34e159479\/?raw=1&amp;ext=.pdf\">Kontenery danych &#8211; modu\u0142 <span style=\"font-family: courier new, courier, monospace\">collections<\/span>, profilowanie kodu<\/a>.\u00a0 <a href=\"https:\/\/box.biaman.pl\/f\/60e0efd0264444479575\/\">Typy_danych.ipynb<\/a><\/li>\n<li><a href=\"https:\/\/box.biaman.pl\/f\/a911399d0e52433ea12d\/?raw=1&amp;ext=.pdf\">Funkcje, generatory, iteratory &#8211; modu\u0142 <span style=\"font-family: courier new, courier, monospace\">itertools<\/span>.<\/a> <a href=\"https:\/\/box.biaman.pl\/f\/ee27d9513350431bbe52\/\">Iteratory.ipynb<\/a><\/li>\n<li><a href=\"https:\/\/box.biaman.pl\/f\/91f6cfd24e134f97a0f8\/?raw=1&amp;ext=.pdf\">Programowanie funkcyjne &#8211; modu\u0142 <span style=\"font-family: courier new, courier, monospace\">functools<\/span><\/a>. <a href=\"https:\/\/box.biaman.pl\/f\/8c63bbd81699401db303\/\">Functools.ipynb<\/a><\/li>\n<li><a href=\"https:\/\/box.biaman.pl\/f\/8033fd312e234e7ea94f\/?raw=1&amp;ext=.pdf\">Programowanie wsp\u00f3\u0142bie\u017cne &#8211; modu\u0142y <span style=\"font-family: courier new, courier, monospace\">threading<\/span>, <span style=\"font-family: courier new, courier, monospace\">multiprocessing<\/span>, i <span style=\"font-family: courier new, courier, monospace\">asyncio<\/span><\/a>. <a href=\"https:\/\/box.biaman.pl\/f\/e791a2e22d404075ae5c\/\">prog_wspolbiezne.ipunb<\/a><\/li>\n<li><a href=\"https:\/\/box.biaman.pl\/f\/0743e7d1642c45f7b82d\/?raw=1&amp;ext=.pdf\">Programowanie obs\u0142ugi sprz\u0119tu w j\u0119zyku Python &#8211; GPIO, joystick, odbiornik IR.<\/a><\/li>\n<li><a href=\"https:\/\/box.biaman.pl\/f\/184e2a13e42c4e9599a2\/?raw=1&amp;ext=.pdf\">Programowanie obs\u0142ugi sprz\u0119tu w j\u0119zyku Python &#8211; WS2812B (RGB LEDs), Bluetooth.<\/a><\/li>\n<li><a href=\"https:\/\/box.biaman.pl\/f\/451ba784179749e585b2\/?raw=1&amp;ext=.pdf\">Programowanie obs\u0142ugi sprz\u0119tu w j\u0119zyku Python &#8211; kamera, WiFi, serwomechanizmy.<\/a> (<a href=\"https:\/\/box.biaman.pl\/f\/c819aa8a325a40958a13\/\">picamera_serwer.py<\/a>)<\/li>\n<\/ul>\n<hr \/>\n<p><strong>Literatura:<\/strong><\/p>\n<ul>\n<li>David Beazley. Wysoko wydajny Python. Efektywne programowanie w praktyce. Wydanie II. Helion, Gliwice, 2023.<\/li>\n<li>Steven Lott. Programowanie funkcyjne w Pythonie. Jak pisa\u0107 zwi\u0119z\u0142y, wydajny i ekspresywny kod. Wydanie III. Helion, Gliwice, 2022.<\/li>\n<li>Luciano Ramalho. Zaawansowany Python. Wydanie II. Helion, Gliwice, 2020.<\/li>\n<li>Danny Staple. Jak zaprogramowa\u0107 robota. Zastosowanie Raspberry Pi i Pythona w tworzeniu autonomicznych robot\u00f3w. Wydanie II. Helion, Gliwice, 2022.<\/li>\n<li>Raspberry Pi Foundation. Raspberry pi. <a href=\"https:\/\/www.raspberrypi.org\/\">https:\/\/www.raspberrypi.org\/<\/a>.<\/li>\n<li>Waveshare. Alphabot2-pi &#8211; all-in-one robot platform for raspberry pi.<a href=\"https:\/\/www.waveshare.com\/wiki\/AlphaBot2-Pi\"> https:\/\/www.waveshare.com\/wiki\/AlphaBot2-Pi<\/a>.<\/li>\n<li><a href=\"https:\/\/box.biaman.pl\/f\/639b279e262a47998a2f\/?raw=1&amp;ext=.pdf\">Schemat.<\/a><\/li>\n<\/ul>\n","protected":false},"excerpt":{"rendered":"<p>ul. Zwierzyniecka 10, 15-351 Bia\u0142ystok, s. CBD-32 prowadz\u0105cy: Krzysztof Konopko Instrukcje do pracowni specjalistycznej: Zaj\u0119cia<a class=\"read-more\" href=\"https:\/\/we.pb.edu.pl\/kfeits\/krzysztof-konopko\/cp1s\/python2\/\" title=\"Poka\u017c artyku\u0142 Python 2\">wi\u0119cej<\/a><\/p>\n","protected":false},"author":20,"featured_media":0,"parent":4403,"menu_order":0,"comment_status":"closed","ping_status":"closed","template":"","meta":{"inline_featured_image":false,"ngg_post_thumbnail":0,"footnotes":""},"class_list":["post-5124","page","type-page","status-publish","hentry"],"acf":[],"yoast_head":"<!-- This site is optimized with the Yoast SEO plugin v26.4 - https:\/\/yoast.com\/wordpress\/plugins\/seo\/ -->\n<title>Python 2 - Katedra Fotoniki, Elektroniki i Techniki \u015awietlnej<\/title>\n<meta name=\"robots\" content=\"index, follow, max-snippet:-1, max-image-preview:large, max-video-preview:-1\" \/>\n<link rel=\"canonical\" href=\"https:\/\/we.pb.edu.pl\/kfeits\/krzysztof-konopko\/cp1s\/python2\/\" \/>\n<meta property=\"og:locale\" content=\"pl_PL\" \/>\n<meta property=\"og:type\" content=\"article\" \/>\n<meta property=\"og:title\" content=\"Python 2 - Katedra Fotoniki, Elektroniki i Techniki \u015awietlnej\" \/>\n<meta property=\"og:description\" content=\"ul. Zwierzyniecka 10, 15-351 Bia\u0142ystok, s. CBD-32 prowadz\u0105cy: Krzysztof Konopko Instrukcje do pracowni specjalistycznej: Zaj\u0119ciawi\u0119cej\" \/>\n<meta property=\"og:url\" content=\"https:\/\/we.pb.edu.pl\/kfeits\/krzysztof-konopko\/cp1s\/python2\/\" \/>\n<meta property=\"og:site_name\" content=\"Katedra Fotoniki, Elektroniki i Techniki \u015awietlnej\" \/>\n<meta property=\"article:modified_time\" content=\"2026-01-20T19:01:05+00:00\" \/>\n<meta name=\"twitter:card\" content=\"summary_large_image\" \/>\n<meta name=\"twitter:label1\" content=\"Szacowany czas czytania\" \/>\n\t<meta name=\"twitter:data1\" content=\"1 minuta\" \/>\n<script type=\"application\/ld+json\" class=\"yoast-schema-graph\">{\"@context\":\"https:\/\/schema.org\",\"@graph\":[{\"@type\":\"WebPage\",\"@id\":\"https:\/\/we.pb.edu.pl\/kfeits\/krzysztof-konopko\/cp1s\/python2\/\",\"url\":\"https:\/\/we.pb.edu.pl\/kfeits\/krzysztof-konopko\/cp1s\/python2\/\",\"name\":\"Python 2 - Katedra Fotoniki, Elektroniki i Techniki \u015awietlnej\",\"isPartOf\":{\"@id\":\"https:\/\/we.pb.edu.pl\/kfeits\/#website\"},\"datePublished\":\"2024-09-28T12:12:26+00:00\",\"dateModified\":\"2026-01-20T19:01:05+00:00\",\"breadcrumb\":{\"@id\":\"https:\/\/we.pb.edu.pl\/kfeits\/krzysztof-konopko\/cp1s\/python2\/#breadcrumb\"},\"inLanguage\":\"pl-PL\",\"potentialAction\":[{\"@type\":\"ReadAction\",\"target\":[\"https:\/\/we.pb.edu.pl\/kfeits\/krzysztof-konopko\/cp1s\/python2\/\"]}]},{\"@type\":\"BreadcrumbList\",\"@id\":\"https:\/\/we.pb.edu.pl\/kfeits\/krzysztof-konopko\/cp1s\/python2\/#breadcrumb\",\"itemListElement\":[{\"@type\":\"ListItem\",\"position\":1,\"name\":\"Strona g\u0142\u00f3wna\",\"item\":\"https:\/\/we.pb.edu.pl\/kfeits\/\"},{\"@type\":\"ListItem\",\"position\":2,\"name\":\"dr in\u017c. Krzysztof Konopko\",\"item\":\"https:\/\/we.pb.edu.pl\/kfeits\/krzysztof-konopko\/\"},{\"@type\":\"ListItem\",\"position\":3,\"name\":\"CP1S\",\"item\":\"https:\/\/we.pb.edu.pl\/kfeits\/krzysztof-konopko\/cp1s\/\"},{\"@type\":\"ListItem\",\"position\":4,\"name\":\"Python 2\"}]},{\"@type\":\"WebSite\",\"@id\":\"https:\/\/we.pb.edu.pl\/kfeits\/#website\",\"url\":\"https:\/\/we.pb.edu.pl\/kfeits\/\",\"name\":\"Katedra Fotoniki, Elektroniki i Techniki \u015awietlnej\",\"description\":\"\",\"potentialAction\":[{\"@type\":\"SearchAction\",\"target\":{\"@type\":\"EntryPoint\",\"urlTemplate\":\"https:\/\/we.pb.edu.pl\/kfeits\/?s={search_term_string}\"},\"query-input\":{\"@type\":\"PropertyValueSpecification\",\"valueRequired\":true,\"valueName\":\"search_term_string\"}}],\"inLanguage\":\"pl-PL\"}]}<\/script>\n<!-- \/ Yoast SEO plugin. -->","yoast_head_json":{"title":"Python 2 - Katedra Fotoniki, Elektroniki i Techniki \u015awietlnej","robots":{"index":"index","follow":"follow","max-snippet":"max-snippet:-1","max-image-preview":"max-image-preview:large","max-video-preview":"max-video-preview:-1"},"canonical":"https:\/\/we.pb.edu.pl\/kfeits\/krzysztof-konopko\/cp1s\/python2\/","og_locale":"pl_PL","og_type":"article","og_title":"Python 2 - Katedra Fotoniki, Elektroniki i Techniki \u015awietlnej","og_description":"ul. Zwierzyniecka 10, 15-351 Bia\u0142ystok, s. CBD-32 prowadz\u0105cy: Krzysztof Konopko Instrukcje do pracowni specjalistycznej: Zaj\u0119ciawi\u0119cej","og_url":"https:\/\/we.pb.edu.pl\/kfeits\/krzysztof-konopko\/cp1s\/python2\/","og_site_name":"Katedra Fotoniki, Elektroniki i Techniki \u015awietlnej","article_modified_time":"2026-01-20T19:01:05+00:00","twitter_card":"summary_large_image","twitter_misc":{"Szacowany czas czytania":"1 minuta"},"schema":{"@context":"https:\/\/schema.org","@graph":[{"@type":"WebPage","@id":"https:\/\/we.pb.edu.pl\/kfeits\/krzysztof-konopko\/cp1s\/python2\/","url":"https:\/\/we.pb.edu.pl\/kfeits\/krzysztof-konopko\/cp1s\/python2\/","name":"Python 2 - Katedra Fotoniki, Elektroniki i Techniki \u015awietlnej","isPartOf":{"@id":"https:\/\/we.pb.edu.pl\/kfeits\/#website"},"datePublished":"2024-09-28T12:12:26+00:00","dateModified":"2026-01-20T19:01:05+00:00","breadcrumb":{"@id":"https:\/\/we.pb.edu.pl\/kfeits\/krzysztof-konopko\/cp1s\/python2\/#breadcrumb"},"inLanguage":"pl-PL","potentialAction":[{"@type":"ReadAction","target":["https:\/\/we.pb.edu.pl\/kfeits\/krzysztof-konopko\/cp1s\/python2\/"]}]},{"@type":"BreadcrumbList","@id":"https:\/\/we.pb.edu.pl\/kfeits\/krzysztof-konopko\/cp1s\/python2\/#breadcrumb","itemListElement":[{"@type":"ListItem","position":1,"name":"Strona g\u0142\u00f3wna","item":"https:\/\/we.pb.edu.pl\/kfeits\/"},{"@type":"ListItem","position":2,"name":"dr in\u017c. Krzysztof Konopko","item":"https:\/\/we.pb.edu.pl\/kfeits\/krzysztof-konopko\/"},{"@type":"ListItem","position":3,"name":"CP1S","item":"https:\/\/we.pb.edu.pl\/kfeits\/krzysztof-konopko\/cp1s\/"},{"@type":"ListItem","position":4,"name":"Python 2"}]},{"@type":"WebSite","@id":"https:\/\/we.pb.edu.pl\/kfeits\/#website","url":"https:\/\/we.pb.edu.pl\/kfeits\/","name":"Katedra Fotoniki, Elektroniki i Techniki \u015awietlnej","description":"","potentialAction":[{"@type":"SearchAction","target":{"@type":"EntryPoint","urlTemplate":"https:\/\/we.pb.edu.pl\/kfeits\/?s={search_term_string}"},"query-input":{"@type":"PropertyValueSpecification","valueRequired":true,"valueName":"search_term_string"}}],"inLanguage":"pl-PL"}]}},"_links":{"self":[{"href":"https:\/\/we.pb.edu.pl\/kfeits\/wp-json\/wp\/v2\/pages\/5124","targetHints":{"allow":["GET"]}}],"collection":[{"href":"https:\/\/we.pb.edu.pl\/kfeits\/wp-json\/wp\/v2\/pages"}],"about":[{"href":"https:\/\/we.pb.edu.pl\/kfeits\/wp-json\/wp\/v2\/types\/page"}],"author":[{"embeddable":true,"href":"https:\/\/we.pb.edu.pl\/kfeits\/wp-json\/wp\/v2\/users\/20"}],"replies":[{"embeddable":true,"href":"https:\/\/we.pb.edu.pl\/kfeits\/wp-json\/wp\/v2\/comments?post=5124"}],"version-history":[{"count":30,"href":"https:\/\/we.pb.edu.pl\/kfeits\/wp-json\/wp\/v2\/pages\/5124\/revisions"}],"predecessor-version":[{"id":6178,"href":"https:\/\/we.pb.edu.pl\/kfeits\/wp-json\/wp\/v2\/pages\/5124\/revisions\/6178"}],"up":[{"embeddable":true,"href":"https:\/\/we.pb.edu.pl\/kfeits\/wp-json\/wp\/v2\/pages\/4403"}],"wp:attachment":[{"href":"https:\/\/we.pb.edu.pl\/kfeits\/wp-json\/wp\/v2\/media?parent=5124"}],"curies":[{"name":"wp","href":"https:\/\/api.w.org\/{rel}","templated":true}]}}