{"id":497,"date":"2018-10-03T14:44:34","date_gmt":"2018-10-03T12:44:34","guid":{"rendered":"https:\/\/we.pb.edu.pl\/ktiae\/?page_id=497"},"modified":"2026-04-27T16:03:07","modified_gmt":"2026-04-27T14:03:07","slug":"syskon","status":"publish","type":"page","link":"https:\/\/we.pb.edu.pl\/kfeits\/krzysztof-konopko\/eit1s\/syskon\/","title":{"rendered":"Systemy konwergentne"},"content":{"rendered":"<p><strong>ul. Zwierzyniecka 10, 15-351 Bia\u0142ystok, s. CBD-32<\/strong><\/p>\n<p>prowadz\u0105cy: <a href=\"\/kfeits\/krzysztof-konopko\/\">Krzysztof Konopko<\/a><\/p>\n<hr \/>\n<p><strong>Prezentacje z wyk\u0142adu:<\/strong><\/p>\n<ul>\n<li><a href=\"https:\/\/box.biaman.pl\/f\/4dbcd29c6e044d9cbcaa\/?raw=1&amp;ext=.pdf\">Wiadomo\u015bci wst\u0119pne.<\/a>\u00a0<a href=\"https:\/\/box.biaman.pl\/f\/278e5790d06d44518af0\/?raw=1&amp;ext=.pdf\">Komutacja, numeracja, sygnalizacja.<\/a><\/li>\n<li><a href=\"https:\/\/box.biaman.pl\/f\/767d6c546a034d6baebf\/?raw=1&amp;ext=.pdf\">Sygnalizacja abonencka w sieciach komutowanych PSTN, ISDN i GSM.<\/a><\/li>\n<li><a href=\"https:\/\/box.biaman.pl\/f\/e0005e45d08e456cbcee\/?raw=1&amp;ext=.pdf\">Sygnalizacja SS7.<\/a><\/li>\n<li>Architektura w\u0119z\u0142\u00f3w komutacyjnych.\u00a0Zasady budowy i konfiguracji pola komutacyjnego centrali S12.<\/li>\n<li>Metody sygnalizacji i protoko\u0142y komunikacyjne stosowane w systemach VoIP.<\/li>\n<li>Programowa centrala Asterisk: konfiguracja interfejs\u00f3w do sieci komutowanych i pakietowych.<\/li>\n<li>Programowa centrala Asterisk: administracja abonentami, kierowanie wywo\u0142a\u0144, wybrane us\u0142ugi.<\/li>\n<li>IP Multimedia Subsystem (IMS).<\/li>\n<li>Sygnalizacja w systemach kom\u00f3rkowych.<\/li>\n<li>In\u017cynieria ruchu i wymiarowanie sieci telekomunikacyjnych.<\/li>\n<li>Historia, standardy, stan runku telekomunikacyjnego w Polsce.<\/li>\n<\/ul>\n<hr \/>\n<p><strong>Instrukcje do \u0107wicze\u0144 laboratoryjnych:<\/strong><\/p>\n<ul>\n<li><a href=\"https:\/\/box.biaman.pl\/f\/e298d33aa68c4461a3cc\/?raw=1&amp;ext=.pdf\">Badanie systemu zabezpiecze\u0144 i utrzymania ruchu centrali telefonicznej &#8211; 1.<\/a><\/li>\n<li>\n<div><a href=\"https:\/\/box.biaman.pl\/f\/0ad844f511564e02890e\/?raw=1&amp;ext=.pdf\">Badanie sygnalizacji w abonenckiej linii analogowej.<\/a><\/div>\n<\/li>\n<li><a href=\"https:\/\/box.biaman.pl\/f\/98eb4995ff7e416f9bbb\/?raw=1&amp;ext=.pdf\">Konfiguracja kana\u0142\u00f3w transmisyjnych. DAHDI.<\/a><\/li>\n<li><a href=\"https:\/\/box.biaman.pl\/f\/3b47a8c9e0b9448eada1\/?raw=1&amp;ext=.pdf\">Wykrywanie uszkodze\u0144 linii abonenckiej.<\/a><\/li>\n<li><a href=\"https:\/\/box.biaman.pl\/f\/10cc734b25b7423f8f22\/?raw=1&amp;ext=.pdf\">Badanie struktury cyfrowego pola komutacyjnego centrali S12.<\/a><\/li>\n<li><a href=\"https:\/\/box.biaman.pl\/f\/e836ce391e4640ce80fa\/?raw=1&amp;ext=.pdf\">Konfiguracja kana\u0142\u00f3w transmisyjnych. SIP.<\/a><\/li>\n<li><a href=\"https:\/\/box.biaman.pl\/f\/c3cea3e3de09456194bd\/?raw=1&amp;ext=.pdf\">Analiza test\u00f3w rutynowych i diagnostycznych centrali telefonicznej.<\/a><\/li>\n<li><a href=\"https:\/\/box.biaman.pl\/f\/d7bcc7cfbc834371b22b\/?raw=1&amp;ext=.pdf\">Badanie struktury modu\u0142\u00f3w z po\u0142\u0105czeniami zewn\u0119trznymi centrali telefonicznej.<\/a><\/li>\n<li><a href=\"https:\/\/box.biaman.pl\/f\/9de6b1cd423d4016b510\/?raw=1&amp;ext=.pdf\">Pomiary nat\u0119\u017cenia ruch telekomunikacyjnego.<\/a><\/li>\n<li><a href=\"https:\/\/box.biaman.pl\/f\/cff6f2a99a9542c9bd30\/?raw=1&amp;ext=.pdf\">Asterisk &#8211; us\u0142ugi.<\/a><\/li>\n<li><a href=\"https:\/\/box.biaman.pl\/f\/0eee8b3d47af4a52bff1\/?raw=1&amp;ext=.pdf\">Badanie podsystemu administrowania kierowaniem ruchu.<\/a><\/li>\n<li><a href=\"https:\/\/box.biaman.pl\/f\/072c10e7dfb34b92b60f\/?raw=1&amp;ext=.pdf\">Pomiar jako\u015bci transmisji sygna\u0142\u00f3w mowy.<\/a><\/li>\n<\/ul>\n<hr \/>\n<p><strong>Materia\u0142y dodatkowe:<\/strong><\/p>\n<ul>\n<li><a href=\"https:\/\/box.biaman.pl\/f\/be2446880f2a4cf8b252\/?raw=1&amp;ext=.pdf\">Instrukcja wst\u0119pna.<\/a><\/li>\n<li><a href=\"https:\/\/box.biaman.pl\/f\/34bc3fa2833f4b3bbae4\/?raw=1&amp;ext=.pdf\">Test linii &#8211; informacje o pomiarach w poszczeg\u00f3lnych segmentach test\u00f3w.<\/a><\/li>\n<\/ul>\n<hr \/>\n<p><strong>Literatura:<\/strong><\/p>\n<ul>\n<li>Andrzej Jajszczyk, &#8222;Wst\u0119p do telekomutacji&#8221;, WNT, Warszawa 2004.<\/li>\n<li>Grzegorz Danilewicz, Wojciech Kabaci\u0144ski, &#8222;System sygnalizacji nr 7. Protoko\u0142y standardy zastosowania&#8221;, Wydawnictwa Komunikacji i \u0141\u0105czno\u015bci, Warszawa 2005.<\/li>\n<li>Wojciech Kabaci\u0144ski, Mariusz \u017bal &#8222;Sieci telekomunikacyjne&#8221;, Wydawnictwa Komunikacji i \u0141\u0105czno\u015bci, Warszawa 2008.<\/li>\n<li>Maciej Stasiak, Mariusz G\u0142\u0105bowskim, S\u0142awomir Hanczewski, Piotr Zwierzykowski, &#8222;Podstawy in\u017cynierii ruchu i wymiarowania sieci teleinformatycznych&#8221;, Wydawnictwo Politechniki Pozna\u0144skiej, Pozna\u0144 2009<\/li>\n<\/ul>\n","protected":false},"excerpt":{"rendered":"<p>ul. Zwierzyniecka 10, 15-351 Bia\u0142ystok, s. CBD-32 prowadz\u0105cy: Krzysztof Konopko Prezentacje z wyk\u0142adu: Wiadomo\u015bci wst\u0119pne.\u00a0Komutacja,<a class=\"read-more\" href=\"https:\/\/we.pb.edu.pl\/kfeits\/krzysztof-konopko\/eit1s\/syskon\/\" title=\"Poka\u017c artyku\u0142 Systemy konwergentne\">wi\u0119cej<\/a><\/p>\n","protected":false},"author":20,"featured_media":0,"parent":4393,"menu_order":0,"comment_status":"closed","ping_status":"closed","template":"","meta":{"inline_featured_image":false,"ngg_post_thumbnail":0,"footnotes":""},"class_list":["post-497","page","type-page","status-publish","hentry"],"acf":[],"yoast_head":"<!-- This site is optimized with the Yoast SEO plugin v26.4 - https:\/\/yoast.com\/wordpress\/plugins\/seo\/ -->\n<title>Systemy konwergentne - Katedra Fotoniki, Elektroniki i Techniki \u015awietlnej<\/title>\n<meta name=\"robots\" content=\"index, follow, max-snippet:-1, max-image-preview:large, max-video-preview:-1\" \/>\n<link rel=\"canonical\" href=\"https:\/\/we.pb.edu.pl\/kfeits\/krzysztof-konopko\/eit1s\/syskon\/\" \/>\n<meta property=\"og:locale\" content=\"pl_PL\" \/>\n<meta property=\"og:type\" content=\"article\" \/>\n<meta property=\"og:title\" content=\"Systemy konwergentne - Katedra Fotoniki, Elektroniki i Techniki \u015awietlnej\" \/>\n<meta property=\"og:description\" content=\"ul. Zwierzyniecka 10, 15-351 Bia\u0142ystok, s. CBD-32 prowadz\u0105cy: Krzysztof Konopko Prezentacje z wyk\u0142adu: Wiadomo\u015bci wst\u0119pne.\u00a0Komutacja,wi\u0119cej\" \/>\n<meta property=\"og:url\" content=\"https:\/\/we.pb.edu.pl\/kfeits\/krzysztof-konopko\/eit1s\/syskon\/\" \/>\n<meta property=\"og:site_name\" content=\"Katedra Fotoniki, Elektroniki i Techniki \u015awietlnej\" \/>\n<meta property=\"article:modified_time\" content=\"2026-04-27T14:03:07+00:00\" \/>\n<meta name=\"twitter:card\" content=\"summary_large_image\" \/>\n<meta name=\"twitter:label1\" content=\"Szacowany czas czytania\" \/>\n\t<meta name=\"twitter:data1\" content=\"2 minuty\" \/>\n<script type=\"application\/ld+json\" class=\"yoast-schema-graph\">{\"@context\":\"https:\/\/schema.org\",\"@graph\":[{\"@type\":\"WebPage\",\"@id\":\"https:\/\/we.pb.edu.pl\/kfeits\/krzysztof-konopko\/eit1s\/syskon\/\",\"url\":\"https:\/\/we.pb.edu.pl\/kfeits\/krzysztof-konopko\/eit1s\/syskon\/\",\"name\":\"Systemy konwergentne - Katedra Fotoniki, Elektroniki i Techniki \u015awietlnej\",\"isPartOf\":{\"@id\":\"https:\/\/we.pb.edu.pl\/kfeits\/#website\"},\"datePublished\":\"2018-10-03T12:44:34+00:00\",\"dateModified\":\"2026-04-27T14:03:07+00:00\",\"breadcrumb\":{\"@id\":\"https:\/\/we.pb.edu.pl\/kfeits\/krzysztof-konopko\/eit1s\/syskon\/#breadcrumb\"},\"inLanguage\":\"pl-PL\",\"potentialAction\":[{\"@type\":\"ReadAction\",\"target\":[\"https:\/\/we.pb.edu.pl\/kfeits\/krzysztof-konopko\/eit1s\/syskon\/\"]}]},{\"@type\":\"BreadcrumbList\",\"@id\":\"https:\/\/we.pb.edu.pl\/kfeits\/krzysztof-konopko\/eit1s\/syskon\/#breadcrumb\",\"itemListElement\":[{\"@type\":\"ListItem\",\"position\":1,\"name\":\"Strona g\u0142\u00f3wna\",\"item\":\"https:\/\/we.pb.edu.pl\/kfeits\/\"},{\"@type\":\"ListItem\",\"position\":2,\"name\":\"dr in\u017c. Krzysztof Konopko\",\"item\":\"https:\/\/we.pb.edu.pl\/kfeits\/krzysztof-konopko\/\"},{\"@type\":\"ListItem\",\"position\":3,\"name\":\"EiT1S\",\"item\":\"https:\/\/we.pb.edu.pl\/kfeits\/krzysztof-konopko\/eit1s\/\"},{\"@type\":\"ListItem\",\"position\":4,\"name\":\"Systemy konwergentne\"}]},{\"@type\":\"WebSite\",\"@id\":\"https:\/\/we.pb.edu.pl\/kfeits\/#website\",\"url\":\"https:\/\/we.pb.edu.pl\/kfeits\/\",\"name\":\"Katedra Fotoniki, Elektroniki i Techniki \u015awietlnej\",\"description\":\"\",\"potentialAction\":[{\"@type\":\"SearchAction\",\"target\":{\"@type\":\"EntryPoint\",\"urlTemplate\":\"https:\/\/we.pb.edu.pl\/kfeits\/?s={search_term_string}\"},\"query-input\":{\"@type\":\"PropertyValueSpecification\",\"valueRequired\":true,\"valueName\":\"search_term_string\"}}],\"inLanguage\":\"pl-PL\"}]}<\/script>\n<!-- \/ Yoast SEO plugin. -->","yoast_head_json":{"title":"Systemy konwergentne - Katedra Fotoniki, Elektroniki i Techniki \u015awietlnej","robots":{"index":"index","follow":"follow","max-snippet":"max-snippet:-1","max-image-preview":"max-image-preview:large","max-video-preview":"max-video-preview:-1"},"canonical":"https:\/\/we.pb.edu.pl\/kfeits\/krzysztof-konopko\/eit1s\/syskon\/","og_locale":"pl_PL","og_type":"article","og_title":"Systemy konwergentne - Katedra Fotoniki, Elektroniki i Techniki \u015awietlnej","og_description":"ul. Zwierzyniecka 10, 15-351 Bia\u0142ystok, s. CBD-32 prowadz\u0105cy: Krzysztof Konopko Prezentacje z wyk\u0142adu: Wiadomo\u015bci wst\u0119pne.\u00a0Komutacja,wi\u0119cej","og_url":"https:\/\/we.pb.edu.pl\/kfeits\/krzysztof-konopko\/eit1s\/syskon\/","og_site_name":"Katedra Fotoniki, Elektroniki i Techniki \u015awietlnej","article_modified_time":"2026-04-27T14:03:07+00:00","twitter_card":"summary_large_image","twitter_misc":{"Szacowany czas czytania":"2 minuty"},"schema":{"@context":"https:\/\/schema.org","@graph":[{"@type":"WebPage","@id":"https:\/\/we.pb.edu.pl\/kfeits\/krzysztof-konopko\/eit1s\/syskon\/","url":"https:\/\/we.pb.edu.pl\/kfeits\/krzysztof-konopko\/eit1s\/syskon\/","name":"Systemy konwergentne - Katedra Fotoniki, Elektroniki i Techniki \u015awietlnej","isPartOf":{"@id":"https:\/\/we.pb.edu.pl\/kfeits\/#website"},"datePublished":"2018-10-03T12:44:34+00:00","dateModified":"2026-04-27T14:03:07+00:00","breadcrumb":{"@id":"https:\/\/we.pb.edu.pl\/kfeits\/krzysztof-konopko\/eit1s\/syskon\/#breadcrumb"},"inLanguage":"pl-PL","potentialAction":[{"@type":"ReadAction","target":["https:\/\/we.pb.edu.pl\/kfeits\/krzysztof-konopko\/eit1s\/syskon\/"]}]},{"@type":"BreadcrumbList","@id":"https:\/\/we.pb.edu.pl\/kfeits\/krzysztof-konopko\/eit1s\/syskon\/#breadcrumb","itemListElement":[{"@type":"ListItem","position":1,"name":"Strona g\u0142\u00f3wna","item":"https:\/\/we.pb.edu.pl\/kfeits\/"},{"@type":"ListItem","position":2,"name":"dr in\u017c. Krzysztof Konopko","item":"https:\/\/we.pb.edu.pl\/kfeits\/krzysztof-konopko\/"},{"@type":"ListItem","position":3,"name":"EiT1S","item":"https:\/\/we.pb.edu.pl\/kfeits\/krzysztof-konopko\/eit1s\/"},{"@type":"ListItem","position":4,"name":"Systemy konwergentne"}]},{"@type":"WebSite","@id":"https:\/\/we.pb.edu.pl\/kfeits\/#website","url":"https:\/\/we.pb.edu.pl\/kfeits\/","name":"Katedra Fotoniki, Elektroniki i Techniki \u015awietlnej","description":"","potentialAction":[{"@type":"SearchAction","target":{"@type":"EntryPoint","urlTemplate":"https:\/\/we.pb.edu.pl\/kfeits\/?s={search_term_string}"},"query-input":{"@type":"PropertyValueSpecification","valueRequired":true,"valueName":"search_term_string"}}],"inLanguage":"pl-PL"}]}},"_links":{"self":[{"href":"https:\/\/we.pb.edu.pl\/kfeits\/wp-json\/wp\/v2\/pages\/497","targetHints":{"allow":["GET"]}}],"collection":[{"href":"https:\/\/we.pb.edu.pl\/kfeits\/wp-json\/wp\/v2\/pages"}],"about":[{"href":"https:\/\/we.pb.edu.pl\/kfeits\/wp-json\/wp\/v2\/types\/page"}],"author":[{"embeddable":true,"href":"https:\/\/we.pb.edu.pl\/kfeits\/wp-json\/wp\/v2\/users\/20"}],"replies":[{"embeddable":true,"href":"https:\/\/we.pb.edu.pl\/kfeits\/wp-json\/wp\/v2\/comments?post=497"}],"version-history":[{"count":103,"href":"https:\/\/we.pb.edu.pl\/kfeits\/wp-json\/wp\/v2\/pages\/497\/revisions"}],"predecessor-version":[{"id":6411,"href":"https:\/\/we.pb.edu.pl\/kfeits\/wp-json\/wp\/v2\/pages\/497\/revisions\/6411"}],"up":[{"embeddable":true,"href":"https:\/\/we.pb.edu.pl\/kfeits\/wp-json\/wp\/v2\/pages\/4393"}],"wp:attachment":[{"href":"https:\/\/we.pb.edu.pl\/kfeits\/wp-json\/wp\/v2\/media?parent=497"}],"curies":[{"name":"wp","href":"https:\/\/api.w.org\/{rel}","templated":true}]}}