{"id":491,"date":"2018-10-03T13:53:48","date_gmt":"2018-10-03T11:53:48","guid":{"rendered":"https:\/\/we.pb.edu.pl\/ktiae\/?page_id=491"},"modified":"2026-02-25T14:38:25","modified_gmt":"2026-02-25T13:38:25","slug":"krzysztof-konopko","status":"publish","type":"page","link":"https:\/\/we.pb.edu.pl\/kfeits\/krzysztof-konopko\/","title":{"rendered":"dr in\u017c. Krzysztof Konopko"},"content":{"rendered":"<p><strong>ul. Wiejska 45D, 15-351 Bia\u0142ystok, p. 335, tel (085) 746 9404<\/strong><br \/>\n<a href=\"mailto:k.konopko@pb.edu.pl\">k.konopko@pb.edu.pl<\/a><\/p>\n<hr \/>\n<p><strong>Konsultacje:<\/strong><\/p>\n<ul>\n<li><\/li>\n<\/ul>\n<hr \/>\n<p><strong>Zaj\u0119cia:<\/strong><\/p>\n<ul>\n<li><a href=\"https:\/\/we.pb.edu.pl\/kfeits\/krzysztof-konopko\/eit1s\/\">Elektronika i telekomunikacja I stopnia stacjonarne<\/a><\/li>\n<li><a href=\"https:\/\/we.pb.edu.pl\/kfeits\/krzysztof-konopko\/eit2s\/\">Elektronika i telekomunikacja II stopnia stacjonarne<\/a><\/li>\n<li><a href=\"https:\/\/we.pb.edu.pl\/kfeits\/krzysztof-konopko\/eit1n\/\">Elektronika i telekomunikacja I stopnia niestacjonarne<\/a><\/li>\n<li><a href=\"https:\/\/we.pb.edu.pl\/kfeits\/krzysztof-konopko\/eit2n\/\">Elektronika i telekomunikacja II stopnia niestacjonarne<\/a><\/li>\n<li><a href=\"https:\/\/we.pb.edu.pl\/kfeits\/krzysztof-konopko\/cp1s\/\">Cyfryzacja przemys\u0142u I stopnia stacjonarne<\/a><\/li>\n<li><a href=\"https:\/\/we.pb.edu.pl\/kfeits\/krzysztof-konopko\/air1s\/\">Automatyka i robotyka I stopnia stacjonarne<\/a><\/li>\n<li><a href=\"https:\/\/we.pb.edu.pl\/kfeits\/krzysztof-konopko\/erasmus\/\">Subjects taught in English<\/a><\/li>\n<\/ul>\n<hr \/>\n<p><strong>Ciekawe strony:<\/strong><\/p>\n<ul>\n<li><a href=\"\/kfeits\/w-sieci-rzeczy\/\">Ko\u0142o Naukowe System\u00f3w Wbudowanych \u201eW sieci rzeczy\u201d.<\/a><\/li>\n<li><a href=\"https:\/\/box.biaman.pl\/seafhttp\/f\/451563722cbb45709681\/?op=view\">cubeprogrammer<\/a>\u00a0 <a href=\"https:\/\/box.biaman.pl\/seafhttp\/f\/e76fce9dc98b4e7aa418\/?op=view\">install<\/a><\/li>\n<\/ul>\n","protected":false},"excerpt":{"rendered":"<p>ul. Wiejska 45D, 15-351 Bia\u0142ystok, p. 335, tel (085) 746 9404 k.konopko@pb.edu.pl Konsultacje: Zaj\u0119cia: Elektronika<a class=\"read-more\" href=\"https:\/\/we.pb.edu.pl\/kfeits\/krzysztof-konopko\/\" title=\"Poka\u017c artyku\u0142 dr in\u017c. Krzysztof Konopko\">wi\u0119cej<\/a><\/p>\n","protected":false},"author":20,"featured_media":0,"parent":0,"menu_order":0,"comment_status":"closed","ping_status":"closed","template":"","meta":{"inline_featured_image":false,"ngg_post_thumbnail":0,"footnotes":""},"class_list":["post-491","page","type-page","status-publish","hentry"],"acf":[],"yoast_head":"<!-- This site is optimized with the Yoast SEO plugin v26.4 - https:\/\/yoast.com\/wordpress\/plugins\/seo\/ -->\n<title>dr in\u017c. Krzysztof Konopko - Katedra Fotoniki, Elektroniki i Techniki \u015awietlnej<\/title>\n<meta name=\"robots\" content=\"index, follow, max-snippet:-1, max-image-preview:large, max-video-preview:-1\" \/>\n<link rel=\"canonical\" href=\"https:\/\/we.pb.edu.pl\/kfeits\/krzysztof-konopko\/\" \/>\n<meta property=\"og:locale\" content=\"pl_PL\" \/>\n<meta property=\"og:type\" content=\"article\" \/>\n<meta property=\"og:title\" content=\"dr in\u017c. Krzysztof Konopko - Katedra Fotoniki, Elektroniki i Techniki \u015awietlnej\" \/>\n<meta property=\"og:description\" content=\"ul. Wiejska 45D, 15-351 Bia\u0142ystok, p. 335, tel (085) 746 9404 k.konopko@pb.edu.pl Konsultacje: Zaj\u0119cia: Elektronikawi\u0119cej\" \/>\n<meta property=\"og:url\" content=\"https:\/\/we.pb.edu.pl\/kfeits\/krzysztof-konopko\/\" \/>\n<meta property=\"og:site_name\" content=\"Katedra Fotoniki, Elektroniki i Techniki \u015awietlnej\" \/>\n<meta property=\"article:modified_time\" content=\"2026-02-25T13:38:25+00:00\" \/>\n<meta name=\"twitter:card\" content=\"summary_large_image\" \/>\n<meta name=\"twitter:label1\" content=\"Szacowany czas czytania\" \/>\n\t<meta name=\"twitter:data1\" content=\"1 minuta\" \/>\n<script type=\"application\/ld+json\" class=\"yoast-schema-graph\">{\"@context\":\"https:\/\/schema.org\",\"@graph\":[{\"@type\":\"WebPage\",\"@id\":\"https:\/\/we.pb.edu.pl\/kfeits\/krzysztof-konopko\/\",\"url\":\"https:\/\/we.pb.edu.pl\/kfeits\/krzysztof-konopko\/\",\"name\":\"dr in\u017c. Krzysztof Konopko - Katedra Fotoniki, Elektroniki i Techniki \u015awietlnej\",\"isPartOf\":{\"@id\":\"https:\/\/we.pb.edu.pl\/kfeits\/#website\"},\"datePublished\":\"2018-10-03T11:53:48+00:00\",\"dateModified\":\"2026-02-25T13:38:25+00:00\",\"breadcrumb\":{\"@id\":\"https:\/\/we.pb.edu.pl\/kfeits\/krzysztof-konopko\/#breadcrumb\"},\"inLanguage\":\"pl-PL\",\"potentialAction\":[{\"@type\":\"ReadAction\",\"target\":[\"https:\/\/we.pb.edu.pl\/kfeits\/krzysztof-konopko\/\"]}]},{\"@type\":\"BreadcrumbList\",\"@id\":\"https:\/\/we.pb.edu.pl\/kfeits\/krzysztof-konopko\/#breadcrumb\",\"itemListElement\":[{\"@type\":\"ListItem\",\"position\":1,\"name\":\"Strona g\u0142\u00f3wna\",\"item\":\"https:\/\/we.pb.edu.pl\/kfeits\/\"},{\"@type\":\"ListItem\",\"position\":2,\"name\":\"dr in\u017c. Krzysztof Konopko\"}]},{\"@type\":\"WebSite\",\"@id\":\"https:\/\/we.pb.edu.pl\/kfeits\/#website\",\"url\":\"https:\/\/we.pb.edu.pl\/kfeits\/\",\"name\":\"Katedra Fotoniki, Elektroniki i Techniki \u015awietlnej\",\"description\":\"\",\"potentialAction\":[{\"@type\":\"SearchAction\",\"target\":{\"@type\":\"EntryPoint\",\"urlTemplate\":\"https:\/\/we.pb.edu.pl\/kfeits\/?s={search_term_string}\"},\"query-input\":{\"@type\":\"PropertyValueSpecification\",\"valueRequired\":true,\"valueName\":\"search_term_string\"}}],\"inLanguage\":\"pl-PL\"}]}<\/script>\n<!-- \/ Yoast SEO plugin. -->","yoast_head_json":{"title":"dr in\u017c. Krzysztof Konopko - Katedra Fotoniki, Elektroniki i Techniki \u015awietlnej","robots":{"index":"index","follow":"follow","max-snippet":"max-snippet:-1","max-image-preview":"max-image-preview:large","max-video-preview":"max-video-preview:-1"},"canonical":"https:\/\/we.pb.edu.pl\/kfeits\/krzysztof-konopko\/","og_locale":"pl_PL","og_type":"article","og_title":"dr in\u017c. Krzysztof Konopko - Katedra Fotoniki, Elektroniki i Techniki \u015awietlnej","og_description":"ul. Wiejska 45D, 15-351 Bia\u0142ystok, p. 335, tel (085) 746 9404 k.konopko@pb.edu.pl Konsultacje: Zaj\u0119cia: Elektronikawi\u0119cej","og_url":"https:\/\/we.pb.edu.pl\/kfeits\/krzysztof-konopko\/","og_site_name":"Katedra Fotoniki, Elektroniki i Techniki \u015awietlnej","article_modified_time":"2026-02-25T13:38:25+00:00","twitter_card":"summary_large_image","twitter_misc":{"Szacowany czas czytania":"1 minuta"},"schema":{"@context":"https:\/\/schema.org","@graph":[{"@type":"WebPage","@id":"https:\/\/we.pb.edu.pl\/kfeits\/krzysztof-konopko\/","url":"https:\/\/we.pb.edu.pl\/kfeits\/krzysztof-konopko\/","name":"dr in\u017c. Krzysztof Konopko - Katedra Fotoniki, Elektroniki i Techniki \u015awietlnej","isPartOf":{"@id":"https:\/\/we.pb.edu.pl\/kfeits\/#website"},"datePublished":"2018-10-03T11:53:48+00:00","dateModified":"2026-02-25T13:38:25+00:00","breadcrumb":{"@id":"https:\/\/we.pb.edu.pl\/kfeits\/krzysztof-konopko\/#breadcrumb"},"inLanguage":"pl-PL","potentialAction":[{"@type":"ReadAction","target":["https:\/\/we.pb.edu.pl\/kfeits\/krzysztof-konopko\/"]}]},{"@type":"BreadcrumbList","@id":"https:\/\/we.pb.edu.pl\/kfeits\/krzysztof-konopko\/#breadcrumb","itemListElement":[{"@type":"ListItem","position":1,"name":"Strona g\u0142\u00f3wna","item":"https:\/\/we.pb.edu.pl\/kfeits\/"},{"@type":"ListItem","position":2,"name":"dr in\u017c. Krzysztof Konopko"}]},{"@type":"WebSite","@id":"https:\/\/we.pb.edu.pl\/kfeits\/#website","url":"https:\/\/we.pb.edu.pl\/kfeits\/","name":"Katedra Fotoniki, Elektroniki i Techniki \u015awietlnej","description":"","potentialAction":[{"@type":"SearchAction","target":{"@type":"EntryPoint","urlTemplate":"https:\/\/we.pb.edu.pl\/kfeits\/?s={search_term_string}"},"query-input":{"@type":"PropertyValueSpecification","valueRequired":true,"valueName":"search_term_string"}}],"inLanguage":"pl-PL"}]}},"_links":{"self":[{"href":"https:\/\/we.pb.edu.pl\/kfeits\/wp-json\/wp\/v2\/pages\/491","targetHints":{"allow":["GET"]}}],"collection":[{"href":"https:\/\/we.pb.edu.pl\/kfeits\/wp-json\/wp\/v2\/pages"}],"about":[{"href":"https:\/\/we.pb.edu.pl\/kfeits\/wp-json\/wp\/v2\/types\/page"}],"author":[{"embeddable":true,"href":"https:\/\/we.pb.edu.pl\/kfeits\/wp-json\/wp\/v2\/users\/20"}],"replies":[{"embeddable":true,"href":"https:\/\/we.pb.edu.pl\/kfeits\/wp-json\/wp\/v2\/comments?post=491"}],"version-history":[{"count":51,"href":"https:\/\/we.pb.edu.pl\/kfeits\/wp-json\/wp\/v2\/pages\/491\/revisions"}],"predecessor-version":[{"id":6183,"href":"https:\/\/we.pb.edu.pl\/kfeits\/wp-json\/wp\/v2\/pages\/491\/revisions\/6183"}],"wp:attachment":[{"href":"https:\/\/we.pb.edu.pl\/kfeits\/wp-json\/wp\/v2\/media?parent=491"}],"curies":[{"name":"wp","href":"https:\/\/api.w.org\/{rel}","templated":true}]}}