{"id":3555,"date":"2022-03-13T10:27:25","date_gmt":"2022-03-13T09:27:25","guid":{"rendered":"https:\/\/we.pb.edu.pl\/kfeits\/?page_id=3555"},"modified":"2026-03-06T19:12:09","modified_gmt":"2026-03-06T18:12:09","slug":"z_zsiuwske","status":"publish","type":"page","link":"https:\/\/we.pb.edu.pl\/kfeits\/andrzej-zankiewicz\/z_zsiuwske\/","title":{"rendered":"Zarz\u0105dzanie sieciami i us\u0142ugami w systemach komunikacji elektronicznej"},"content":{"rendered":"<p><span style=\"font-size: 12pt\"><strong>EiT, studia niestacjonarne 2 stopnia (magisterskie), sem. 2<\/strong><\/span><\/p>\n<hr \/>\n<p style=\"text-align: left\"><a href=\"https:\/\/box.biaman.pl\/d\/2861231341c1498688f4\/\"><strong>Materia\u0142y do wyk\u0142ad\u00f3w<\/strong><\/a><\/p>\n","protected":false},"excerpt":{"rendered":"<p>EiT, studia niestacjonarne 2 stopnia (magisterskie), sem. 2 Materia\u0142y do wyk\u0142ad\u00f3w<\/p>\n","protected":false},"author":24,"featured_media":0,"parent":573,"menu_order":0,"comment_status":"closed","ping_status":"closed","template":"","meta":{"inline_featured_image":false,"ngg_post_thumbnail":0,"footnotes":""},"class_list":["post-3555","page","type-page","status-publish","hentry"],"acf":[],"yoast_head":"<!-- This site is optimized with the Yoast SEO plugin v26.4 - https:\/\/yoast.com\/wordpress\/plugins\/seo\/ -->\n<title>Zarz\u0105dzanie sieciami i us\u0142ugami w systemach komunikacji elektronicznej - Katedra Fotoniki, Elektroniki i Techniki \u015awietlnej<\/title>\n<meta name=\"robots\" content=\"index, follow, max-snippet:-1, max-image-preview:large, max-video-preview:-1\" \/>\n<link rel=\"canonical\" href=\"https:\/\/we.pb.edu.pl\/kfeits\/andrzej-zankiewicz\/z_zsiuwske\/\" \/>\n<meta property=\"og:locale\" content=\"pl_PL\" \/>\n<meta property=\"og:type\" content=\"article\" \/>\n<meta property=\"og:title\" content=\"Zarz\u0105dzanie sieciami i us\u0142ugami w systemach komunikacji elektronicznej - Katedra Fotoniki, Elektroniki i Techniki \u015awietlnej\" \/>\n<meta property=\"og:description\" content=\"EiT, studia niestacjonarne 2 stopnia (magisterskie), sem. 2 Materia\u0142y do wyk\u0142ad\u00f3w\" \/>\n<meta property=\"og:url\" content=\"https:\/\/we.pb.edu.pl\/kfeits\/andrzej-zankiewicz\/z_zsiuwske\/\" \/>\n<meta property=\"og:site_name\" content=\"Katedra Fotoniki, Elektroniki i Techniki \u015awietlnej\" \/>\n<meta property=\"article:modified_time\" content=\"2026-03-06T18:12:09+00:00\" \/>\n<meta name=\"twitter:card\" content=\"summary_large_image\" \/>\n<meta name=\"twitter:label1\" content=\"Szacowany czas czytania\" \/>\n\t<meta name=\"twitter:data1\" content=\"1 minuta\" \/>\n<script type=\"application\/ld+json\" class=\"yoast-schema-graph\">{\"@context\":\"https:\/\/schema.org\",\"@graph\":[{\"@type\":\"WebPage\",\"@id\":\"https:\/\/we.pb.edu.pl\/kfeits\/andrzej-zankiewicz\/z_zsiuwske\/\",\"url\":\"https:\/\/we.pb.edu.pl\/kfeits\/andrzej-zankiewicz\/z_zsiuwske\/\",\"name\":\"Zarz\u0105dzanie sieciami i us\u0142ugami w systemach komunikacji elektronicznej - Katedra Fotoniki, Elektroniki i Techniki \u015awietlnej\",\"isPartOf\":{\"@id\":\"https:\/\/we.pb.edu.pl\/kfeits\/#website\"},\"datePublished\":\"2022-03-13T09:27:25+00:00\",\"dateModified\":\"2026-03-06T18:12:09+00:00\",\"breadcrumb\":{\"@id\":\"https:\/\/we.pb.edu.pl\/kfeits\/andrzej-zankiewicz\/z_zsiuwske\/#breadcrumb\"},\"inLanguage\":\"pl-PL\",\"potentialAction\":[{\"@type\":\"ReadAction\",\"target\":[\"https:\/\/we.pb.edu.pl\/kfeits\/andrzej-zankiewicz\/z_zsiuwske\/\"]}]},{\"@type\":\"BreadcrumbList\",\"@id\":\"https:\/\/we.pb.edu.pl\/kfeits\/andrzej-zankiewicz\/z_zsiuwske\/#breadcrumb\",\"itemListElement\":[{\"@type\":\"ListItem\",\"position\":1,\"name\":\"Strona g\u0142\u00f3wna\",\"item\":\"https:\/\/we.pb.edu.pl\/kfeits\/\"},{\"@type\":\"ListItem\",\"position\":2,\"name\":\"dr in\u017c. Andrzej Zankiewicz\",\"item\":\"https:\/\/we.pb.edu.pl\/kfeits\/andrzej-zankiewicz\/\"},{\"@type\":\"ListItem\",\"position\":3,\"name\":\"Zarz\u0105dzanie sieciami i us\u0142ugami w systemach komunikacji elektronicznej\"}]},{\"@type\":\"WebSite\",\"@id\":\"https:\/\/we.pb.edu.pl\/kfeits\/#website\",\"url\":\"https:\/\/we.pb.edu.pl\/kfeits\/\",\"name\":\"Katedra Fotoniki, Elektroniki i Techniki \u015awietlnej\",\"description\":\"\",\"potentialAction\":[{\"@type\":\"SearchAction\",\"target\":{\"@type\":\"EntryPoint\",\"urlTemplate\":\"https:\/\/we.pb.edu.pl\/kfeits\/?s={search_term_string}\"},\"query-input\":{\"@type\":\"PropertyValueSpecification\",\"valueRequired\":true,\"valueName\":\"search_term_string\"}}],\"inLanguage\":\"pl-PL\"}]}<\/script>\n<!-- \/ Yoast SEO plugin. -->","yoast_head_json":{"title":"Zarz\u0105dzanie sieciami i us\u0142ugami w systemach komunikacji elektronicznej - Katedra Fotoniki, Elektroniki i Techniki \u015awietlnej","robots":{"index":"index","follow":"follow","max-snippet":"max-snippet:-1","max-image-preview":"max-image-preview:large","max-video-preview":"max-video-preview:-1"},"canonical":"https:\/\/we.pb.edu.pl\/kfeits\/andrzej-zankiewicz\/z_zsiuwske\/","og_locale":"pl_PL","og_type":"article","og_title":"Zarz\u0105dzanie sieciami i us\u0142ugami w systemach komunikacji elektronicznej - Katedra Fotoniki, Elektroniki i Techniki \u015awietlnej","og_description":"EiT, studia niestacjonarne 2 stopnia (magisterskie), sem. 2 Materia\u0142y do wyk\u0142ad\u00f3w","og_url":"https:\/\/we.pb.edu.pl\/kfeits\/andrzej-zankiewicz\/z_zsiuwske\/","og_site_name":"Katedra Fotoniki, Elektroniki i Techniki \u015awietlnej","article_modified_time":"2026-03-06T18:12:09+00:00","twitter_card":"summary_large_image","twitter_misc":{"Szacowany czas czytania":"1 minuta"},"schema":{"@context":"https:\/\/schema.org","@graph":[{"@type":"WebPage","@id":"https:\/\/we.pb.edu.pl\/kfeits\/andrzej-zankiewicz\/z_zsiuwske\/","url":"https:\/\/we.pb.edu.pl\/kfeits\/andrzej-zankiewicz\/z_zsiuwske\/","name":"Zarz\u0105dzanie sieciami i us\u0142ugami w systemach komunikacji elektronicznej - Katedra Fotoniki, Elektroniki i Techniki \u015awietlnej","isPartOf":{"@id":"https:\/\/we.pb.edu.pl\/kfeits\/#website"},"datePublished":"2022-03-13T09:27:25+00:00","dateModified":"2026-03-06T18:12:09+00:00","breadcrumb":{"@id":"https:\/\/we.pb.edu.pl\/kfeits\/andrzej-zankiewicz\/z_zsiuwske\/#breadcrumb"},"inLanguage":"pl-PL","potentialAction":[{"@type":"ReadAction","target":["https:\/\/we.pb.edu.pl\/kfeits\/andrzej-zankiewicz\/z_zsiuwske\/"]}]},{"@type":"BreadcrumbList","@id":"https:\/\/we.pb.edu.pl\/kfeits\/andrzej-zankiewicz\/z_zsiuwske\/#breadcrumb","itemListElement":[{"@type":"ListItem","position":1,"name":"Strona g\u0142\u00f3wna","item":"https:\/\/we.pb.edu.pl\/kfeits\/"},{"@type":"ListItem","position":2,"name":"dr in\u017c. Andrzej Zankiewicz","item":"https:\/\/we.pb.edu.pl\/kfeits\/andrzej-zankiewicz\/"},{"@type":"ListItem","position":3,"name":"Zarz\u0105dzanie sieciami i us\u0142ugami w systemach komunikacji elektronicznej"}]},{"@type":"WebSite","@id":"https:\/\/we.pb.edu.pl\/kfeits\/#website","url":"https:\/\/we.pb.edu.pl\/kfeits\/","name":"Katedra Fotoniki, Elektroniki i Techniki \u015awietlnej","description":"","potentialAction":[{"@type":"SearchAction","target":{"@type":"EntryPoint","urlTemplate":"https:\/\/we.pb.edu.pl\/kfeits\/?s={search_term_string}"},"query-input":{"@type":"PropertyValueSpecification","valueRequired":true,"valueName":"search_term_string"}}],"inLanguage":"pl-PL"}]}},"_links":{"self":[{"href":"https:\/\/we.pb.edu.pl\/kfeits\/wp-json\/wp\/v2\/pages\/3555","targetHints":{"allow":["GET"]}}],"collection":[{"href":"https:\/\/we.pb.edu.pl\/kfeits\/wp-json\/wp\/v2\/pages"}],"about":[{"href":"https:\/\/we.pb.edu.pl\/kfeits\/wp-json\/wp\/v2\/types\/page"}],"author":[{"embeddable":true,"href":"https:\/\/we.pb.edu.pl\/kfeits\/wp-json\/wp\/v2\/users\/24"}],"replies":[{"embeddable":true,"href":"https:\/\/we.pb.edu.pl\/kfeits\/wp-json\/wp\/v2\/comments?post=3555"}],"version-history":[{"count":6,"href":"https:\/\/we.pb.edu.pl\/kfeits\/wp-json\/wp\/v2\/pages\/3555\/revisions"}],"predecessor-version":[{"id":6287,"href":"https:\/\/we.pb.edu.pl\/kfeits\/wp-json\/wp\/v2\/pages\/3555\/revisions\/6287"}],"up":[{"embeddable":true,"href":"https:\/\/we.pb.edu.pl\/kfeits\/wp-json\/wp\/v2\/pages\/573"}],"wp:attachment":[{"href":"https:\/\/we.pb.edu.pl\/kfeits\/wp-json\/wp\/v2\/media?parent=3555"}],"curies":[{"name":"wp","href":"https:\/\/api.w.org\/{rel}","templated":true}]}}