{"id":272,"date":"2018-05-23T10:16:28","date_gmt":"2018-05-23T08:16:28","guid":{"rendered":"https:\/\/we.pb.edu.pl\/ktiae\/?page_id=272"},"modified":"2023-10-23T10:52:17","modified_gmt":"2023-10-23T08:52:17","slug":"seminaria","status":"publish","type":"page","link":"https:\/\/we.pb.edu.pl\/kfeits\/nauka-i-badania\/seminaria\/","title":{"rendered":"Seminaria"},"content":{"rendered":"<p>Seminaria KFEiT\u015a odbywaj\u0105 si\u0119 w sali WE-306 o godzinie 10:15.<\/p>\n<hr>\n<div class=\"lista-seminariow\">\n  \n                                  \n                \n                                            \n                <article class=\"event\">\n\n                    <div class=\"date\">\n                        <span class=\"month\">04.2026<\/span>\n                        <span class=\"day\">22<\/span>\n                    <\/div>\n\n                    <h2><a href=\"https:\/\/we.pb.edu.pl\/kfeits\/seminaria\/dobre-praktyki-ksztalcenia-na-kierunku-elektrotechnika-studia-dualne\/\" rel=\"bookmark\">Dobre praktyki kszta\u0142cenia na kierunku Elektrotechnika studia dualne<\/a><\/h2>\n\n                    \n                    <div class=\"entry\">\n                        <p>dr hab. in\u017c. Renata Markowska, prof. PB<\/p>\n                    <\/div>\n                    \n                <\/article>\n                                            \n                <article class=\"event\">\n\n                    <div class=\"date\">\n                        <span class=\"month\">05.2026<\/span>\n                        <span class=\"day\">06<\/span>\n                    <\/div>\n\n                    <h2><a href=\"https:\/\/we.pb.edu.pl\/kfeits\/seminaria\/rola-wydzialu-elektrycznego-w-projektach-br-na-przykladach\/\" rel=\"bookmark\">Rola Wydzia\u0142u Elektrycznego w\u00a0projektach B+R na przyk\u0142adach<\/a><\/h2>\n\n                    \n                    <div class=\"entry\">\n                        <p>dr hab. in\u017c. Maciej Zajkowski, prof. PB<\/p>\n                    <\/div>\n                    \n                <\/article>\n                                            \n                <article class=\"event\">\n\n                    <div class=\"date\">\n                        <span class=\"month\">05.2026<\/span>\n                        <span class=\"day\">13<\/span>\n                    <\/div>\n\n                    <h2><a href=\"https:\/\/we.pb.edu.pl\/kfeits\/seminaria\/bezposrednie-zapisywanie-laserowe-femtosekundowe-femtosecond-direct-laser-writing-w-pmma\/\" rel=\"bookmark\">Bezpo\u015brednie zapisywanie laserowe femtosekundowe (femtosecond direct laser writing) w PMMA<\/a><\/h2>\n\n                    \n                    <div class=\"entry\">\n                        <p>mgr Valiantsin Askirka, prof. dr hab. in\u017c. Piotr Miluski<\/p>\n                    <\/div>\n                    \n                <\/article>\n                                            \n                <article class=\"event\">\n\n                    <div class=\"date\">\n                        <span class=\"month\">05.2026<\/span>\n                        <span class=\"day\">27<\/span>\n                    <\/div>\n\n                    <h2><a href=\"https:\/\/we.pb.edu.pl\/kfeits\/seminaria\/konferencja-szkla-i-swiatla\/\" rel=\"bookmark\">Szk\u0142a tlenkowe domieszkowane erbem i\u00a0iterbem \u2014 od materia\u0142u do cienkiej warstwy fotonicznej<\/a><\/h2>\n\n                    \n                    <div class=\"entry\">\n                        <p>mgr in\u017c. Karolina Sadowska; dr hab. in\u017c. Jacek Mariusz \u017bmojda, prof. PB; dr in\u017c. Tomasz Ragi\u0144<\/p>\n                    <\/div>\n                    \n                <\/article>\n                                            \n                <article class=\"event\">\n\n                    <div class=\"date\">\n                        <span class=\"month\">05.2026<\/span>\n                        <span class=\"day\">27<\/span>\n                    <\/div>\n\n                    <h2><a href=\"https:\/\/we.pb.edu.pl\/kfeits\/seminaria\/algorytm-sterownia-zrodlem-polprzewodnikowym-ssl-przy-wykorzystaniu-pasywnego-pasma-transmisyjnego-luminoforu\/\" rel=\"bookmark\">Algorytm sterownia \u017ar\u00f3d\u0142em p\u00f3\u0142przewodnikowym SSL przy wykorzystaniu pasywnego pasma transmisyjnego luminoforu<\/a><\/h2>\n\n                    \n                    <div class=\"entry\">\n                        <p>dr in\u017c. Mateusz Prorok<\/p>\n                    <\/div>\n                    \n                <\/article>\n                                            \n                <article class=\"event\">\n\n                    <div class=\"date\">\n                        <span class=\"month\">06.2026<\/span>\n                        <span class=\"day\">10<\/span>\n                    <\/div>\n\n                    <h2><a href=\"https:\/\/we.pb.edu.pl\/kfeits\/seminaria\/szkla-domieszkowane-kropkami-kwantowymi-i-jonami-pierwiastkow-ziem-rzadkich-do-zastosowan-w-zrodlach-wloknowych-pracujacych-w-zakresie-bliskiej-podczerwieni\/\" rel=\"bookmark\">Szk\u0142a domieszkowane kropkami kwantowymi i\u00a0jonami pierwiastk\u00f3w ziem rzadkich do zastosowa\u0144 w\u00a0\u017ar\u00f3d\u0142ach w\u0142\u00f3knowych pracuj\u0105cych w\u00a0zakresie bliskiej podczerwieni<\/a><\/h2>\n\n                    \n                    <div class=\"entry\">\n                        <p>mgr in\u017c. Jakub Markiewicz, prof. dr hab. in\u017c. Marcin Kochanowicz, prof. dr hab. in\u017c Piotr Miluski, prof. dr hab. in\u017c. Jan Dorosz<\/p>\n                    <\/div>\n                    \n                <\/article>\n                                            \n                <article class=\"event\">\n\n                    <div class=\"date\">\n                        <span class=\"month\">06.2026<\/span>\n                        <span class=\"day\">10<\/span>\n                    <\/div>\n\n                    <h2><a href=\"https:\/\/we.pb.edu.pl\/kfeits\/seminaria\/wybrane-problemy-w-projektowaniu-systemow-dezynfekcji-promieniowaniem-uvc\/\" rel=\"bookmark\">Wybrane problemy w\u00a0projektowaniu system\u00f3w dezynfekcji promieniowaniem UVC<\/a><\/h2>\n\n                    \n                    <div class=\"entry\">\n                        <p>dr in\u017c. Urszula B\u0142aszczak, dr in\u017c. \u0141ukasz Gryko<\/p>\n                    <\/div>\n                    \n                <\/article>\n                                                    \n        \n                                          \n                        \n       \n    <!-- \/#events -->\n    \n<\/div>\n<p class=\"std\"><a href=\"\/kfeits\/archiwum-seminariow\/\">Archiwum seminari\u00f3w<\/a><\/p>\n","protected":false},"excerpt":{"rendered":"<p>Seminaria KFEiT\u015a odbywaj\u0105 si\u0119 w sali WE-306 o godzinie 10:15. Archiwum seminari\u00f3w<\/p>\n","protected":false},"author":9,"featured_media":0,"parent":255,"menu_order":1,"comment_status":"closed","ping_status":"closed","template":"","meta":{"inline_featured_image":false,"ngg_post_thumbnail":0,"footnotes":""},"class_list":["post-272","page","type-page","status-publish","hentry"],"acf":[],"yoast_head":"<!-- This site is optimized with the Yoast SEO plugin v26.4 - https:\/\/yoast.com\/wordpress\/plugins\/seo\/ -->\n<title>Seminaria - Katedra Fotoniki, Elektroniki i Techniki \u015awietlnej<\/title>\n<meta name=\"robots\" content=\"index, follow, max-snippet:-1, max-image-preview:large, max-video-preview:-1\" \/>\n<link rel=\"canonical\" href=\"https:\/\/we.pb.edu.pl\/kfeits\/nauka-i-badania\/seminaria\/\" \/>\n<meta property=\"og:locale\" content=\"pl_PL\" \/>\n<meta property=\"og:type\" content=\"article\" \/>\n<meta property=\"og:title\" content=\"Seminaria - Katedra Fotoniki, Elektroniki i Techniki \u015awietlnej\" \/>\n<meta property=\"og:description\" content=\"Seminaria KFEiT\u015a odbywaj\u0105 si\u0119 w sali WE-306 o godzinie 10:15. Archiwum seminari\u00f3w\" \/>\n<meta property=\"og:url\" content=\"https:\/\/we.pb.edu.pl\/kfeits\/nauka-i-badania\/seminaria\/\" \/>\n<meta property=\"og:site_name\" content=\"Katedra Fotoniki, Elektroniki i Techniki \u015awietlnej\" \/>\n<meta property=\"article:modified_time\" content=\"2023-10-23T08:52:17+00:00\" \/>\n<meta name=\"twitter:card\" content=\"summary_large_image\" \/>\n<meta name=\"twitter:label1\" content=\"Szacowany czas czytania\" \/>\n\t<meta name=\"twitter:data1\" content=\"1 minuta\" \/>\n<script type=\"application\/ld+json\" class=\"yoast-schema-graph\">{\"@context\":\"https:\/\/schema.org\",\"@graph\":[{\"@type\":\"WebPage\",\"@id\":\"https:\/\/we.pb.edu.pl\/kfeits\/nauka-i-badania\/seminaria\/\",\"url\":\"https:\/\/we.pb.edu.pl\/kfeits\/nauka-i-badania\/seminaria\/\",\"name\":\"Seminaria - Katedra Fotoniki, Elektroniki i Techniki \u015awietlnej\",\"isPartOf\":{\"@id\":\"https:\/\/we.pb.edu.pl\/kfeits\/#website\"},\"datePublished\":\"2018-05-23T08:16:28+00:00\",\"dateModified\":\"2023-10-23T08:52:17+00:00\",\"breadcrumb\":{\"@id\":\"https:\/\/we.pb.edu.pl\/kfeits\/nauka-i-badania\/seminaria\/#breadcrumb\"},\"inLanguage\":\"pl-PL\",\"potentialAction\":[{\"@type\":\"ReadAction\",\"target\":[\"https:\/\/we.pb.edu.pl\/kfeits\/nauka-i-badania\/seminaria\/\"]}]},{\"@type\":\"BreadcrumbList\",\"@id\":\"https:\/\/we.pb.edu.pl\/kfeits\/nauka-i-badania\/seminaria\/#breadcrumb\",\"itemListElement\":[{\"@type\":\"ListItem\",\"position\":1,\"name\":\"Strona g\u0142\u00f3wna\",\"item\":\"https:\/\/we.pb.edu.pl\/kfeits\/\"},{\"@type\":\"ListItem\",\"position\":2,\"name\":\"Nauka i badania\",\"item\":\"https:\/\/we.pb.edu.pl\/kfeits\/nauka-i-badania\/\"},{\"@type\":\"ListItem\",\"position\":3,\"name\":\"Seminaria\"}]},{\"@type\":\"WebSite\",\"@id\":\"https:\/\/we.pb.edu.pl\/kfeits\/#website\",\"url\":\"https:\/\/we.pb.edu.pl\/kfeits\/\",\"name\":\"Katedra Fotoniki, Elektroniki i Techniki \u015awietlnej\",\"description\":\"\",\"potentialAction\":[{\"@type\":\"SearchAction\",\"target\":{\"@type\":\"EntryPoint\",\"urlTemplate\":\"https:\/\/we.pb.edu.pl\/kfeits\/?s={search_term_string}\"},\"query-input\":{\"@type\":\"PropertyValueSpecification\",\"valueRequired\":true,\"valueName\":\"search_term_string\"}}],\"inLanguage\":\"pl-PL\"}]}<\/script>\n<!-- \/ Yoast SEO plugin. -->","yoast_head_json":{"title":"Seminaria - Katedra Fotoniki, Elektroniki i Techniki \u015awietlnej","robots":{"index":"index","follow":"follow","max-snippet":"max-snippet:-1","max-image-preview":"max-image-preview:large","max-video-preview":"max-video-preview:-1"},"canonical":"https:\/\/we.pb.edu.pl\/kfeits\/nauka-i-badania\/seminaria\/","og_locale":"pl_PL","og_type":"article","og_title":"Seminaria - Katedra Fotoniki, Elektroniki i Techniki \u015awietlnej","og_description":"Seminaria KFEiT\u015a odbywaj\u0105 si\u0119 w sali WE-306 o godzinie 10:15. Archiwum seminari\u00f3w","og_url":"https:\/\/we.pb.edu.pl\/kfeits\/nauka-i-badania\/seminaria\/","og_site_name":"Katedra Fotoniki, Elektroniki i Techniki \u015awietlnej","article_modified_time":"2023-10-23T08:52:17+00:00","twitter_card":"summary_large_image","twitter_misc":{"Szacowany czas czytania":"1 minuta"},"schema":{"@context":"https:\/\/schema.org","@graph":[{"@type":"WebPage","@id":"https:\/\/we.pb.edu.pl\/kfeits\/nauka-i-badania\/seminaria\/","url":"https:\/\/we.pb.edu.pl\/kfeits\/nauka-i-badania\/seminaria\/","name":"Seminaria - Katedra Fotoniki, Elektroniki i Techniki \u015awietlnej","isPartOf":{"@id":"https:\/\/we.pb.edu.pl\/kfeits\/#website"},"datePublished":"2018-05-23T08:16:28+00:00","dateModified":"2023-10-23T08:52:17+00:00","breadcrumb":{"@id":"https:\/\/we.pb.edu.pl\/kfeits\/nauka-i-badania\/seminaria\/#breadcrumb"},"inLanguage":"pl-PL","potentialAction":[{"@type":"ReadAction","target":["https:\/\/we.pb.edu.pl\/kfeits\/nauka-i-badania\/seminaria\/"]}]},{"@type":"BreadcrumbList","@id":"https:\/\/we.pb.edu.pl\/kfeits\/nauka-i-badania\/seminaria\/#breadcrumb","itemListElement":[{"@type":"ListItem","position":1,"name":"Strona g\u0142\u00f3wna","item":"https:\/\/we.pb.edu.pl\/kfeits\/"},{"@type":"ListItem","position":2,"name":"Nauka i badania","item":"https:\/\/we.pb.edu.pl\/kfeits\/nauka-i-badania\/"},{"@type":"ListItem","position":3,"name":"Seminaria"}]},{"@type":"WebSite","@id":"https:\/\/we.pb.edu.pl\/kfeits\/#website","url":"https:\/\/we.pb.edu.pl\/kfeits\/","name":"Katedra Fotoniki, Elektroniki i Techniki \u015awietlnej","description":"","potentialAction":[{"@type":"SearchAction","target":{"@type":"EntryPoint","urlTemplate":"https:\/\/we.pb.edu.pl\/kfeits\/?s={search_term_string}"},"query-input":{"@type":"PropertyValueSpecification","valueRequired":true,"valueName":"search_term_string"}}],"inLanguage":"pl-PL"}]}},"_links":{"self":[{"href":"https:\/\/we.pb.edu.pl\/kfeits\/wp-json\/wp\/v2\/pages\/272","targetHints":{"allow":["GET"]}}],"collection":[{"href":"https:\/\/we.pb.edu.pl\/kfeits\/wp-json\/wp\/v2\/pages"}],"about":[{"href":"https:\/\/we.pb.edu.pl\/kfeits\/wp-json\/wp\/v2\/types\/page"}],"author":[{"embeddable":true,"href":"https:\/\/we.pb.edu.pl\/kfeits\/wp-json\/wp\/v2\/users\/9"}],"replies":[{"embeddable":true,"href":"https:\/\/we.pb.edu.pl\/kfeits\/wp-json\/wp\/v2\/comments?post=272"}],"version-history":[{"count":14,"href":"https:\/\/we.pb.edu.pl\/kfeits\/wp-json\/wp\/v2\/pages\/272\/revisions"}],"predecessor-version":[{"id":4563,"href":"https:\/\/we.pb.edu.pl\/kfeits\/wp-json\/wp\/v2\/pages\/272\/revisions\/4563"}],"up":[{"embeddable":true,"href":"https:\/\/we.pb.edu.pl\/kfeits\/wp-json\/wp\/v2\/pages\/255"}],"wp:attachment":[{"href":"https:\/\/we.pb.edu.pl\/kfeits\/wp-json\/wp\/v2\/media?parent=272"}],"curies":[{"name":"wp","href":"https:\/\/api.w.org\/{rel}","templated":true}]}}