{"id":2475,"date":"2020-10-04T19:03:28","date_gmt":"2020-10-04T17:03:28","guid":{"rendered":"https:\/\/we.pb.edu.pl\/kfeits\/?page_id=2475"},"modified":"2025-10-27T14:27:45","modified_gmt":"2025-10-27T13:27:45","slug":"systemy-wbudowane","status":"publish","type":"page","link":"https:\/\/we.pb.edu.pl\/kfeits\/krzysztof-konopko\/eit1s\/systemy-wbudowane\/","title":{"rendered":"Systemy wbudowane"},"content":{"rendered":"<p><strong>ul. Zwierzyniecka 10, 15-351 Bia\u0142ystok, s. CBD-32<\/strong><\/p>\n<p>prowadz\u0105cy: <a href=\"https:\/\/we.pb.edu.pl\/kfeits\/krzysztof-konopko\/\">Krzysztof Konopko<\/a><\/p>\n<hr \/>\n<p><strong>Prezentacje z wyk\u0142adu:<\/strong><\/p>\n<ul>\n<li><a href=\"https:\/\/box.biaman.pl\/f\/dd0fd2f0b92b42e9b87c\/?raw=1&amp;ext=.pdf\">Informacje o przedmiocie. Systemy operacyjne. Linux.<\/a><\/li>\n<li><a href=\"https:\/\/box.biaman.pl\/f\/44964b163ac2428e9e0d\/?raw=1&amp;ext=.pdf\">Pow\u0142oka bash.<\/a><\/li>\n<li><a href=\"https:\/\/box.biaman.pl\/f\/f405efeb6e4b4bab9c8b\/?raw=1&amp;ext=.pdf\">Skrypty pow\u0142oki. <\/a><\/li>\n<li><a href=\"https:\/\/box.biaman.pl\/f\/ce241a04729d4475be57\/?raw=1&amp;ext=.pdf\">Toolchain.<\/a><\/li>\n<li><a href=\"https:\/\/box.biaman.pl\/f\/70b42d5a036a4ed19982\/?raw=1&amp;ext=.pdf\">J\u0105dro Linuksa.<\/a><\/li>\n<li><a href=\"https:\/\/box.biaman.pl\/f\/cd4598306fe34906be58\/?raw=1&amp;ext=.pdf\">Minimalistyczny system dla urz\u0105dze\u0144 wbudowanych.<\/a><\/li>\n<li><a href=\"https:\/\/box.biaman.pl\/f\/5952c551b2704a18add1\/?raw=1&amp;ext=.pdf\">OpenWrt.<\/a><\/li>\n<\/ul>\n<hr \/>\n<p><strong>Instrukcje do<\/strong> <strong>\u0107wicze\u0144 laboratoryjnych:<\/strong><\/p>\n<ul>\n<li><a href=\"https:\/\/box.biaman.pl\/f\/10e30dca9d5f46a5a8d2\/?raw=1&amp;ext=.pdf\">Programowanie w pow\u0142oce bash.<\/a><\/li>\n<li><a href=\"https:\/\/box.biaman.pl\/f\/b8ff976e4a314ad9b200\/?raw=1&amp;ext=.pdf\">Konfigurowanie \u015brodowiska kompilacji skro\u015bnej dla architektury ARM.<\/a><\/li>\n<li><a href=\"https:\/\/box.biaman.pl\/f\/ad0e433081184247b5cc\/?raw=1&amp;ext=.pdf\">Tworzenie minimalistycznego systemu z zastosowaniem Busyboksa<\/a> (plik <a href=\"https:\/\/box.biaman.pl\/f\/cab11e2505da4135b8fa\/?dl=1\">config.txt<\/a>, plik <a href=\"https:\/\/box.biaman.pl\/f\/a416e3b03f2a4c31acde\/?dl=1\">cmdline.txt<\/a>, obraz systemu <a href=\"https:\/\/box.biaman.pl\/f\/0f53c9ba1aa34e0bad7e\/?dl=1\">raspberry.img<\/a>)<\/li>\n<li><a href=\"https:\/\/box.biaman.pl\/f\/6f21b8153d5741d8a7e9\/?raw=1&amp;ext=.pdf\">OpenWrt<\/a> (<a href=\"https:\/\/box.biaman.pl\/seafhttp\/f\/b71333e2d82343fb99f2\/?op=view\">raspberrypi3.gz<\/a>, <a href=\"https:\/\/box.biaman.pl\/f\/0131f7cdae874ead933a\/\">stm32mp157f-dk2.gz<\/a>).<\/li>\n<li><a href=\"https:\/\/box.biaman.pl\/f\/9514133b297448d5bd84\/?raw=1&amp;ext=.pdf\">Obs\u0142uga czujnik\u00f3w.<\/a><\/li>\n<li>Programowanie system\u00f3w wbudowanych.<\/li>\n<\/ul>\n<hr \/>\n<p><strong>Materia\u0142y dodatkowe<\/strong><strong>:<\/strong><\/p>\n<ul>\n<li><a href=\"https:\/\/www.linuxjournal.com\/content\/diy-build-custom-minimal-linux-distribution-source\">Instrukcja tworzenia, bazuj\u0105cej na Busyboksie minimalistycznej dystrybucji systemu Linux.<\/a><\/li>\n<\/ul>\n<hr \/>\n<p><strong>Literatura:<\/strong><\/p>\n<ul>\n<li>Bis M., <i>Linux w systemach embedded<\/i>, Wydawnictwo BTC, Warszawa 2011.<\/li>\n<li>Skalski \u0141., <i>Linux embedded podstawy i aplikacje dla system\u00f3w embedded<\/i>, Wydawnictwo BTC, Warszawa 2012.<\/li>\n<li>Love R., <i>J\u0105dro Linuksa : przewodnik programisty<\/i>, Helion, Gliwice 2014.<\/li>\n<li>Sosna \u0141., <i>Linux. Komendy i polecenia. Wydanie IV rozszerzone<\/i>, Helion Gliwice 2014.<\/li>\n<li>Bis M., <i>Linux w systemach i.MX 6 series<\/i>, Wydawnictwo BTC, Warszawa 2015.<\/li>\n<\/ul>\n","protected":false},"excerpt":{"rendered":"<p>ul. Zwierzyniecka 10, 15-351 Bia\u0142ystok, s. CBD-32 prowadz\u0105cy: Krzysztof Konopko Prezentacje z wyk\u0142adu: Informacje o<a class=\"read-more\" href=\"https:\/\/we.pb.edu.pl\/kfeits\/krzysztof-konopko\/eit1s\/systemy-wbudowane\/\" title=\"Poka\u017c artyku\u0142 Systemy wbudowane\">wi\u0119cej<\/a><\/p>\n","protected":false},"author":20,"featured_media":0,"parent":4393,"menu_order":0,"comment_status":"closed","ping_status":"closed","template":"","meta":{"inline_featured_image":false,"ngg_post_thumbnail":0,"footnotes":""},"class_list":["post-2475","page","type-page","status-publish","hentry"],"acf":[],"yoast_head":"<!-- This site is optimized with the Yoast SEO plugin v26.4 - https:\/\/yoast.com\/wordpress\/plugins\/seo\/ -->\n<title>Systemy wbudowane - Katedra Fotoniki, Elektroniki i Techniki \u015awietlnej<\/title>\n<meta name=\"robots\" content=\"index, follow, max-snippet:-1, max-image-preview:large, max-video-preview:-1\" \/>\n<link rel=\"canonical\" href=\"https:\/\/we.pb.edu.pl\/kfeits\/krzysztof-konopko\/eit1s\/systemy-wbudowane\/\" \/>\n<meta property=\"og:locale\" content=\"pl_PL\" \/>\n<meta property=\"og:type\" content=\"article\" \/>\n<meta property=\"og:title\" content=\"Systemy wbudowane - Katedra Fotoniki, Elektroniki i Techniki \u015awietlnej\" \/>\n<meta property=\"og:description\" content=\"ul. Zwierzyniecka 10, 15-351 Bia\u0142ystok, s. CBD-32 prowadz\u0105cy: Krzysztof Konopko Prezentacje z wyk\u0142adu: Informacje owi\u0119cej\" \/>\n<meta property=\"og:url\" content=\"https:\/\/we.pb.edu.pl\/kfeits\/krzysztof-konopko\/eit1s\/systemy-wbudowane\/\" \/>\n<meta property=\"og:site_name\" content=\"Katedra Fotoniki, Elektroniki i Techniki \u015awietlnej\" \/>\n<meta property=\"article:modified_time\" content=\"2025-10-27T13:27:45+00:00\" \/>\n<meta name=\"twitter:card\" content=\"summary_large_image\" \/>\n<meta name=\"twitter:label1\" content=\"Szacowany czas czytania\" \/>\n\t<meta name=\"twitter:data1\" content=\"1 minuta\" \/>\n<script type=\"application\/ld+json\" class=\"yoast-schema-graph\">{\"@context\":\"https:\/\/schema.org\",\"@graph\":[{\"@type\":\"WebPage\",\"@id\":\"https:\/\/we.pb.edu.pl\/kfeits\/krzysztof-konopko\/eit1s\/systemy-wbudowane\/\",\"url\":\"https:\/\/we.pb.edu.pl\/kfeits\/krzysztof-konopko\/eit1s\/systemy-wbudowane\/\",\"name\":\"Systemy wbudowane - Katedra Fotoniki, Elektroniki i Techniki \u015awietlnej\",\"isPartOf\":{\"@id\":\"https:\/\/we.pb.edu.pl\/kfeits\/#website\"},\"datePublished\":\"2020-10-04T17:03:28+00:00\",\"dateModified\":\"2025-10-27T13:27:45+00:00\",\"breadcrumb\":{\"@id\":\"https:\/\/we.pb.edu.pl\/kfeits\/krzysztof-konopko\/eit1s\/systemy-wbudowane\/#breadcrumb\"},\"inLanguage\":\"pl-PL\",\"potentialAction\":[{\"@type\":\"ReadAction\",\"target\":[\"https:\/\/we.pb.edu.pl\/kfeits\/krzysztof-konopko\/eit1s\/systemy-wbudowane\/\"]}]},{\"@type\":\"BreadcrumbList\",\"@id\":\"https:\/\/we.pb.edu.pl\/kfeits\/krzysztof-konopko\/eit1s\/systemy-wbudowane\/#breadcrumb\",\"itemListElement\":[{\"@type\":\"ListItem\",\"position\":1,\"name\":\"Strona g\u0142\u00f3wna\",\"item\":\"https:\/\/we.pb.edu.pl\/kfeits\/\"},{\"@type\":\"ListItem\",\"position\":2,\"name\":\"dr in\u017c. Krzysztof Konopko\",\"item\":\"https:\/\/we.pb.edu.pl\/kfeits\/krzysztof-konopko\/\"},{\"@type\":\"ListItem\",\"position\":3,\"name\":\"EiT1S\",\"item\":\"https:\/\/we.pb.edu.pl\/kfeits\/krzysztof-konopko\/eit1s\/\"},{\"@type\":\"ListItem\",\"position\":4,\"name\":\"Systemy wbudowane\"}]},{\"@type\":\"WebSite\",\"@id\":\"https:\/\/we.pb.edu.pl\/kfeits\/#website\",\"url\":\"https:\/\/we.pb.edu.pl\/kfeits\/\",\"name\":\"Katedra Fotoniki, Elektroniki i Techniki \u015awietlnej\",\"description\":\"\",\"potentialAction\":[{\"@type\":\"SearchAction\",\"target\":{\"@type\":\"EntryPoint\",\"urlTemplate\":\"https:\/\/we.pb.edu.pl\/kfeits\/?s={search_term_string}\"},\"query-input\":{\"@type\":\"PropertyValueSpecification\",\"valueRequired\":true,\"valueName\":\"search_term_string\"}}],\"inLanguage\":\"pl-PL\"}]}<\/script>\n<!-- \/ Yoast SEO plugin. -->","yoast_head_json":{"title":"Systemy wbudowane - Katedra Fotoniki, Elektroniki i Techniki \u015awietlnej","robots":{"index":"index","follow":"follow","max-snippet":"max-snippet:-1","max-image-preview":"max-image-preview:large","max-video-preview":"max-video-preview:-1"},"canonical":"https:\/\/we.pb.edu.pl\/kfeits\/krzysztof-konopko\/eit1s\/systemy-wbudowane\/","og_locale":"pl_PL","og_type":"article","og_title":"Systemy wbudowane - Katedra Fotoniki, Elektroniki i Techniki \u015awietlnej","og_description":"ul. Zwierzyniecka 10, 15-351 Bia\u0142ystok, s. CBD-32 prowadz\u0105cy: Krzysztof Konopko Prezentacje z wyk\u0142adu: Informacje owi\u0119cej","og_url":"https:\/\/we.pb.edu.pl\/kfeits\/krzysztof-konopko\/eit1s\/systemy-wbudowane\/","og_site_name":"Katedra Fotoniki, Elektroniki i Techniki \u015awietlnej","article_modified_time":"2025-10-27T13:27:45+00:00","twitter_card":"summary_large_image","twitter_misc":{"Szacowany czas czytania":"1 minuta"},"schema":{"@context":"https:\/\/schema.org","@graph":[{"@type":"WebPage","@id":"https:\/\/we.pb.edu.pl\/kfeits\/krzysztof-konopko\/eit1s\/systemy-wbudowane\/","url":"https:\/\/we.pb.edu.pl\/kfeits\/krzysztof-konopko\/eit1s\/systemy-wbudowane\/","name":"Systemy wbudowane - Katedra Fotoniki, Elektroniki i Techniki \u015awietlnej","isPartOf":{"@id":"https:\/\/we.pb.edu.pl\/kfeits\/#website"},"datePublished":"2020-10-04T17:03:28+00:00","dateModified":"2025-10-27T13:27:45+00:00","breadcrumb":{"@id":"https:\/\/we.pb.edu.pl\/kfeits\/krzysztof-konopko\/eit1s\/systemy-wbudowane\/#breadcrumb"},"inLanguage":"pl-PL","potentialAction":[{"@type":"ReadAction","target":["https:\/\/we.pb.edu.pl\/kfeits\/krzysztof-konopko\/eit1s\/systemy-wbudowane\/"]}]},{"@type":"BreadcrumbList","@id":"https:\/\/we.pb.edu.pl\/kfeits\/krzysztof-konopko\/eit1s\/systemy-wbudowane\/#breadcrumb","itemListElement":[{"@type":"ListItem","position":1,"name":"Strona g\u0142\u00f3wna","item":"https:\/\/we.pb.edu.pl\/kfeits\/"},{"@type":"ListItem","position":2,"name":"dr in\u017c. Krzysztof Konopko","item":"https:\/\/we.pb.edu.pl\/kfeits\/krzysztof-konopko\/"},{"@type":"ListItem","position":3,"name":"EiT1S","item":"https:\/\/we.pb.edu.pl\/kfeits\/krzysztof-konopko\/eit1s\/"},{"@type":"ListItem","position":4,"name":"Systemy wbudowane"}]},{"@type":"WebSite","@id":"https:\/\/we.pb.edu.pl\/kfeits\/#website","url":"https:\/\/we.pb.edu.pl\/kfeits\/","name":"Katedra Fotoniki, Elektroniki i Techniki \u015awietlnej","description":"","potentialAction":[{"@type":"SearchAction","target":{"@type":"EntryPoint","urlTemplate":"https:\/\/we.pb.edu.pl\/kfeits\/?s={search_term_string}"},"query-input":{"@type":"PropertyValueSpecification","valueRequired":true,"valueName":"search_term_string"}}],"inLanguage":"pl-PL"}]}},"_links":{"self":[{"href":"https:\/\/we.pb.edu.pl\/kfeits\/wp-json\/wp\/v2\/pages\/2475","targetHints":{"allow":["GET"]}}],"collection":[{"href":"https:\/\/we.pb.edu.pl\/kfeits\/wp-json\/wp\/v2\/pages"}],"about":[{"href":"https:\/\/we.pb.edu.pl\/kfeits\/wp-json\/wp\/v2\/types\/page"}],"author":[{"embeddable":true,"href":"https:\/\/we.pb.edu.pl\/kfeits\/wp-json\/wp\/v2\/users\/20"}],"replies":[{"embeddable":true,"href":"https:\/\/we.pb.edu.pl\/kfeits\/wp-json\/wp\/v2\/comments?post=2475"}],"version-history":[{"count":56,"href":"https:\/\/we.pb.edu.pl\/kfeits\/wp-json\/wp\/v2\/pages\/2475\/revisions"}],"predecessor-version":[{"id":5984,"href":"https:\/\/we.pb.edu.pl\/kfeits\/wp-json\/wp\/v2\/pages\/2475\/revisions\/5984"}],"up":[{"embeddable":true,"href":"https:\/\/we.pb.edu.pl\/kfeits\/wp-json\/wp\/v2\/pages\/4393"}],"wp:attachment":[{"href":"https:\/\/we.pb.edu.pl\/kfeits\/wp-json\/wp\/v2\/media?parent=2475"}],"curies":[{"name":"wp","href":"https:\/\/api.w.org\/{rel}","templated":true}]}}

<p><strong>ul. Zwierzyniecka 10, 15-351 Białystok, s. CBD-32</strong></p>
<p>prowadzący: <a href="https://we.pb.edu.pl/kfeits/krzysztof-konopko/">Krzysztof Konopko</a></p>
<hr />
<p><strong>Prezentacje z wykładu:</strong></p>
<ul>
<li><a href="https://box.biaman.pl/f/dd0fd2f0b92b42e9b87c/?raw=1&amp;ext=.pdf">Informacje o przedmiocie. Systemy operacyjne. Linux.</a></li>
<li><a href="https://box.biaman.pl/f/44964b163ac2428e9e0d/?raw=1&amp;ext=.pdf">Powłoka bash.</a></li>
<li><a href="https://box.biaman.pl/f/f405efeb6e4b4bab9c8b/?raw=1&amp;ext=.pdf">Skrypty powłoki. </a></li>
<li><a href="https://box.biaman.pl/f/ce241a04729d4475be57/?raw=1&amp;ext=.pdf">Toolchain.</a></li>
<li><a href="https://box.biaman.pl/f/70b42d5a036a4ed19982/?raw=1&amp;ext=.pdf">Jądro Linuksa.</a></li>
<li><a href="https://box.biaman.pl/f/cd4598306fe34906be58/?raw=1&amp;ext=.pdf">Minimalistyczny system dla urządzeń wbudowanych.</a></li>
<li><a href="https://box.biaman.pl/f/5952c551b2704a18add1/?raw=1&amp;ext=.pdf">OpenWrt.</a></li>
</ul>
<hr />
<p><strong>Instrukcje do</strong> <strong>ćwiczeń laboratoryjnych:</strong></p>
<ul>
<li><a href="https://box.biaman.pl/f/10e30dca9d5f46a5a8d2/?raw=1&amp;ext=.pdf">Programowanie w powłoce bash.</a></li>
<li><a href="https://box.biaman.pl/f/b8ff976e4a314ad9b200/?raw=1&amp;ext=.pdf">Konfigurowanie środowiska kompilacji skrośnej dla architektury ARM.</a></li>
<li><a href="https://box.biaman.pl/f/ad0e433081184247b5cc/?raw=1&amp;ext=.pdf">Tworzenie minimalistycznego systemu z zastosowaniem Busyboksa</a> (plik <a href="https://box.biaman.pl/f/cab11e2505da4135b8fa/?dl=1">config.txt</a>, plik <a href="https://box.biaman.pl/f/a416e3b03f2a4c31acde/?dl=1">cmdline.txt</a>, obraz systemu <a href="https://box.biaman.pl/f/0f53c9ba1aa34e0bad7e/?dl=1">raspberry.img</a>)</li>
<li><a href="https://box.biaman.pl/f/6f21b8153d5741d8a7e9/?raw=1&amp;ext=.pdf">OpenWrt</a> (<a href="https://box.biaman.pl/seafhttp/f/b71333e2d82343fb99f2/?op=view">raspberrypi3.gz</a>, <a href="https://box.biaman.pl/f/0131f7cdae874ead933a/">stm32mp157f-dk2.gz</a>).</li>
<li><a href="https://box.biaman.pl/f/9514133b297448d5bd84/?raw=1&amp;ext=.pdf">Obsługa czujników.</a></li>
<li>Programowanie systemów wbudowanych.</li>
</ul>
<hr />
<p><strong>Materiały dodatkowe</strong><strong>:</strong></p>
<ul>
<li><a href="https://www.linuxjournal.com/content/diy-build-custom-minimal-linux-distribution-source">Instrukcja tworzenia, bazującej na Busyboksie minimalistycznej dystrybucji systemu Linux.</a></li>
</ul>
<hr />
<p><strong>Literatura:</strong></p>
<ul>
<li>Bis M., <i>Linux w systemach embedded</i>, Wydawnictwo BTC, Warszawa 2011.</li>
<li>Skalski Ł., <i>Linux embedded podstawy i aplikacje dla systemów embedded</i>, Wydawnictwo BTC, Warszawa 2012.</li>
<li>Love R., <i>Jądro Linuksa : przewodnik programisty</i>, Helion, Gliwice 2014.</li>
<li>Sosna Ł., <i>Linux. Komendy i polecenia. Wydanie IV rozszerzone</i>, Helion Gliwice 2014.</li>
<li>Bis M., <i>Linux w systemach i.MX 6 series</i>, Wydawnictwo BTC, Warszawa 2015.</li>
</ul>

<p>ul. Zwierzyniecka 10, 15-351 Białystok, s. CBD-32 prowadzący: Krzysztof Konopko Prezentacje z wykładu: Informacje o<a class="read-more" href="https://we.pb.edu.pl/kfeits/krzysztof-konopko/eit1s/systemy-wbudowane/" title="Pokaż artykuł Systemy wbudowane">więcej</a></p>

<!-- This site is optimized with the Yoast SEO plugin v26.4 - https://yoast.com/wordpress/plugins/seo/ -->
<title>Systemy wbudowane - Katedra Fotoniki, Elektroniki i Techniki Świetlnej</title>
<meta name="robots" content="index, follow, max-snippet:-1, max-image-preview:large, max-video-preview:-1" />
<link rel="canonical" href="https://we.pb.edu.pl/kfeits/krzysztof-konopko/eit1s/systemy-wbudowane/" />
<meta property="og:locale" content="pl_PL" />
<meta property="og:type" content="article" />
<meta property="og:title" content="Systemy wbudowane - Katedra Fotoniki, Elektroniki i Techniki Świetlnej" />
<meta property="og:description" content="ul. Zwierzyniecka 10, 15-351 Białystok, s. CBD-32 prowadzący: Krzysztof Konopko Prezentacje z wykładu: Informacje owięcej" />
<meta property="og:url" content="https://we.pb.edu.pl/kfeits/krzysztof-konopko/eit1s/systemy-wbudowane/" />
<meta property="og:site_name" content="Katedra Fotoniki, Elektroniki i Techniki Świetlnej" />
<meta property="article:modified_time" content="2025-10-27T13:27:45+00:00" />
<meta name="twitter:card" content="summary_large_image" />
<meta name="twitter:label1" content="Szacowany czas czytania" />
	<meta name="twitter:data1" content="1 minuta" />
<script type="application/ld+json" class="yoast-schema-graph">{"@context":"https://schema.org","@graph":[{"@type":"WebPage","@id":"https://we.pb.edu.pl/kfeits/krzysztof-konopko/eit1s/systemy-wbudowane/","url":"https://we.pb.edu.pl/kfeits/krzysztof-konopko/eit1s/systemy-wbudowane/","name":"Systemy wbudowane - Katedra Fotoniki, Elektroniki i Techniki Świetlnej","isPartOf":{"@id":"https://we.pb.edu.pl/kfeits/#website"},"datePublished":"2020-10-04T17:03:28+00:00","dateModified":"2025-10-27T13:27:45+00:00","breadcrumb":{"@id":"https://we.pb.edu.pl/kfeits/krzysztof-konopko/eit1s/systemy-wbudowane/#breadcrumb"},"inLanguage":"pl-PL","potentialAction":[{"@type":"ReadAction","target":["https://we.pb.edu.pl/kfeits/krzysztof-konopko/eit1s/systemy-wbudowane/"]}]},{"@type":"BreadcrumbList","@id":"https://we.pb.edu.pl/kfeits/krzysztof-konopko/eit1s/systemy-wbudowane/#breadcrumb","itemListElement":[{"@type":"ListItem","position":1,"name":"Strona główna","item":"https://we.pb.edu.pl/kfeits/"},{"@type":"ListItem","position":2,"name":"dr inż. Krzysztof Konopko","item":"https://we.pb.edu.pl/kfeits/krzysztof-konopko/"},{"@type":"ListItem","position":3,"name":"EiT1S","item":"https://we.pb.edu.pl/kfeits/krzysztof-konopko/eit1s/"},{"@type":"ListItem","position":4,"name":"Systemy wbudowane"}]},{"@type":"WebSite","@id":"https://we.pb.edu.pl/kfeits/#website","url":"https://we.pb.edu.pl/kfeits/","name":"Katedra Fotoniki, Elektroniki i Techniki Świetlnej","description":"","potentialAction":[{"@type":"SearchAction","target":{"@type":"EntryPoint","urlTemplate":"https://we.pb.edu.pl/kfeits/?s={search_term_string}"},"query-input":{"@type":"PropertyValueSpecification","valueRequired":true,"valueName":"search_term_string"}}],"inLanguage":"pl-PL"}]}</script>
<!-- / Yoast SEO plugin. -->

Systemy wbudowane - Katedra Fotoniki, Elektroniki i Techniki Świetlnej

ul. Zwierzyniecka 10, 15-351 Białystok, s. CBD-32 prowadzący: Krzysztof Konopko Prezentacje z wykładu: Informacje owięcej

Katedra Fotoniki, Elektroniki i Techniki Świetlnej

Strona główna

dr inż. Krzysztof Konopko
