{"id":2426,"date":"2020-09-24T21:05:00","date_gmt":"2020-09-24T19:05:00","guid":{"rendered":"https:\/\/we.pb.edu.pl\/kfeits\/?page_id=2426"},"modified":"2025-01-23T09:10:05","modified_gmt":"2025-01-23T08:10:05","slug":"systemy-operacyjne-linux-i-android","status":"publish","type":"page","link":"https:\/\/we.pb.edu.pl\/kfeits\/krzysztof-konopko\/air1s\/systemy-operacyjne-linux-i-android\/","title":{"rendered":"Systemy operacyjne Linux i Android"},"content":{"rendered":"<p>wyk\u0142ad: <a href=\"\/kfeits\/krzysztof-konopko\/\">Krzysztof Konopko<\/a><\/p>\n<p>&nbsp;<\/p>\n<hr \/>\n<p><strong>Prezentacje z wyk\u0142adu:<\/strong><\/p>\n<ul>\n<li><a href=\"https:\/\/box.biaman.pl\/f\/64cd231999fd43f99f8f\/?raw=1&amp;ext=.pdf\">Wiadomo\u015bci wst\u0119pne.<\/a><\/li>\n<li><a href=\"https:\/\/box.biaman.pl\/f\/7f3f417428d146579ce0\/?raw=1&amp;ext=.pdf\">Wprowadzenie do Linuksa.<\/a><\/li>\n<li><a href=\"https:\/\/box.biaman.pl\/f\/e58ca0dfabba4371b884\/?raw=1&amp;ext=.pdf\">Pow\u0142oka systemu Linux.<\/a><\/li>\n<li><a href=\"https:\/\/box.biaman.pl\/f\/b774ed9938aa47a7a735\/?raw=1&amp;ext=.pdf\">Skrypty pow\u0142oki.<\/a><\/li>\n<li><a href=\"https:\/\/box.biaman.pl\/f\/8f6ebd4bad464b42a392\/?raw=1&amp;ext=.pdf\">System plik\u00f3w. Uruchomianie systemu.<\/a><\/li>\n<li><a href=\"https:\/\/box.biaman.pl\/f\/e577e2a9d212417a980a\/?raw=1&amp;ext=.pdf\">Konfiguracja i zarz\u0105dzanie systemem Linux.<\/a><\/li>\n<li><a href=\"https:\/\/box.biaman.pl\/f\/86f67d7211804aea85b7\/?raw=1&amp;ext=.pdf\">Graficzne interfejsy u\u017cytkownika.<\/a><\/li>\n<li><a href=\"https:\/\/box.biaman.pl\/f\/7265c26b9fd64605a019\/?raw=1&amp;ext=.pdf\">Wprowadzenie do systemu Android.<\/a><\/li>\n<li><a href=\"https:\/\/box.biaman.pl\/f\/a8953d8d5e0b466291a8\/?raw=1&amp;ext=.pdf\">Wybrane aplikacje w systemie Linux.<\/a><\/li>\n<li><a href=\"https:\/\/box.biaman.pl\/f\/43b60e1d70a24bc69e78\/?raw=1&amp;ext=.pdf\">Wybrane aplikacje in\u017cynierskie i naukowe.<\/a><\/li>\n<\/ul>\n<p><strong>Zagadnienia na zaliczenie ustne:<\/strong><\/p>\n<ul>\n<li>Podstawowe licencje oprogramowania<\/li>\n<li>Zarz\u0105dzanie oprogramowaniem w systemie Linux<\/li>\n<li>Podstawowe funkcje systemu operacyjnego<\/li>\n<li>Zarz\u0105dzanie zasobami systemu wbudowanego<\/li>\n<li>Klasyfikacja system\u00f3w operacyjnych<\/li>\n<li>Dost\u0119p do dokumentacji dotycz\u0105cej Linuksa<\/li>\n<li>Przetwarzanie potokowe w pow\u0142oce bash<\/li>\n<li>Prawa dost\u0119pu do plik\u00f3w w systemie Linux<\/li>\n<li>Zmienne w skryptach pow\u0142oki bash<\/li>\n<li>Instrukcje warunkowe w skryptach pow\u0142oki bash<\/li>\n<li>System plik\u00f3w Linuksa<\/li>\n<li>Struktura katalog\u00f3w systemu Linux<\/li>\n<li>Typy plik\u00f3w w systemie Linux<\/li>\n<li>Rejestrowanie zdarze\u0144 systemowych w Linuksie<\/li>\n<li>Zarz\u0105dzanie u\u017cytkownikami w systemie Linux<\/li>\n<li>Planowanie powtarzalnych zada\u0144 w programie cron<\/li>\n<li>Podstawowe poj\u0119cia i architektura systemu X Window<\/li>\n<li>Komponenty aplikacji w systemie Android<\/li>\n<\/ul>\n","protected":false},"excerpt":{"rendered":"<p>wyk\u0142ad: Krzysztof Konopko &nbsp; Prezentacje z wyk\u0142adu: Wiadomo\u015bci wst\u0119pne. Wprowadzenie do Linuksa. Pow\u0142oka systemu Linux.<a class=\"read-more\" href=\"https:\/\/we.pb.edu.pl\/kfeits\/krzysztof-konopko\/air1s\/systemy-operacyjne-linux-i-android\/\" title=\"Poka\u017c artyku\u0142 Systemy operacyjne Linux i Android\">wi\u0119cej<\/a><\/p>\n","protected":false},"author":20,"featured_media":0,"parent":4405,"menu_order":0,"comment_status":"closed","ping_status":"closed","template":"","meta":{"inline_featured_image":false,"ngg_post_thumbnail":0,"footnotes":""},"class_list":["post-2426","page","type-page","status-publish","hentry"],"acf":[],"yoast_head":"<!-- This site is optimized with the Yoast SEO plugin v26.4 - https:\/\/yoast.com\/wordpress\/plugins\/seo\/ -->\n<title>Systemy operacyjne Linux i Android - Katedra Fotoniki, Elektroniki i Techniki \u015awietlnej<\/title>\n<meta name=\"robots\" content=\"index, follow, max-snippet:-1, max-image-preview:large, max-video-preview:-1\" \/>\n<link rel=\"canonical\" href=\"https:\/\/we.pb.edu.pl\/kfeits\/krzysztof-konopko\/air1s\/systemy-operacyjne-linux-i-android\/\" \/>\n<meta property=\"og:locale\" content=\"pl_PL\" \/>\n<meta property=\"og:type\" content=\"article\" \/>\n<meta property=\"og:title\" content=\"Systemy operacyjne Linux i Android - Katedra Fotoniki, Elektroniki i Techniki \u015awietlnej\" \/>\n<meta property=\"og:description\" content=\"wyk\u0142ad: Krzysztof Konopko &nbsp; Prezentacje z wyk\u0142adu: Wiadomo\u015bci wst\u0119pne. Wprowadzenie do Linuksa. Pow\u0142oka systemu Linux.wi\u0119cej\" \/>\n<meta property=\"og:url\" content=\"https:\/\/we.pb.edu.pl\/kfeits\/krzysztof-konopko\/air1s\/systemy-operacyjne-linux-i-android\/\" \/>\n<meta property=\"og:site_name\" content=\"Katedra Fotoniki, Elektroniki i Techniki \u015awietlnej\" \/>\n<meta property=\"article:modified_time\" content=\"2025-01-23T08:10:05+00:00\" \/>\n<meta name=\"twitter:card\" content=\"summary_large_image\" \/>\n<meta name=\"twitter:label1\" content=\"Szacowany czas czytania\" \/>\n\t<meta name=\"twitter:data1\" content=\"1 minuta\" \/>\n<script type=\"application\/ld+json\" class=\"yoast-schema-graph\">{\"@context\":\"https:\/\/schema.org\",\"@graph\":[{\"@type\":\"WebPage\",\"@id\":\"https:\/\/we.pb.edu.pl\/kfeits\/krzysztof-konopko\/air1s\/systemy-operacyjne-linux-i-android\/\",\"url\":\"https:\/\/we.pb.edu.pl\/kfeits\/krzysztof-konopko\/air1s\/systemy-operacyjne-linux-i-android\/\",\"name\":\"Systemy operacyjne Linux i Android - Katedra Fotoniki, Elektroniki i Techniki \u015awietlnej\",\"isPartOf\":{\"@id\":\"https:\/\/we.pb.edu.pl\/kfeits\/#website\"},\"datePublished\":\"2020-09-24T19:05:00+00:00\",\"dateModified\":\"2025-01-23T08:10:05+00:00\",\"breadcrumb\":{\"@id\":\"https:\/\/we.pb.edu.pl\/kfeits\/krzysztof-konopko\/air1s\/systemy-operacyjne-linux-i-android\/#breadcrumb\"},\"inLanguage\":\"pl-PL\",\"potentialAction\":[{\"@type\":\"ReadAction\",\"target\":[\"https:\/\/we.pb.edu.pl\/kfeits\/krzysztof-konopko\/air1s\/systemy-operacyjne-linux-i-android\/\"]}]},{\"@type\":\"BreadcrumbList\",\"@id\":\"https:\/\/we.pb.edu.pl\/kfeits\/krzysztof-konopko\/air1s\/systemy-operacyjne-linux-i-android\/#breadcrumb\",\"itemListElement\":[{\"@type\":\"ListItem\",\"position\":1,\"name\":\"Strona g\u0142\u00f3wna\",\"item\":\"https:\/\/we.pb.edu.pl\/kfeits\/\"},{\"@type\":\"ListItem\",\"position\":2,\"name\":\"dr in\u017c. Krzysztof Konopko\",\"item\":\"https:\/\/we.pb.edu.pl\/kfeits\/krzysztof-konopko\/\"},{\"@type\":\"ListItem\",\"position\":3,\"name\":\"AiR1S\",\"item\":\"https:\/\/we.pb.edu.pl\/kfeits\/krzysztof-konopko\/air1s\/\"},{\"@type\":\"ListItem\",\"position\":4,\"name\":\"Systemy operacyjne Linux i Android\"}]},{\"@type\":\"WebSite\",\"@id\":\"https:\/\/we.pb.edu.pl\/kfeits\/#website\",\"url\":\"https:\/\/we.pb.edu.pl\/kfeits\/\",\"name\":\"Katedra Fotoniki, Elektroniki i Techniki \u015awietlnej\",\"description\":\"\",\"potentialAction\":[{\"@type\":\"SearchAction\",\"target\":{\"@type\":\"EntryPoint\",\"urlTemplate\":\"https:\/\/we.pb.edu.pl\/kfeits\/?s={search_term_string}\"},\"query-input\":{\"@type\":\"PropertyValueSpecification\",\"valueRequired\":true,\"valueName\":\"search_term_string\"}}],\"inLanguage\":\"pl-PL\"}]}<\/script>\n<!-- \/ Yoast SEO plugin. -->","yoast_head_json":{"title":"Systemy operacyjne Linux i Android - Katedra Fotoniki, Elektroniki i Techniki \u015awietlnej","robots":{"index":"index","follow":"follow","max-snippet":"max-snippet:-1","max-image-preview":"max-image-preview:large","max-video-preview":"max-video-preview:-1"},"canonical":"https:\/\/we.pb.edu.pl\/kfeits\/krzysztof-konopko\/air1s\/systemy-operacyjne-linux-i-android\/","og_locale":"pl_PL","og_type":"article","og_title":"Systemy operacyjne Linux i Android - Katedra Fotoniki, Elektroniki i Techniki \u015awietlnej","og_description":"wyk\u0142ad: Krzysztof Konopko &nbsp; Prezentacje z wyk\u0142adu: Wiadomo\u015bci wst\u0119pne. Wprowadzenie do Linuksa. Pow\u0142oka systemu Linux.wi\u0119cej","og_url":"https:\/\/we.pb.edu.pl\/kfeits\/krzysztof-konopko\/air1s\/systemy-operacyjne-linux-i-android\/","og_site_name":"Katedra Fotoniki, Elektroniki i Techniki \u015awietlnej","article_modified_time":"2025-01-23T08:10:05+00:00","twitter_card":"summary_large_image","twitter_misc":{"Szacowany czas czytania":"1 minuta"},"schema":{"@context":"https:\/\/schema.org","@graph":[{"@type":"WebPage","@id":"https:\/\/we.pb.edu.pl\/kfeits\/krzysztof-konopko\/air1s\/systemy-operacyjne-linux-i-android\/","url":"https:\/\/we.pb.edu.pl\/kfeits\/krzysztof-konopko\/air1s\/systemy-operacyjne-linux-i-android\/","name":"Systemy operacyjne Linux i Android - Katedra Fotoniki, Elektroniki i Techniki \u015awietlnej","isPartOf":{"@id":"https:\/\/we.pb.edu.pl\/kfeits\/#website"},"datePublished":"2020-09-24T19:05:00+00:00","dateModified":"2025-01-23T08:10:05+00:00","breadcrumb":{"@id":"https:\/\/we.pb.edu.pl\/kfeits\/krzysztof-konopko\/air1s\/systemy-operacyjne-linux-i-android\/#breadcrumb"},"inLanguage":"pl-PL","potentialAction":[{"@type":"ReadAction","target":["https:\/\/we.pb.edu.pl\/kfeits\/krzysztof-konopko\/air1s\/systemy-operacyjne-linux-i-android\/"]}]},{"@type":"BreadcrumbList","@id":"https:\/\/we.pb.edu.pl\/kfeits\/krzysztof-konopko\/air1s\/systemy-operacyjne-linux-i-android\/#breadcrumb","itemListElement":[{"@type":"ListItem","position":1,"name":"Strona g\u0142\u00f3wna","item":"https:\/\/we.pb.edu.pl\/kfeits\/"},{"@type":"ListItem","position":2,"name":"dr in\u017c. Krzysztof Konopko","item":"https:\/\/we.pb.edu.pl\/kfeits\/krzysztof-konopko\/"},{"@type":"ListItem","position":3,"name":"AiR1S","item":"https:\/\/we.pb.edu.pl\/kfeits\/krzysztof-konopko\/air1s\/"},{"@type":"ListItem","position":4,"name":"Systemy operacyjne Linux i Android"}]},{"@type":"WebSite","@id":"https:\/\/we.pb.edu.pl\/kfeits\/#website","url":"https:\/\/we.pb.edu.pl\/kfeits\/","name":"Katedra Fotoniki, Elektroniki i Techniki \u015awietlnej","description":"","potentialAction":[{"@type":"SearchAction","target":{"@type":"EntryPoint","urlTemplate":"https:\/\/we.pb.edu.pl\/kfeits\/?s={search_term_string}"},"query-input":{"@type":"PropertyValueSpecification","valueRequired":true,"valueName":"search_term_string"}}],"inLanguage":"pl-PL"}]}},"_links":{"self":[{"href":"https:\/\/we.pb.edu.pl\/kfeits\/wp-json\/wp\/v2\/pages\/2426","targetHints":{"allow":["GET"]}}],"collection":[{"href":"https:\/\/we.pb.edu.pl\/kfeits\/wp-json\/wp\/v2\/pages"}],"about":[{"href":"https:\/\/we.pb.edu.pl\/kfeits\/wp-json\/wp\/v2\/types\/page"}],"author":[{"embeddable":true,"href":"https:\/\/we.pb.edu.pl\/kfeits\/wp-json\/wp\/v2\/users\/20"}],"replies":[{"embeddable":true,"href":"https:\/\/we.pb.edu.pl\/kfeits\/wp-json\/wp\/v2\/comments?post=2426"}],"version-history":[{"count":51,"href":"https:\/\/we.pb.edu.pl\/kfeits\/wp-json\/wp\/v2\/pages\/2426\/revisions"}],"predecessor-version":[{"id":5597,"href":"https:\/\/we.pb.edu.pl\/kfeits\/wp-json\/wp\/v2\/pages\/2426\/revisions\/5597"}],"up":[{"embeddable":true,"href":"https:\/\/we.pb.edu.pl\/kfeits\/wp-json\/wp\/v2\/pages\/4405"}],"wp:attachment":[{"href":"https:\/\/we.pb.edu.pl\/kfeits\/wp-json\/wp\/v2\/media?parent=2426"}],"curies":[{"name":"wp","href":"https:\/\/api.w.org\/{rel}","templated":true}]}}