{"id":2390,"date":"2020-09-01T19:40:15","date_gmt":"2020-09-01T17:40:15","guid":{"rendered":"https:\/\/we.pb.edu.pl\/kfeits\/?page_id=2390"},"modified":"2026-04-27T09:24:16","modified_gmt":"2026-04-27T07:24:16","slug":"sieci-sensorowe","status":"publish","type":"page","link":"https:\/\/we.pb.edu.pl\/kfeits\/krzysztof-konopko\/eit1s\/sieci-sensorowe\/","title":{"rendered":"Sieci sensorowe"},"content":{"rendered":"<p><strong>ul. Zwierzyniecka 10, 15-351 Bia\u0142ystok, s. CBD-32<\/strong><\/p>\n<p>prowadz\u0105cy: <a href=\"\/kfeits\/krzysztof-konopko\/\">Krzysztof Konopko<\/a><\/p>\n<hr \/>\n<p><strong>Prezentacje z wyk\u0142adu:<\/strong><\/p>\n<ul>\n<li><a href=\"https:\/\/box.biaman.pl\/f\/93ea9dac8c0a478c90d6\/?raw=1&amp;ext=.pdf\">Wiadomo\u015bci wst\u0119pne.<\/a><\/li>\n<li><a href=\"https:\/\/box.biaman.pl\/f\/24e184bcb9c3422e91a7\/?raw=1&amp;ext=.pdf\">Sieci sensorowe.<\/a><\/li>\n<li><a href=\"https:\/\/box.biaman.pl\/f\/513ea850acf74e4c9f9f\/?raw=1&amp;ext=.pdf\">Sensory MEMS. Platformy sprz\u0119towe.<\/a><\/li>\n<li><a href=\"https:\/\/box.biaman.pl\/f\/ebe45353577f4d41ada4\/?raw=1&amp;ext=.pdf\">Standardy komunikacyjne w sieciach sensorowych.<\/a><\/li>\n<li><a href=\"https:\/\/box.biaman.pl\/f\/5e5edcc8971e49e1b7b1\/?raw=1&amp;ext=.pdf\">Niskoenergetyczne standardy transmisyjne. Bluetooth.<\/a><\/li>\n<li>LPWAN. LoRa.<\/li>\n<li>In\u017cynieria ruchu.<\/li>\n<li>Modelowanie sieci sensorowych.<\/li>\n<\/ul>\n<hr \/>\n<p><strong>Instrukcje do<\/strong> <strong>\u0107wicze\u0144 laboratoryjnych:<\/strong><\/p>\n<ul>\n<li><a href=\"https:\/\/box.biaman.pl\/f\/68d3a67eca2e40259787\/?raw=1&amp;ext=.pdf\">Wst\u0119pne, konfiguracja IDE.<\/a><\/li>\n<li><a href=\"https:\/\/box.biaman.pl\/f\/4300bbe59bda4be9901d\/?raw=1&amp;ext=.pdf\">Wprowadzenie do mikropythona &#8211; typy danych, podstawowe biblioteki.<\/a><\/li>\n<li><a href=\"https:\/\/box.biaman.pl\/f\/67f2a4686d4b4a22b98e\/?raw=1&amp;ext=.pdf\">Obs\u0142uga czujnik\u00f3w, przetwarzanie danych pomiarowych.<\/a><\/li>\n<li><a href=\"https:\/\/box.biaman.pl\/f\/1f7a2b9330dd4f9094ac\/?raw=1&amp;ext=.pdf\">Bluetooth.<\/a><\/li>\n<li><a href=\"https:\/\/box.biaman.pl\/f\/03cf083d243d4f9c9b4e\/?raw=1&amp;ext=.pdf\">MQTT.<\/a><\/li>\n<li><a href=\"https:\/\/box.biaman.pl\/f\/ca37fdbd9c534912b0a9\/?raw=1&amp;ext=.pdf\">LoRa<\/a>\u00a0 (<a href=\"https:\/\/box.biaman.pl\/f\/d3d4115c23bf4c418515\/\">lora_file.grc<\/a>).<\/li>\n<li><a href=\"https:\/\/box.biaman.pl\/f\/5188fb50828c40b1b494\/?raw=1&amp;ext=.pdf\">LoRaWAN. Chirpstack.<\/a><\/li>\n<li>Wizualizacja danych.<\/li>\n<\/ul>\n<hr \/>\n<p><strong>Materia\u0142y dodatkowe<\/strong><\/p>\n<ul>\n<li>biblioteki ze sterownikami do czujnik\u00f3w i modu\u0142u pysense &#8211; <a href=\"https:\/\/box.biaman.pl\/f\/edc9cf3013524e65a574\/\">lib.zip<\/a><\/li>\n<\/ul>\n<hr \/>\n<p><strong>Literatura:<\/strong><\/p>\n<ul>\n<li>Niewiadomska-Szynkiewicz E., Bezprzewodowe sieci czujnik\u00f3w w internecie rzeczy : modele, algorytmy, protoko\u0142y, PWN, Warszawa, 2023<\/li>\n<li>Nawrocki W., Sensory i systemy pomiarowe, Wydawnictwo Politechniki Pozna\u0144skiej, Pozna\u0144, 2006<\/li>\n<li>Karvinen K.,Czujniki dla pocz\u0105tkuj\u0105cych: poznaj otaczaj\u0105cy ci\u0119 \u015bwiat za pomoc\u0105 elektroniki, Arduino i Raspberry Pi, Helion, Gliwice, 2015<\/li>\n<li>Matin M. A., Wireless Sensor Networks \u2013 Technology and Protocols InTech, 2012<\/li>\n<\/ul>\n","protected":false},"excerpt":{"rendered":"<p>ul. Zwierzyniecka 10, 15-351 Bia\u0142ystok, s. CBD-32 prowadz\u0105cy: Krzysztof Konopko Prezentacje z wyk\u0142adu: Wiadomo\u015bci wst\u0119pne.<a class=\"read-more\" href=\"https:\/\/we.pb.edu.pl\/kfeits\/krzysztof-konopko\/eit1s\/sieci-sensorowe\/\" title=\"Poka\u017c artyku\u0142 Sieci sensorowe\">wi\u0119cej<\/a><\/p>\n","protected":false},"author":20,"featured_media":0,"parent":4393,"menu_order":0,"comment_status":"closed","ping_status":"closed","template":"","meta":{"inline_featured_image":false,"ngg_post_thumbnail":0,"footnotes":""},"class_list":["post-2390","page","type-page","status-publish","hentry"],"acf":[],"yoast_head":"<!-- This site is optimized with the Yoast SEO plugin v26.4 - https:\/\/yoast.com\/wordpress\/plugins\/seo\/ -->\n<title>Sieci sensorowe - Katedra Fotoniki, Elektroniki i Techniki \u015awietlnej<\/title>\n<meta name=\"robots\" content=\"index, follow, max-snippet:-1, max-image-preview:large, max-video-preview:-1\" \/>\n<link rel=\"canonical\" href=\"https:\/\/we.pb.edu.pl\/kfeits\/krzysztof-konopko\/eit1s\/sieci-sensorowe\/\" \/>\n<meta property=\"og:locale\" content=\"pl_PL\" \/>\n<meta property=\"og:type\" content=\"article\" \/>\n<meta property=\"og:title\" content=\"Sieci sensorowe - Katedra Fotoniki, Elektroniki i Techniki \u015awietlnej\" \/>\n<meta property=\"og:description\" content=\"ul. Zwierzyniecka 10, 15-351 Bia\u0142ystok, s. CBD-32 prowadz\u0105cy: Krzysztof Konopko Prezentacje z wyk\u0142adu: Wiadomo\u015bci wst\u0119pne.wi\u0119cej\" \/>\n<meta property=\"og:url\" content=\"https:\/\/we.pb.edu.pl\/kfeits\/krzysztof-konopko\/eit1s\/sieci-sensorowe\/\" \/>\n<meta property=\"og:site_name\" content=\"Katedra Fotoniki, Elektroniki i Techniki \u015awietlnej\" \/>\n<meta property=\"article:modified_time\" content=\"2026-04-27T07:24:16+00:00\" \/>\n<meta name=\"twitter:card\" content=\"summary_large_image\" \/>\n<meta name=\"twitter:label1\" content=\"Szacowany czas czytania\" \/>\n\t<meta name=\"twitter:data1\" content=\"1 minuta\" \/>\n<script type=\"application\/ld+json\" class=\"yoast-schema-graph\">{\"@context\":\"https:\/\/schema.org\",\"@graph\":[{\"@type\":\"WebPage\",\"@id\":\"https:\/\/we.pb.edu.pl\/kfeits\/krzysztof-konopko\/eit1s\/sieci-sensorowe\/\",\"url\":\"https:\/\/we.pb.edu.pl\/kfeits\/krzysztof-konopko\/eit1s\/sieci-sensorowe\/\",\"name\":\"Sieci sensorowe - Katedra Fotoniki, Elektroniki i Techniki \u015awietlnej\",\"isPartOf\":{\"@id\":\"https:\/\/we.pb.edu.pl\/kfeits\/#website\"},\"datePublished\":\"2020-09-01T17:40:15+00:00\",\"dateModified\":\"2026-04-27T07:24:16+00:00\",\"breadcrumb\":{\"@id\":\"https:\/\/we.pb.edu.pl\/kfeits\/krzysztof-konopko\/eit1s\/sieci-sensorowe\/#breadcrumb\"},\"inLanguage\":\"pl-PL\",\"potentialAction\":[{\"@type\":\"ReadAction\",\"target\":[\"https:\/\/we.pb.edu.pl\/kfeits\/krzysztof-konopko\/eit1s\/sieci-sensorowe\/\"]}]},{\"@type\":\"BreadcrumbList\",\"@id\":\"https:\/\/we.pb.edu.pl\/kfeits\/krzysztof-konopko\/eit1s\/sieci-sensorowe\/#breadcrumb\",\"itemListElement\":[{\"@type\":\"ListItem\",\"position\":1,\"name\":\"Strona g\u0142\u00f3wna\",\"item\":\"https:\/\/we.pb.edu.pl\/kfeits\/\"},{\"@type\":\"ListItem\",\"position\":2,\"name\":\"dr in\u017c. Krzysztof Konopko\",\"item\":\"https:\/\/we.pb.edu.pl\/kfeits\/krzysztof-konopko\/\"},{\"@type\":\"ListItem\",\"position\":3,\"name\":\"EiT1S\",\"item\":\"https:\/\/we.pb.edu.pl\/kfeits\/krzysztof-konopko\/eit1s\/\"},{\"@type\":\"ListItem\",\"position\":4,\"name\":\"Sieci sensorowe\"}]},{\"@type\":\"WebSite\",\"@id\":\"https:\/\/we.pb.edu.pl\/kfeits\/#website\",\"url\":\"https:\/\/we.pb.edu.pl\/kfeits\/\",\"name\":\"Katedra Fotoniki, Elektroniki i Techniki \u015awietlnej\",\"description\":\"\",\"potentialAction\":[{\"@type\":\"SearchAction\",\"target\":{\"@type\":\"EntryPoint\",\"urlTemplate\":\"https:\/\/we.pb.edu.pl\/kfeits\/?s={search_term_string}\"},\"query-input\":{\"@type\":\"PropertyValueSpecification\",\"valueRequired\":true,\"valueName\":\"search_term_string\"}}],\"inLanguage\":\"pl-PL\"}]}<\/script>\n<!-- \/ Yoast SEO plugin. -->","yoast_head_json":{"title":"Sieci sensorowe - Katedra Fotoniki, Elektroniki i Techniki \u015awietlnej","robots":{"index":"index","follow":"follow","max-snippet":"max-snippet:-1","max-image-preview":"max-image-preview:large","max-video-preview":"max-video-preview:-1"},"canonical":"https:\/\/we.pb.edu.pl\/kfeits\/krzysztof-konopko\/eit1s\/sieci-sensorowe\/","og_locale":"pl_PL","og_type":"article","og_title":"Sieci sensorowe - Katedra Fotoniki, Elektroniki i Techniki \u015awietlnej","og_description":"ul. Zwierzyniecka 10, 15-351 Bia\u0142ystok, s. CBD-32 prowadz\u0105cy: Krzysztof Konopko Prezentacje z wyk\u0142adu: Wiadomo\u015bci wst\u0119pne.wi\u0119cej","og_url":"https:\/\/we.pb.edu.pl\/kfeits\/krzysztof-konopko\/eit1s\/sieci-sensorowe\/","og_site_name":"Katedra Fotoniki, Elektroniki i Techniki \u015awietlnej","article_modified_time":"2026-04-27T07:24:16+00:00","twitter_card":"summary_large_image","twitter_misc":{"Szacowany czas czytania":"1 minuta"},"schema":{"@context":"https:\/\/schema.org","@graph":[{"@type":"WebPage","@id":"https:\/\/we.pb.edu.pl\/kfeits\/krzysztof-konopko\/eit1s\/sieci-sensorowe\/","url":"https:\/\/we.pb.edu.pl\/kfeits\/krzysztof-konopko\/eit1s\/sieci-sensorowe\/","name":"Sieci sensorowe - Katedra Fotoniki, Elektroniki i Techniki \u015awietlnej","isPartOf":{"@id":"https:\/\/we.pb.edu.pl\/kfeits\/#website"},"datePublished":"2020-09-01T17:40:15+00:00","dateModified":"2026-04-27T07:24:16+00:00","breadcrumb":{"@id":"https:\/\/we.pb.edu.pl\/kfeits\/krzysztof-konopko\/eit1s\/sieci-sensorowe\/#breadcrumb"},"inLanguage":"pl-PL","potentialAction":[{"@type":"ReadAction","target":["https:\/\/we.pb.edu.pl\/kfeits\/krzysztof-konopko\/eit1s\/sieci-sensorowe\/"]}]},{"@type":"BreadcrumbList","@id":"https:\/\/we.pb.edu.pl\/kfeits\/krzysztof-konopko\/eit1s\/sieci-sensorowe\/#breadcrumb","itemListElement":[{"@type":"ListItem","position":1,"name":"Strona g\u0142\u00f3wna","item":"https:\/\/we.pb.edu.pl\/kfeits\/"},{"@type":"ListItem","position":2,"name":"dr in\u017c. Krzysztof Konopko","item":"https:\/\/we.pb.edu.pl\/kfeits\/krzysztof-konopko\/"},{"@type":"ListItem","position":3,"name":"EiT1S","item":"https:\/\/we.pb.edu.pl\/kfeits\/krzysztof-konopko\/eit1s\/"},{"@type":"ListItem","position":4,"name":"Sieci sensorowe"}]},{"@type":"WebSite","@id":"https:\/\/we.pb.edu.pl\/kfeits\/#website","url":"https:\/\/we.pb.edu.pl\/kfeits\/","name":"Katedra Fotoniki, Elektroniki i Techniki \u015awietlnej","description":"","potentialAction":[{"@type":"SearchAction","target":{"@type":"EntryPoint","urlTemplate":"https:\/\/we.pb.edu.pl\/kfeits\/?s={search_term_string}"},"query-input":{"@type":"PropertyValueSpecification","valueRequired":true,"valueName":"search_term_string"}}],"inLanguage":"pl-PL"}]}},"_links":{"self":[{"href":"https:\/\/we.pb.edu.pl\/kfeits\/wp-json\/wp\/v2\/pages\/2390","targetHints":{"allow":["GET"]}}],"collection":[{"href":"https:\/\/we.pb.edu.pl\/kfeits\/wp-json\/wp\/v2\/pages"}],"about":[{"href":"https:\/\/we.pb.edu.pl\/kfeits\/wp-json\/wp\/v2\/types\/page"}],"author":[{"embeddable":true,"href":"https:\/\/we.pb.edu.pl\/kfeits\/wp-json\/wp\/v2\/users\/20"}],"replies":[{"embeddable":true,"href":"https:\/\/we.pb.edu.pl\/kfeits\/wp-json\/wp\/v2\/comments?post=2390"}],"version-history":[{"count":111,"href":"https:\/\/we.pb.edu.pl\/kfeits\/wp-json\/wp\/v2\/pages\/2390\/revisions"}],"predecessor-version":[{"id":6394,"href":"https:\/\/we.pb.edu.pl\/kfeits\/wp-json\/wp\/v2\/pages\/2390\/revisions\/6394"}],"up":[{"embeddable":true,"href":"https:\/\/we.pb.edu.pl\/kfeits\/wp-json\/wp\/v2\/pages\/4393"}],"wp:attachment":[{"href":"https:\/\/we.pb.edu.pl\/kfeits\/wp-json\/wp\/v2\/media?parent=2390"}],"curies":[{"name":"wp","href":"https:\/\/api.w.org\/{rel}","templated":true}]}}