{"id":2096,"date":"2020-05-07T09:26:12","date_gmt":"2020-05-07T07:26:12","guid":{"rendered":"https:\/\/we.pb.edu.pl\/kfeits\/?page_id=2096"},"modified":"2020-05-07T20:35:57","modified_gmt":"2020-05-07T18:35:57","slug":"collaboration","status":"publish","type":"page","link":"https:\/\/we.pb.edu.pl\/kfeits\/nauka-i-badania\/bialystok-photonics\/collaboration\/","title":{"rendered":"Collaboration"},"content":{"rendered":"<p><strong>Our Partners<\/strong><\/p>\n<p><a href=\"http:\/\/www.ipht-jena.de\/\">Leibniz-Institut f\u00fcr Photonische Technologien<\/a>, Jena, Germany<br \/>\n<a href=\"https:\/\/www.ufe.cz\/en\">Institute of Photonics and Electronics of the AS CR, v.v.i.<\/a>, Prague, Czech Republic<br \/>\n<a href=\"http:\/\/www.ifn.cnr.it\/home\">Istituto di Fotonica e Nanotecnologie (CNR-IFN)<\/a>, Trento, Italy<br \/>\n<a href=\"https:\/\/www.ceramika.agh.edu.pl\/en\/\"> Faculty of Materials Science and Ceramics, AGH University of Science and Technology<\/a> , Krakow, Poland<br \/>\n<a href=\"http:\/\/chemia.us.edu.pl\/chemia\/index.php\"> Institute of Chemistry, University of Silesia<\/a>, Katowice, Poland <\/p>\n<p><img loading=\"lazy\" decoding=\"async\" src=\"https:\/\/we.pb.edu.pl\/kfeits\/wp-content\/uploads\/sites\/5\/2020\/05\/logo-phb-300x187.jpg\" alt=\"\" width=\"300\" height=\"187\" class=\"aligncenter size-medium wp-image-2084\" srcset=\"https:\/\/we.pb.edu.pl\/kfeits\/wp-content\/uploads\/sites\/5\/2020\/05\/logo-phb-300x187.jpg 300w, https:\/\/we.pb.edu.pl\/kfeits\/wp-content\/uploads\/sites\/5\/2020\/05\/logo-phb-1024x640.jpg 1024w, https:\/\/we.pb.edu.pl\/kfeits\/wp-content\/uploads\/sites\/5\/2020\/05\/logo-phb-768x480.jpg 768w, https:\/\/we.pb.edu.pl\/kfeits\/wp-content\/uploads\/sites\/5\/2020\/05\/logo-phb-1536x960.jpg 1536w, https:\/\/we.pb.edu.pl\/kfeits\/wp-content\/uploads\/sites\/5\/2020\/05\/logo-phb-2048x1280.jpg 2048w\" sizes=\"auto, (max-width: 300px) 100vw, 300px\" \/><\/p>\n","protected":false},"excerpt":{"rendered":"<p>Our Partners Leibniz-Institut f\u00fcr Photonische Technologien, Jena, Germany Institute of Photonics and Electronics of the<a class=\"read-more\" href=\"https:\/\/we.pb.edu.pl\/kfeits\/nauka-i-badania\/bialystok-photonics\/collaboration\/\" title=\"Poka\u017c artyku\u0142 Collaboration\">wi\u0119cej<\/a><\/p>\n","protected":false},"author":30,"featured_media":0,"parent":2082,"menu_order":0,"comment_status":"closed","ping_status":"closed","template":"","meta":{"inline_featured_image":false,"ngg_post_thumbnail":0,"footnotes":""},"class_list":["post-2096","page","type-page","status-publish","hentry"],"acf":[],"yoast_head":"<!-- This site is optimized with the Yoast SEO plugin v26.4 - https:\/\/yoast.com\/wordpress\/plugins\/seo\/ -->\n<title>Collaboration - Katedra Fotoniki, Elektroniki i Techniki \u015awietlnej<\/title>\n<meta name=\"robots\" content=\"index, follow, max-snippet:-1, max-image-preview:large, max-video-preview:-1\" \/>\n<link rel=\"canonical\" href=\"https:\/\/we.pb.edu.pl\/kfeits\/nauka-i-badania\/bialystok-photonics\/collaboration\/\" \/>\n<meta property=\"og:locale\" content=\"pl_PL\" \/>\n<meta property=\"og:type\" content=\"article\" \/>\n<meta property=\"og:title\" content=\"Collaboration - Katedra Fotoniki, Elektroniki i Techniki \u015awietlnej\" \/>\n<meta property=\"og:description\" content=\"Our Partners Leibniz-Institut f\u00fcr Photonische Technologien, Jena, Germany Institute of Photonics and Electronics of thewi\u0119cej\" \/>\n<meta property=\"og:url\" content=\"https:\/\/we.pb.edu.pl\/kfeits\/nauka-i-badania\/bialystok-photonics\/collaboration\/\" \/>\n<meta property=\"og:site_name\" content=\"Katedra Fotoniki, Elektroniki i Techniki \u015awietlnej\" \/>\n<meta property=\"article:modified_time\" content=\"2020-05-07T18:35:57+00:00\" \/>\n<meta property=\"og:image\" content=\"https:\/\/we.pb.edu.pl\/kfeits\/wp-content\/uploads\/sites\/5\/2020\/05\/logo-phb-scaled.jpg\" \/>\n\t<meta property=\"og:image:width\" content=\"2560\" \/>\n\t<meta property=\"og:image:height\" content=\"1600\" \/>\n\t<meta property=\"og:image:type\" content=\"image\/jpeg\" \/>\n<meta name=\"twitter:card\" content=\"summary_large_image\" \/>\n<script type=\"application\/ld+json\" class=\"yoast-schema-graph\">{\"@context\":\"https:\/\/schema.org\",\"@graph\":[{\"@type\":\"WebPage\",\"@id\":\"https:\/\/we.pb.edu.pl\/kfeits\/nauka-i-badania\/bialystok-photonics\/collaboration\/\",\"url\":\"https:\/\/we.pb.edu.pl\/kfeits\/nauka-i-badania\/bialystok-photonics\/collaboration\/\",\"name\":\"Collaboration - Katedra Fotoniki, Elektroniki i Techniki \u015awietlnej\",\"isPartOf\":{\"@id\":\"https:\/\/we.pb.edu.pl\/kfeits\/#website\"},\"primaryImageOfPage\":{\"@id\":\"https:\/\/we.pb.edu.pl\/kfeits\/nauka-i-badania\/bialystok-photonics\/collaboration\/#primaryimage\"},\"image\":{\"@id\":\"https:\/\/we.pb.edu.pl\/kfeits\/nauka-i-badania\/bialystok-photonics\/collaboration\/#primaryimage\"},\"thumbnailUrl\":\"https:\/\/we.pb.edu.pl\/kfeits\/wp-content\/uploads\/sites\/5\/2020\/05\/logo-phb-300x187.jpg\",\"datePublished\":\"2020-05-07T07:26:12+00:00\",\"dateModified\":\"2020-05-07T18:35:57+00:00\",\"breadcrumb\":{\"@id\":\"https:\/\/we.pb.edu.pl\/kfeits\/nauka-i-badania\/bialystok-photonics\/collaboration\/#breadcrumb\"},\"inLanguage\":\"pl-PL\",\"potentialAction\":[{\"@type\":\"ReadAction\",\"target\":[\"https:\/\/we.pb.edu.pl\/kfeits\/nauka-i-badania\/bialystok-photonics\/collaboration\/\"]}]},{\"@type\":\"ImageObject\",\"inLanguage\":\"pl-PL\",\"@id\":\"https:\/\/we.pb.edu.pl\/kfeits\/nauka-i-badania\/bialystok-photonics\/collaboration\/#primaryimage\",\"url\":\"https:\/\/we.pb.edu.pl\/kfeits\/wp-content\/uploads\/sites\/5\/2020\/05\/logo-phb-scaled.jpg\",\"contentUrl\":\"https:\/\/we.pb.edu.pl\/kfeits\/wp-content\/uploads\/sites\/5\/2020\/05\/logo-phb-scaled.jpg\",\"width\":2560,\"height\":1600},{\"@type\":\"BreadcrumbList\",\"@id\":\"https:\/\/we.pb.edu.pl\/kfeits\/nauka-i-badania\/bialystok-photonics\/collaboration\/#breadcrumb\",\"itemListElement\":[{\"@type\":\"ListItem\",\"position\":1,\"name\":\"Strona g\u0142\u00f3wna\",\"item\":\"https:\/\/we.pb.edu.pl\/kfeits\/\"},{\"@type\":\"ListItem\",\"position\":2,\"name\":\"Nauka i badania\",\"item\":\"https:\/\/we.pb.edu.pl\/kfeits\/nauka-i-badania\/\"},{\"@type\":\"ListItem\",\"position\":3,\"name\":\"Photonics Bialystok research group\",\"item\":\"https:\/\/we.pb.edu.pl\/kfeits\/nauka-i-badania\/bialystok-photonics\/\"},{\"@type\":\"ListItem\",\"position\":4,\"name\":\"Collaboration\"}]},{\"@type\":\"WebSite\",\"@id\":\"https:\/\/we.pb.edu.pl\/kfeits\/#website\",\"url\":\"https:\/\/we.pb.edu.pl\/kfeits\/\",\"name\":\"Katedra Fotoniki, Elektroniki i Techniki \u015awietlnej\",\"description\":\"\",\"potentialAction\":[{\"@type\":\"SearchAction\",\"target\":{\"@type\":\"EntryPoint\",\"urlTemplate\":\"https:\/\/we.pb.edu.pl\/kfeits\/?s={search_term_string}\"},\"query-input\":{\"@type\":\"PropertyValueSpecification\",\"valueRequired\":true,\"valueName\":\"search_term_string\"}}],\"inLanguage\":\"pl-PL\"}]}<\/script>\n<!-- \/ Yoast SEO plugin. -->","yoast_head_json":{"title":"Collaboration - Katedra Fotoniki, Elektroniki i Techniki \u015awietlnej","robots":{"index":"index","follow":"follow","max-snippet":"max-snippet:-1","max-image-preview":"max-image-preview:large","max-video-preview":"max-video-preview:-1"},"canonical":"https:\/\/we.pb.edu.pl\/kfeits\/nauka-i-badania\/bialystok-photonics\/collaboration\/","og_locale":"pl_PL","og_type":"article","og_title":"Collaboration - Katedra Fotoniki, Elektroniki i Techniki \u015awietlnej","og_description":"Our Partners Leibniz-Institut f\u00fcr Photonische Technologien, Jena, Germany Institute of Photonics and Electronics of thewi\u0119cej","og_url":"https:\/\/we.pb.edu.pl\/kfeits\/nauka-i-badania\/bialystok-photonics\/collaboration\/","og_site_name":"Katedra Fotoniki, Elektroniki i Techniki \u015awietlnej","article_modified_time":"2020-05-07T18:35:57+00:00","og_image":[{"width":2560,"height":1600,"url":"https:\/\/we.pb.edu.pl\/kfeits\/wp-content\/uploads\/sites\/5\/2020\/05\/logo-phb-scaled.jpg","type":"image\/jpeg"}],"twitter_card":"summary_large_image","schema":{"@context":"https:\/\/schema.org","@graph":[{"@type":"WebPage","@id":"https:\/\/we.pb.edu.pl\/kfeits\/nauka-i-badania\/bialystok-photonics\/collaboration\/","url":"https:\/\/we.pb.edu.pl\/kfeits\/nauka-i-badania\/bialystok-photonics\/collaboration\/","name":"Collaboration - Katedra Fotoniki, Elektroniki i Techniki \u015awietlnej","isPartOf":{"@id":"https:\/\/we.pb.edu.pl\/kfeits\/#website"},"primaryImageOfPage":{"@id":"https:\/\/we.pb.edu.pl\/kfeits\/nauka-i-badania\/bialystok-photonics\/collaboration\/#primaryimage"},"image":{"@id":"https:\/\/we.pb.edu.pl\/kfeits\/nauka-i-badania\/bialystok-photonics\/collaboration\/#primaryimage"},"thumbnailUrl":"https:\/\/we.pb.edu.pl\/kfeits\/wp-content\/uploads\/sites\/5\/2020\/05\/logo-phb-300x187.jpg","datePublished":"2020-05-07T07:26:12+00:00","dateModified":"2020-05-07T18:35:57+00:00","breadcrumb":{"@id":"https:\/\/we.pb.edu.pl\/kfeits\/nauka-i-badania\/bialystok-photonics\/collaboration\/#breadcrumb"},"inLanguage":"pl-PL","potentialAction":[{"@type":"ReadAction","target":["https:\/\/we.pb.edu.pl\/kfeits\/nauka-i-badania\/bialystok-photonics\/collaboration\/"]}]},{"@type":"ImageObject","inLanguage":"pl-PL","@id":"https:\/\/we.pb.edu.pl\/kfeits\/nauka-i-badania\/bialystok-photonics\/collaboration\/#primaryimage","url":"https:\/\/we.pb.edu.pl\/kfeits\/wp-content\/uploads\/sites\/5\/2020\/05\/logo-phb-scaled.jpg","contentUrl":"https:\/\/we.pb.edu.pl\/kfeits\/wp-content\/uploads\/sites\/5\/2020\/05\/logo-phb-scaled.jpg","width":2560,"height":1600},{"@type":"BreadcrumbList","@id":"https:\/\/we.pb.edu.pl\/kfeits\/nauka-i-badania\/bialystok-photonics\/collaboration\/#breadcrumb","itemListElement":[{"@type":"ListItem","position":1,"name":"Strona g\u0142\u00f3wna","item":"https:\/\/we.pb.edu.pl\/kfeits\/"},{"@type":"ListItem","position":2,"name":"Nauka i badania","item":"https:\/\/we.pb.edu.pl\/kfeits\/nauka-i-badania\/"},{"@type":"ListItem","position":3,"name":"Photonics Bialystok research group","item":"https:\/\/we.pb.edu.pl\/kfeits\/nauka-i-badania\/bialystok-photonics\/"},{"@type":"ListItem","position":4,"name":"Collaboration"}]},{"@type":"WebSite","@id":"https:\/\/we.pb.edu.pl\/kfeits\/#website","url":"https:\/\/we.pb.edu.pl\/kfeits\/","name":"Katedra Fotoniki, Elektroniki i Techniki \u015awietlnej","description":"","potentialAction":[{"@type":"SearchAction","target":{"@type":"EntryPoint","urlTemplate":"https:\/\/we.pb.edu.pl\/kfeits\/?s={search_term_string}"},"query-input":{"@type":"PropertyValueSpecification","valueRequired":true,"valueName":"search_term_string"}}],"inLanguage":"pl-PL"}]}},"_links":{"self":[{"href":"https:\/\/we.pb.edu.pl\/kfeits\/wp-json\/wp\/v2\/pages\/2096","targetHints":{"allow":["GET"]}}],"collection":[{"href":"https:\/\/we.pb.edu.pl\/kfeits\/wp-json\/wp\/v2\/pages"}],"about":[{"href":"https:\/\/we.pb.edu.pl\/kfeits\/wp-json\/wp\/v2\/types\/page"}],"author":[{"embeddable":true,"href":"https:\/\/we.pb.edu.pl\/kfeits\/wp-json\/wp\/v2\/users\/30"}],"replies":[{"embeddable":true,"href":"https:\/\/we.pb.edu.pl\/kfeits\/wp-json\/wp\/v2\/comments?post=2096"}],"version-history":[{"count":6,"href":"https:\/\/we.pb.edu.pl\/kfeits\/wp-json\/wp\/v2\/pages\/2096\/revisions"}],"predecessor-version":[{"id":2170,"href":"https:\/\/we.pb.edu.pl\/kfeits\/wp-json\/wp\/v2\/pages\/2096\/revisions\/2170"}],"up":[{"embeddable":true,"href":"https:\/\/we.pb.edu.pl\/kfeits\/wp-json\/wp\/v2\/pages\/2082"}],"wp:attachment":[{"href":"https:\/\/we.pb.edu.pl\/kfeits\/wp-json\/wp\/v2\/media?parent=2096"}],"curies":[{"name":"wp","href":"https:\/\/api.w.org\/{rel}","templated":true}]}}

<p><strong>Our Partners</strong></p>
<p><a href="http://www.ipht-jena.de/">Leibniz-Institut für Photonische Technologien</a>, Jena, Germany<br />
<a href="https://www.ufe.cz/en">Institute of Photonics and Electronics of the AS CR, v.v.i.</a>, Prague, Czech Republic<br />
<a href="http://www.ifn.cnr.it/home">Istituto di Fotonica e Nanotecnologie (CNR-IFN)</a>, Trento, Italy<br />
<a href="https://www.ceramika.agh.edu.pl/en/"> Faculty of Materials Science and Ceramics, AGH University of Science and Technology</a> , Krakow, Poland<br />
<a href="http://chemia.us.edu.pl/chemia/index.php"> Institute of Chemistry, University of Silesia</a>, Katowice, Poland </p>
<p><img loading="lazy" decoding="async" src="https://we.pb.edu.pl/kfeits/wp-content/uploads/sites/5/2020/05/logo-phb-300x187.jpg" alt="" width="300" height="187" class="aligncenter size-medium wp-image-2084" srcset="https://we.pb.edu.pl/kfeits/wp-content/uploads/sites/5/2020/05/logo-phb-300x187.jpg 300w, https://we.pb.edu.pl/kfeits/wp-content/uploads/sites/5/2020/05/logo-phb-1024x640.jpg 1024w, https://we.pb.edu.pl/kfeits/wp-content/uploads/sites/5/2020/05/logo-phb-768x480.jpg 768w, https://we.pb.edu.pl/kfeits/wp-content/uploads/sites/5/2020/05/logo-phb-1536x960.jpg 1536w, https://we.pb.edu.pl/kfeits/wp-content/uploads/sites/5/2020/05/logo-phb-2048x1280.jpg 2048w" sizes="auto, (max-width: 300px) 100vw, 300px" /></p>

<p>Our Partners Leibniz-Institut für Photonische Technologien, Jena, Germany Institute of Photonics and Electronics of the<a class="read-more" href="https://we.pb.edu.pl/kfeits/nauka-i-badania/bialystok-photonics/collaboration/" title="Pokaż artykuł Collaboration">więcej</a></p>

<!-- This site is optimized with the Yoast SEO plugin v26.4 - https://yoast.com/wordpress/plugins/seo/ -->
<title>Collaboration - Katedra Fotoniki, Elektroniki i Techniki Świetlnej</title>
<meta name="robots" content="index, follow, max-snippet:-1, max-image-preview:large, max-video-preview:-1" />
<link rel="canonical" href="https://we.pb.edu.pl/kfeits/nauka-i-badania/bialystok-photonics/collaboration/" />
<meta property="og:locale" content="pl_PL" />
<meta property="og:type" content="article" />
<meta property="og:title" content="Collaboration - Katedra Fotoniki, Elektroniki i Techniki Świetlnej" />
<meta property="og:description" content="Our Partners Leibniz-Institut für Photonische Technologien, Jena, Germany Institute of Photonics and Electronics of thewięcej" />
<meta property="og:url" content="https://we.pb.edu.pl/kfeits/nauka-i-badania/bialystok-photonics/collaboration/" />
<meta property="og:site_name" content="Katedra Fotoniki, Elektroniki i Techniki Świetlnej" />
<meta property="article:modified_time" content="2020-05-07T18:35:57+00:00" />
<meta property="og:image" content="https://we.pb.edu.pl/kfeits/wp-content/uploads/sites/5/2020/05/logo-phb-scaled.jpg" />
	<meta property="og:image:width" content="2560" />
	<meta property="og:image:height" content="1600" />
	<meta property="og:image:type" content="image/jpeg" />
<meta name="twitter:card" content="summary_large_image" />
<script type="application/ld+json" class="yoast-schema-graph">{"@context":"https://schema.org","@graph":[{"@type":"WebPage","@id":"https://we.pb.edu.pl/kfeits/nauka-i-badania/bialystok-photonics/collaboration/","url":"https://we.pb.edu.pl/kfeits/nauka-i-badania/bialystok-photonics/collaboration/","name":"Collaboration - Katedra Fotoniki, Elektroniki i Techniki Świetlnej","isPartOf":{"@id":"https://we.pb.edu.pl/kfeits/#website"},"primaryImageOfPage":{"@id":"https://we.pb.edu.pl/kfeits/nauka-i-badania/bialystok-photonics/collaboration/#primaryimage"},"image":{"@id":"https://we.pb.edu.pl/kfeits/nauka-i-badania/bialystok-photonics/collaboration/#primaryimage"},"thumbnailUrl":"https://we.pb.edu.pl/kfeits/wp-content/uploads/sites/5/2020/05/logo-phb-300x187.jpg","datePublished":"2020-05-07T07:26:12+00:00","dateModified":"2020-05-07T18:35:57+00:00","breadcrumb":{"@id":"https://we.pb.edu.pl/kfeits/nauka-i-badania/bialystok-photonics/collaboration/#breadcrumb"},"inLanguage":"pl-PL","potentialAction":[{"@type":"ReadAction","target":["https://we.pb.edu.pl/kfeits/nauka-i-badania/bialystok-photonics/collaboration/"]}]},{"@type":"ImageObject","inLanguage":"pl-PL","@id":"https://we.pb.edu.pl/kfeits/nauka-i-badania/bialystok-photonics/collaboration/#primaryimage","url":"https://we.pb.edu.pl/kfeits/wp-content/uploads/sites/5/2020/05/logo-phb-scaled.jpg","contentUrl":"https://we.pb.edu.pl/kfeits/wp-content/uploads/sites/5/2020/05/logo-phb-scaled.jpg","width":2560,"height":1600},{"@type":"BreadcrumbList","@id":"https://we.pb.edu.pl/kfeits/nauka-i-badania/bialystok-photonics/collaboration/#breadcrumb","itemListElement":[{"@type":"ListItem","position":1,"name":"Strona główna","item":"https://we.pb.edu.pl/kfeits/"},{"@type":"ListItem","position":2,"name":"Nauka i badania","item":"https://we.pb.edu.pl/kfeits/nauka-i-badania/"},{"@type":"ListItem","position":3,"name":"Photonics Bialystok research group","item":"https://we.pb.edu.pl/kfeits/nauka-i-badania/bialystok-photonics/"},{"@type":"ListItem","position":4,"name":"Collaboration"}]},{"@type":"WebSite","@id":"https://we.pb.edu.pl/kfeits/#website","url":"https://we.pb.edu.pl/kfeits/","name":"Katedra Fotoniki, Elektroniki i Techniki Świetlnej","description":"","potentialAction":[{"@type":"SearchAction","target":{"@type":"EntryPoint","urlTemplate":"https://we.pb.edu.pl/kfeits/?s={search_term_string}"},"query-input":{"@type":"PropertyValueSpecification","valueRequired":true,"valueName":"search_term_string"}}],"inLanguage":"pl-PL"}]}</script>
<!-- / Yoast SEO plugin. -->

Collaboration - Katedra Fotoniki, Elektroniki i Techniki Świetlnej

Our Partners Leibniz-Institut für Photonische Technologien, Jena, Germany Institute of Photonics and Electronics of thewięcej

Katedra Fotoniki, Elektroniki i Techniki Świetlnej

Strona główna
