{"id":1668,"date":"2020-03-24T11:08:42","date_gmt":"2020-03-24T10:08:42","guid":{"rendered":"https:\/\/we.pb.edu.pl\/kfeits\/?page_id=1668"},"modified":"2025-10-07T08:45:14","modified_gmt":"2025-10-07T06:45:14","slug":"materialy-dydaktyczne","status":"publish","type":"page","link":"https:\/\/we.pb.edu.pl\/kfeits\/dydaktyka\/materialy-dydaktyczne\/","title":{"rendered":"Materia\u0142y dydaktyczne"},"content":{"rendered":"<h3>udost\u0119pnione przez pracownik\u00f3w KFEiT\u015a<\/h3>\n<p><a href=\"https:\/\/box.biaman.pl\/d\/13acbb2680c4473eb6f3\/\">dr in\u017c. <span class=\"b\">Urszula B\u0142aszczak<\/span><\/a><br \/>\n<a href=\"https:\/\/box.biaman.pl\/d\/81be78fe6397437dac30\/\">dr in\u017c. <span class=\"b\">\u0141ukasz Budzy\u0144ski<\/span><\/a><br \/>\n<a href=\"https:\/\/box.biaman.pl\/d\/ba4973108b5e4ad89ae5\/\">prof. dr hab. in\u017c. <span class=\"b\">Jan Dorosz<\/span><\/a><br \/>\n<a href=\"\">dr hab. in\u017c. <span class=\"b\">Irena Fryc<\/span>, prof. PB<\/a><br \/>\n<a href=\"\/kfeits\/marek-garbaruk\/\">dr in\u017c. <span class=\"b\">Marek Garbaruk<\/span><\/a><br \/>\n<a href=\"https:\/\/box.biaman.pl\/d\/618cfb71351844aba956\/\">dr in\u017c. <span class=\"b\">Gra\u017cyna Gilewska<\/span><\/a><br \/>\n<a href=\"https:\/\/box.biaman.pl\/d\/ebc6527b94354a94b1a6\/\">dr in\u017c. <span class=\"b\">\u0141ukasz Gryko<\/span><\/a><br \/>\n<a href=\"\/kfeits\/dariusz-janczak\/\">dr hab. in\u017c. <span class=\"b\">Dariusz Ja\u0144czak<\/span><\/a><br \/>\n<a href=\"https:\/\/box.biaman.pl\/d\/583069202144475abd45\/\">prof. dr hab. in\u017c. <span class=\"b\">Marcin Kochanowicz<\/span><\/a><br \/>\n<a href=\"\/kfeits\/krzysztof-konopko\/\">dr in\u017c. <span class=\"b\">Krzysztof Konopko<\/span><\/a><br \/>\n<a href=\"https:\/\/box.biaman.pl\/d\/dd847a7530e84790985e\/\">dr hab. in\u017c. <span class=\"b\">Jacek Kusznier<\/span>, prof. PB<\/a><br \/>\n<a href=\"https:\/\/box.biaman.pl\/d\/4b62aeaf9a594b4b91ba\">dr hab. in\u017c. <span class=\"b\">Renata Markowska<\/span>, prof. PB<\/a><br \/>\n<a href=\"\/kfeits\/piotr-miluski\/\">dr hab. in\u017c. <span class=\"b\">Piotr Miluski<\/span>, prof. PB<\/a><br \/>\n<a href=\"https:\/\/box.biaman.pl\/d\/ad43f1fb364b40b6bbbb\/\">dr in\u017c. <span class=\"b\">Mateusz Prorok<\/span><\/a><br \/>\n<a href=\"\/kfeits\/maciej-sadowski\/\">dr in\u017c. <span class=\"b\">Maciej Sadowski<\/span><\/a><br \/>\n<a href=\"\/kfeits\/ewa-swiercz\/\">dr hab. in\u017c. <span class=\"b\">Ewa \u015awiercz<\/span>, prof. PB<\/a><br \/>\n<a href=\"\/kfeits\/jaroslaw-wiater\/\">dr in\u017c. <span class=\"b\">Jaros\u0142aw Wiater<\/span><\/a><br \/>\n<a href=\"https:\/\/box.biaman.pl\/d\/aa0630ab73ff49bea605\/\">dr hab. in\u017c. <span class=\"b\">Maciej Zajkowski<\/span>, prof. PB<\/a><br \/>\n<a href=\"\/kfeits\/andrzej-zankiewicz\/\">dr in\u017c. <span class=\"b\">Andrzej Zankiewicz<\/span><\/a><br \/>\n<a href=\"https:\/\/box.biaman.pl\/d\/c6d74255bcc040719e04\/\">dr hab. in\u017c. <span class=\"b\">Jacek \u017bmojda<\/span>, prof. PB<\/a><\/p>\n<h3>Laboratoria<\/h3>\n<p><a href=\"\/kfeits\/dydaktyka\/kompatybilnosc-elektromagnetyczna-studia-stacjonarne\/\">Kompatybilno\u015b\u0107 Elektromagnetyczna (studia stacjonarne)<\/a><br \/>\n<a href=\"\/kfeits\/dydaktyka\/kompatybilnosc-elektromagnetyczna-studia-niestacjonarne\/\">Kompatybilno\u015b\u0107 Elektromagnetyczna (studia niestacjonarne)<\/a><br \/>\n<a href=\"\/kfeits\/dydaktyka\/kompatybilnosc-elektromagnetyczna-ekoenergetyka\/\">Kompatybilno\u015b\u0107 Elektromagnetyczna (Ekoenergetyka)<\/a><br \/>\n<a href=\"\/kfeits\/dydaktyka\/ochrona-przeciwzakloceniowa-studia-stacjonarne\/\">Ochrona Przeciwzak\u0142\u00f3ceniowa (studia stacjonarne)<\/a><br \/>\n<a href=\"\/kfeits\/dydaktyka\/ochrona-przeciwzakloceniowa-studia-niestacjonarne\/\">Ochrona Przeciwzak\u0142\u00f3ceniowa (studia niestacjonarne)<\/a><br \/>\n<a href=\"\/kfeits\/dydaktyka\/przetwarzanie-sygnalow-i-obrazow\/\">Przetwarzanie Sygna\u0142\u00f3w i Obraz\u00f3w<\/a><br \/>\n<a href=\"\/kfeits\/ewa-swiercz\/teoria-informacji-i-kodowania\/\">Teoria Informacji i Kodowania (studia niestacjonarne)<\/a><br \/>\n<a href=\"\/kfeits\/ewa-swiercz\/wstep-do-technik-multimedialnych\/\">Wst\u0119p do Technik Multimedialnych (studia stacjonarne)<\/a><br \/>\n<a href=\"\/kfeits\/dydaktyka\/zaklocenia-w-ukladach-elektroenergetycznych-studia-stacjonarne\/\">Zak\u0142\u00f3cenia w Uk\u0142adach Elektroenergetycznych (studia stacjonarne)<\/a><br \/>\n<a href=\"\/kfeits\/dydaktyka\/zaklocenia-w-ukladach-elektroenergetycznych-studia-niestacjonarne\/\">Zak\u0142\u00f3cenia w Uk\u0142adach Elektroenergetycznych (studia niestacjonarne)<\/a><\/p>\n","protected":false},"excerpt":{"rendered":"<p>udost\u0119pnione przez pracownik\u00f3w KFEiT\u015a dr in\u017c. Urszula B\u0142aszczak dr in\u017c. \u0141ukasz Budzy\u0144ski prof. dr hab.<a class=\"read-more\" href=\"https:\/\/we.pb.edu.pl\/kfeits\/dydaktyka\/materialy-dydaktyczne\/\" title=\"Poka\u017c artyku\u0142 Materia\u0142y dydaktyczne\">wi\u0119cej<\/a><\/p>\n","protected":false},"author":9,"featured_media":0,"parent":253,"menu_order":0,"comment_status":"closed","ping_status":"closed","template":"","meta":{"inline_featured_image":false,"ngg_post_thumbnail":0,"footnotes":""},"class_list":["post-1668","page","type-page","status-publish","hentry"],"acf":[],"yoast_head":"<!-- This site is optimized with the Yoast SEO plugin v26.4 - https:\/\/yoast.com\/wordpress\/plugins\/seo\/ -->\n<title>Materia\u0142y dydaktyczne - Katedra Fotoniki, Elektroniki i Techniki \u015awietlnej<\/title>\n<meta name=\"robots\" content=\"index, follow, max-snippet:-1, max-image-preview:large, max-video-preview:-1\" \/>\n<link rel=\"canonical\" href=\"https:\/\/we.pb.edu.pl\/kfeits\/dydaktyka\/materialy-dydaktyczne\/\" \/>\n<meta property=\"og:locale\" content=\"pl_PL\" \/>\n<meta property=\"og:type\" content=\"article\" \/>\n<meta property=\"og:title\" content=\"Materia\u0142y dydaktyczne - Katedra Fotoniki, Elektroniki i Techniki \u015awietlnej\" \/>\n<meta property=\"og:description\" content=\"udost\u0119pnione przez pracownik\u00f3w KFEiT\u015a dr in\u017c. Urszula B\u0142aszczak dr in\u017c. \u0141ukasz Budzy\u0144ski prof. dr hab.wi\u0119cej\" \/>\n<meta property=\"og:url\" content=\"https:\/\/we.pb.edu.pl\/kfeits\/dydaktyka\/materialy-dydaktyczne\/\" \/>\n<meta property=\"og:site_name\" content=\"Katedra Fotoniki, Elektroniki i Techniki \u015awietlnej\" \/>\n<meta property=\"article:modified_time\" content=\"2025-10-07T06:45:14+00:00\" \/>\n<meta name=\"twitter:card\" content=\"summary_large_image\" \/>\n<meta name=\"twitter:label1\" content=\"Szacowany czas czytania\" \/>\n\t<meta name=\"twitter:data1\" content=\"1 minuta\" \/>\n<script type=\"application\/ld+json\" class=\"yoast-schema-graph\">{\"@context\":\"https:\/\/schema.org\",\"@graph\":[{\"@type\":\"WebPage\",\"@id\":\"https:\/\/we.pb.edu.pl\/kfeits\/dydaktyka\/materialy-dydaktyczne\/\",\"url\":\"https:\/\/we.pb.edu.pl\/kfeits\/dydaktyka\/materialy-dydaktyczne\/\",\"name\":\"Materia\u0142y dydaktyczne - Katedra Fotoniki, Elektroniki i Techniki \u015awietlnej\",\"isPartOf\":{\"@id\":\"https:\/\/we.pb.edu.pl\/kfeits\/#website\"},\"datePublished\":\"2020-03-24T10:08:42+00:00\",\"dateModified\":\"2025-10-07T06:45:14+00:00\",\"breadcrumb\":{\"@id\":\"https:\/\/we.pb.edu.pl\/kfeits\/dydaktyka\/materialy-dydaktyczne\/#breadcrumb\"},\"inLanguage\":\"pl-PL\",\"potentialAction\":[{\"@type\":\"ReadAction\",\"target\":[\"https:\/\/we.pb.edu.pl\/kfeits\/dydaktyka\/materialy-dydaktyczne\/\"]}]},{\"@type\":\"BreadcrumbList\",\"@id\":\"https:\/\/we.pb.edu.pl\/kfeits\/dydaktyka\/materialy-dydaktyczne\/#breadcrumb\",\"itemListElement\":[{\"@type\":\"ListItem\",\"position\":1,\"name\":\"Strona g\u0142\u00f3wna\",\"item\":\"https:\/\/we.pb.edu.pl\/kfeits\/\"},{\"@type\":\"ListItem\",\"position\":2,\"name\":\"Dydaktyka\",\"item\":\"https:\/\/we.pb.edu.pl\/kfeits\/dydaktyka\/\"},{\"@type\":\"ListItem\",\"position\":3,\"name\":\"Materia\u0142y dydaktyczne\"}]},{\"@type\":\"WebSite\",\"@id\":\"https:\/\/we.pb.edu.pl\/kfeits\/#website\",\"url\":\"https:\/\/we.pb.edu.pl\/kfeits\/\",\"name\":\"Katedra Fotoniki, Elektroniki i Techniki \u015awietlnej\",\"description\":\"\",\"potentialAction\":[{\"@type\":\"SearchAction\",\"target\":{\"@type\":\"EntryPoint\",\"urlTemplate\":\"https:\/\/we.pb.edu.pl\/kfeits\/?s={search_term_string}\"},\"query-input\":{\"@type\":\"PropertyValueSpecification\",\"valueRequired\":true,\"valueName\":\"search_term_string\"}}],\"inLanguage\":\"pl-PL\"}]}<\/script>\n<!-- \/ Yoast SEO plugin. -->","yoast_head_json":{"title":"Materia\u0142y dydaktyczne - Katedra Fotoniki, Elektroniki i Techniki \u015awietlnej","robots":{"index":"index","follow":"follow","max-snippet":"max-snippet:-1","max-image-preview":"max-image-preview:large","max-video-preview":"max-video-preview:-1"},"canonical":"https:\/\/we.pb.edu.pl\/kfeits\/dydaktyka\/materialy-dydaktyczne\/","og_locale":"pl_PL","og_type":"article","og_title":"Materia\u0142y dydaktyczne - Katedra Fotoniki, Elektroniki i Techniki \u015awietlnej","og_description":"udost\u0119pnione przez pracownik\u00f3w KFEiT\u015a dr in\u017c. Urszula B\u0142aszczak dr in\u017c. \u0141ukasz Budzy\u0144ski prof. dr hab.wi\u0119cej","og_url":"https:\/\/we.pb.edu.pl\/kfeits\/dydaktyka\/materialy-dydaktyczne\/","og_site_name":"Katedra Fotoniki, Elektroniki i Techniki \u015awietlnej","article_modified_time":"2025-10-07T06:45:14+00:00","twitter_card":"summary_large_image","twitter_misc":{"Szacowany czas czytania":"1 minuta"},"schema":{"@context":"https:\/\/schema.org","@graph":[{"@type":"WebPage","@id":"https:\/\/we.pb.edu.pl\/kfeits\/dydaktyka\/materialy-dydaktyczne\/","url":"https:\/\/we.pb.edu.pl\/kfeits\/dydaktyka\/materialy-dydaktyczne\/","name":"Materia\u0142y dydaktyczne - Katedra Fotoniki, Elektroniki i Techniki \u015awietlnej","isPartOf":{"@id":"https:\/\/we.pb.edu.pl\/kfeits\/#website"},"datePublished":"2020-03-24T10:08:42+00:00","dateModified":"2025-10-07T06:45:14+00:00","breadcrumb":{"@id":"https:\/\/we.pb.edu.pl\/kfeits\/dydaktyka\/materialy-dydaktyczne\/#breadcrumb"},"inLanguage":"pl-PL","potentialAction":[{"@type":"ReadAction","target":["https:\/\/we.pb.edu.pl\/kfeits\/dydaktyka\/materialy-dydaktyczne\/"]}]},{"@type":"BreadcrumbList","@id":"https:\/\/we.pb.edu.pl\/kfeits\/dydaktyka\/materialy-dydaktyczne\/#breadcrumb","itemListElement":[{"@type":"ListItem","position":1,"name":"Strona g\u0142\u00f3wna","item":"https:\/\/we.pb.edu.pl\/kfeits\/"},{"@type":"ListItem","position":2,"name":"Dydaktyka","item":"https:\/\/we.pb.edu.pl\/kfeits\/dydaktyka\/"},{"@type":"ListItem","position":3,"name":"Materia\u0142y dydaktyczne"}]},{"@type":"WebSite","@id":"https:\/\/we.pb.edu.pl\/kfeits\/#website","url":"https:\/\/we.pb.edu.pl\/kfeits\/","name":"Katedra Fotoniki, Elektroniki i Techniki \u015awietlnej","description":"","potentialAction":[{"@type":"SearchAction","target":{"@type":"EntryPoint","urlTemplate":"https:\/\/we.pb.edu.pl\/kfeits\/?s={search_term_string}"},"query-input":{"@type":"PropertyValueSpecification","valueRequired":true,"valueName":"search_term_string"}}],"inLanguage":"pl-PL"}]}},"_links":{"self":[{"href":"https:\/\/we.pb.edu.pl\/kfeits\/wp-json\/wp\/v2\/pages\/1668","targetHints":{"allow":["GET"]}}],"collection":[{"href":"https:\/\/we.pb.edu.pl\/kfeits\/wp-json\/wp\/v2\/pages"}],"about":[{"href":"https:\/\/we.pb.edu.pl\/kfeits\/wp-json\/wp\/v2\/types\/page"}],"author":[{"embeddable":true,"href":"https:\/\/we.pb.edu.pl\/kfeits\/wp-json\/wp\/v2\/users\/9"}],"replies":[{"embeddable":true,"href":"https:\/\/we.pb.edu.pl\/kfeits\/wp-json\/wp\/v2\/comments?post=1668"}],"version-history":[{"count":29,"href":"https:\/\/we.pb.edu.pl\/kfeits\/wp-json\/wp\/v2\/pages\/1668\/revisions"}],"predecessor-version":[{"id":5898,"href":"https:\/\/we.pb.edu.pl\/kfeits\/wp-json\/wp\/v2\/pages\/1668\/revisions\/5898"}],"up":[{"embeddable":true,"href":"https:\/\/we.pb.edu.pl\/kfeits\/wp-json\/wp\/v2\/pages\/253"}],"wp:attachment":[{"href":"https:\/\/we.pb.edu.pl\/kfeits\/wp-json\/wp\/v2\/media?parent=1668"}],"curies":[{"name":"wp","href":"https:\/\/api.w.org\/{rel}","templated":true}]}}