{"id":74,"date":"2018-05-24T10:51:11","date_gmt":"2018-05-24T08:51:11","guid":{"rendered":"https:\/\/we.pb.edu.pl\/ketim\/?page_id=74"},"modified":"2024-11-04T12:29:45","modified_gmt":"2024-11-04T11:29:45","slug":"nauka-i-badania","status":"publish","type":"page","link":"https:\/\/we.pb.edu.pl\/keeie\/nauka-i-badania\/","title":{"rendered":"Nauka i badania"},"content":{"rendered":"<p class=\"std\">Dzia\u0142alno\u015b\u0107 naukowa pracownik\u00f3w katedry koncentruje si\u0119 wok\u00f3\u0142 nast\u0119puj\u0105cych zagadnie\u0144:<\/p>\n<ul class=\"compact\" style=\"margin-bottom: 2em;\">\n<li>budowa specjalizowanych przekszta\u0142tnik\u00f3w energoelektronicznych, w\u00a0tym do generator\u00f3w zasilanych z\u00a0turbin wiatrowych i\u00a0wodnych, paneli fotowoltaicznych;<\/li>\n<li>projektowanie mikroprocesorowych uk\u0142ad\u00f3w sterowania i\u00a0obwod\u00f3w silnopr\u0105dowych przekszta\u0142tnik\u00f3w energoelektronicznych;<\/li>\n<li>badanie prototypowych uk\u0142ad\u00f3w nap\u0119dowych;<\/li>\n<li>statyczne i\u00a0dynamiczne pomiary wielko\u015bci elektrycznych;<\/li>\n<li>pojektowanie i\u00a0realizacja z\u0142o\u017conych system\u00f3w pomiarowych;<\/li>\n<li>analityczno-numeryczne algorytmy modelowania pola termicznego oraz pola elektromagnetycznego;<\/li>\n<li>pole elektromagnetyczne w\u00a0uk\u0142adach z\u00a0materia\u0142ami o\u00a0z\u0142o\u017conych w\u0142a\u015bciwo\u015bciach;<\/li>\n<li>sieci elektroenergetyczne ze \u017ar\u00f3d\u0142ami energii odnawialnej (OZE) &#8211; budowa i\u00a0analiza w\u0142a\u015bciwo\u015bci;<\/li>\n<li>badania i\u00a0ocena parametr\u00f3w jako\u015bci energii elektrycznej w\u00a0sieciach elektroenergetycznych;<\/li>\n<li>szacowanie potencja\u0142u wytw\u00f3rczego i\u00a0prognozowanie dzia\u0142ania turbin i\u00a0farm wiatrowych.<\/li>\n<\/ul>\n<div class=\"row\">\n<div class=\"col-sm-2\">&nbsp;<\/div>\n<div class=\"col-sm-4\">\n<div class=\"panel panel-default panel-sport animated zoomIn\">\n<div class=\"panel-heading text-center\"><span class=\"lead\">Prace w\u0142asne zespo\u0142owe<\/span><\/div>\n<div class=\"panel-body\">\n<div class=\"image\"><a href=\"https:\/\/we.pb.edu.pl\/nauka-i-badania\/prace-badawcze-zespolowe\/prace-zespolowe-prowadzone-przez-keeie\/\"><img loading=\"lazy\" decoding=\"async\" class=\"aligncenter wp-image-63 size-full\" src=\"wp-content\/uploads\/sites\/7\/2018\/05\/pixabay-nauka-696-410.jpg\" alt=\"\" width=\"696\" height=\"410\" srcset=\"https:\/\/we.pb.edu.pl\/keeie\/wp-content\/uploads\/sites\/7\/2018\/05\/pixabay-nauka-696-410.jpg 696w, https:\/\/we.pb.edu.pl\/keeie\/wp-content\/uploads\/sites\/7\/2018\/05\/pixabay-nauka-696-410-300x177.jpg 300w\" sizes=\"auto, (max-width: 696px) 100vw, 696px\" \/><\/a><\/div>\n<\/div>\n<\/div>\n<\/div>\n<div class=\"col-sm-4\">\n<div class=\"panel panel-default panel-sport animated zoomIn\">\n<div class=\"panel-heading text-center\"><span class=\"lead\">Seminaria<\/span><\/div>\n<div class=\"panel-body\">\n<div class=\"image\"><a href=\"seminaria\/\"><img loading=\"lazy\" decoding=\"async\" class=\"aligncenter wp-image-78 size-full\" src=\"wp-content\/uploads\/sites\/7\/2018\/05\/2018_02_08_zdjeci_01-696-410.jpg\" alt=\"\" width=\"696\" height=\"410\" srcset=\"https:\/\/we.pb.edu.pl\/keeie\/wp-content\/uploads\/sites\/7\/2018\/05\/2018_02_08_zdjeci_01-696-410.jpg 696w, https:\/\/we.pb.edu.pl\/keeie\/wp-content\/uploads\/sites\/7\/2018\/05\/2018_02_08_zdjeci_01-696-410-300x177.jpg 300w\" sizes=\"auto, (max-width: 696px) 100vw, 696px\" \/><\/a><\/div>\n<\/div>\n<\/div>\n<\/div>\n<\/div>\n","protected":false},"excerpt":{"rendered":"<p>Dzia\u0142alno\u015b\u0107 naukowa pracownik\u00f3w katedry koncentruje si\u0119 wok\u00f3\u0142 nast\u0119puj\u0105cych zagadnie\u0144: budowa specjalizowanych przekszta\u0142tnik\u00f3w energoelektronicznych, w\u00a0tym do<a class=\"read-more\" href=\"https:\/\/we.pb.edu.pl\/keeie\/nauka-i-badania\/\" title=\"Poka\u017c artyku\u0142 Nauka i badania\">wi\u0119cej<\/a><\/p>\n","protected":false},"author":8,"featured_media":0,"parent":0,"menu_order":0,"comment_status":"closed","ping_status":"closed","template":"","meta":{"inline_featured_image":false,"ngg_post_thumbnail":0,"footnotes":""},"class_list":["post-74","page","type-page","status-publish","hentry"],"acf":[],"yoast_head":"<!-- This site is optimized with the Yoast SEO plugin v26.4 - https:\/\/yoast.com\/wordpress\/plugins\/seo\/ -->\n<title>Nauka i badania - Katedra Elektrotechniki, Energoelektroniki i Elektroenergetyki<\/title>\n<meta name=\"robots\" content=\"index, follow, max-snippet:-1, max-image-preview:large, max-video-preview:-1\" \/>\n<link rel=\"canonical\" href=\"https:\/\/we.pb.edu.pl\/keeie\/nauka-i-badania\/\" \/>\n<meta property=\"og:locale\" content=\"pl_PL\" \/>\n<meta property=\"og:type\" content=\"article\" \/>\n<meta property=\"og:title\" content=\"Nauka i badania - Katedra Elektrotechniki, Energoelektroniki i Elektroenergetyki\" \/>\n<meta property=\"og:description\" content=\"Dzia\u0142alno\u015b\u0107 naukowa pracownik\u00f3w katedry koncentruje si\u0119 wok\u00f3\u0142 nast\u0119puj\u0105cych zagadnie\u0144: budowa specjalizowanych przekszta\u0142tnik\u00f3w energoelektronicznych, w\u00a0tym dowi\u0119cej\" \/>\n<meta property=\"og:url\" content=\"https:\/\/we.pb.edu.pl\/keeie\/nauka-i-badania\/\" \/>\n<meta property=\"og:site_name\" content=\"Katedra Elektrotechniki, Energoelektroniki i Elektroenergetyki\" \/>\n<meta property=\"article:modified_time\" content=\"2024-11-04T11:29:45+00:00\" \/>\n<meta name=\"twitter:card\" content=\"summary_large_image\" \/>\n<meta name=\"twitter:label1\" content=\"Szacowany czas czytania\" \/>\n\t<meta name=\"twitter:data1\" content=\"1 minuta\" \/>\n<script type=\"application\/ld+json\" class=\"yoast-schema-graph\">{\"@context\":\"https:\/\/schema.org\",\"@graph\":[{\"@type\":\"WebPage\",\"@id\":\"https:\/\/we.pb.edu.pl\/keeie\/nauka-i-badania\/\",\"url\":\"https:\/\/we.pb.edu.pl\/keeie\/nauka-i-badania\/\",\"name\":\"Nauka i badania - Katedra Elektrotechniki, Energoelektroniki i Elektroenergetyki\",\"isPartOf\":{\"@id\":\"https:\/\/we.pb.edu.pl\/keeie\/#website\"},\"datePublished\":\"2018-05-24T08:51:11+00:00\",\"dateModified\":\"2024-11-04T11:29:45+00:00\",\"breadcrumb\":{\"@id\":\"https:\/\/we.pb.edu.pl\/keeie\/nauka-i-badania\/#breadcrumb\"},\"inLanguage\":\"pl-PL\",\"potentialAction\":[{\"@type\":\"ReadAction\",\"target\":[\"https:\/\/we.pb.edu.pl\/keeie\/nauka-i-badania\/\"]}]},{\"@type\":\"BreadcrumbList\",\"@id\":\"https:\/\/we.pb.edu.pl\/keeie\/nauka-i-badania\/#breadcrumb\",\"itemListElement\":[{\"@type\":\"ListItem\",\"position\":1,\"name\":\"Strona g\u0142\u00f3wna\",\"item\":\"https:\/\/we.pb.edu.pl\/keeie\/\"},{\"@type\":\"ListItem\",\"position\":2,\"name\":\"Nauka i badania\"}]},{\"@type\":\"WebSite\",\"@id\":\"https:\/\/we.pb.edu.pl\/keeie\/#website\",\"url\":\"https:\/\/we.pb.edu.pl\/keeie\/\",\"name\":\"Katedra Elektrotechniki, Energoelektroniki i Elektroenergetyki\",\"description\":\"Katedra Elektrotechniki, Energoelektroniki i Elektroenergetyki\",\"potentialAction\":[{\"@type\":\"SearchAction\",\"target\":{\"@type\":\"EntryPoint\",\"urlTemplate\":\"https:\/\/we.pb.edu.pl\/keeie\/?s={search_term_string}\"},\"query-input\":{\"@type\":\"PropertyValueSpecification\",\"valueRequired\":true,\"valueName\":\"search_term_string\"}}],\"inLanguage\":\"pl-PL\"}]}<\/script>\n<!-- \/ Yoast SEO plugin. -->","yoast_head_json":{"title":"Nauka i badania - Katedra Elektrotechniki, Energoelektroniki i Elektroenergetyki","robots":{"index":"index","follow":"follow","max-snippet":"max-snippet:-1","max-image-preview":"max-image-preview:large","max-video-preview":"max-video-preview:-1"},"canonical":"https:\/\/we.pb.edu.pl\/keeie\/nauka-i-badania\/","og_locale":"pl_PL","og_type":"article","og_title":"Nauka i badania - Katedra Elektrotechniki, Energoelektroniki i Elektroenergetyki","og_description":"Dzia\u0142alno\u015b\u0107 naukowa pracownik\u00f3w katedry koncentruje si\u0119 wok\u00f3\u0142 nast\u0119puj\u0105cych zagadnie\u0144: budowa specjalizowanych przekszta\u0142tnik\u00f3w energoelektronicznych, w\u00a0tym dowi\u0119cej","og_url":"https:\/\/we.pb.edu.pl\/keeie\/nauka-i-badania\/","og_site_name":"Katedra Elektrotechniki, Energoelektroniki i Elektroenergetyki","article_modified_time":"2024-11-04T11:29:45+00:00","twitter_card":"summary_large_image","twitter_misc":{"Szacowany czas czytania":"1 minuta"},"schema":{"@context":"https:\/\/schema.org","@graph":[{"@type":"WebPage","@id":"https:\/\/we.pb.edu.pl\/keeie\/nauka-i-badania\/","url":"https:\/\/we.pb.edu.pl\/keeie\/nauka-i-badania\/","name":"Nauka i badania - Katedra Elektrotechniki, Energoelektroniki i Elektroenergetyki","isPartOf":{"@id":"https:\/\/we.pb.edu.pl\/keeie\/#website"},"datePublished":"2018-05-24T08:51:11+00:00","dateModified":"2024-11-04T11:29:45+00:00","breadcrumb":{"@id":"https:\/\/we.pb.edu.pl\/keeie\/nauka-i-badania\/#breadcrumb"},"inLanguage":"pl-PL","potentialAction":[{"@type":"ReadAction","target":["https:\/\/we.pb.edu.pl\/keeie\/nauka-i-badania\/"]}]},{"@type":"BreadcrumbList","@id":"https:\/\/we.pb.edu.pl\/keeie\/nauka-i-badania\/#breadcrumb","itemListElement":[{"@type":"ListItem","position":1,"name":"Strona g\u0142\u00f3wna","item":"https:\/\/we.pb.edu.pl\/keeie\/"},{"@type":"ListItem","position":2,"name":"Nauka i badania"}]},{"@type":"WebSite","@id":"https:\/\/we.pb.edu.pl\/keeie\/#website","url":"https:\/\/we.pb.edu.pl\/keeie\/","name":"Katedra Elektrotechniki, Energoelektroniki i Elektroenergetyki","description":"Katedra Elektrotechniki, Energoelektroniki i Elektroenergetyki","potentialAction":[{"@type":"SearchAction","target":{"@type":"EntryPoint","urlTemplate":"https:\/\/we.pb.edu.pl\/keeie\/?s={search_term_string}"},"query-input":{"@type":"PropertyValueSpecification","valueRequired":true,"valueName":"search_term_string"}}],"inLanguage":"pl-PL"}]}},"_links":{"self":[{"href":"https:\/\/we.pb.edu.pl\/keeie\/wp-json\/wp\/v2\/pages\/74","targetHints":{"allow":["GET"]}}],"collection":[{"href":"https:\/\/we.pb.edu.pl\/keeie\/wp-json\/wp\/v2\/pages"}],"about":[{"href":"https:\/\/we.pb.edu.pl\/keeie\/wp-json\/wp\/v2\/types\/page"}],"author":[{"embeddable":true,"href":"https:\/\/we.pb.edu.pl\/keeie\/wp-json\/wp\/v2\/users\/8"}],"replies":[{"embeddable":true,"href":"https:\/\/we.pb.edu.pl\/keeie\/wp-json\/wp\/v2\/comments?post=74"}],"version-history":[{"count":10,"href":"https:\/\/we.pb.edu.pl\/keeie\/wp-json\/wp\/v2\/pages\/74\/revisions"}],"predecessor-version":[{"id":710,"href":"https:\/\/we.pb.edu.pl\/keeie\/wp-json\/wp\/v2\/pages\/74\/revisions\/710"}],"wp:attachment":[{"href":"https:\/\/we.pb.edu.pl\/keeie\/wp-json\/wp\/v2\/media?parent=74"}],"curies":[{"name":"wp","href":"https:\/\/api.w.org\/{rel}","templated":true}]}}