{"id":278,"date":"2020-09-28T10:36:13","date_gmt":"2020-09-28T08:36:13","guid":{"rendered":"https:\/\/we.pb.edu.pl\/keeie\/?page_id=278"},"modified":"2022-10-19T17:03:21","modified_gmt":"2022-10-19T15:03:21","slug":"elementy-automatyki","status":"publish","type":"page","link":"https:\/\/we.pb.edu.pl\/keeie\/adam-solbut\/elementy-automatyki\/","title":{"rendered":"Elementy Automatyki"},"content":{"rendered":"<p><a href=\"\/keeie\/wp-content\/uploads\/sites\/7\/2020\/09\/as-ea-dsw1.pdf\">Dwufazowy silnik wykonawczy (PDF dost\u0119pny cyfrowo, 837 kB)<\/a><br \/>\n<a href=\"\/keeie\/wp-content\/uploads\/sites\/7\/2020\/09\/as-ea-swps1.pdf\">Silnik wykonawczy pr\u0105du sta\u0142ego (PDF dost\u0119pny cyfrowo, 817 kB)<\/a><br \/>\n<a href=\"\/keeie\/wp-content\/uploads\/sites\/7\/2020\/09\/as-ea-magne.pdf\">Magnesy trwa\u0142e (PDF dost\u0119pny cyfrowo, 307 kB)<\/a><br \/>\n<a href=\"\/keeie\/wp-content\/uploads\/sites\/7\/2020\/09\/as-ea-ms.pdf\">Mikrosilniki synchroniczne (PDF dost\u0119pny cyfrowo, 740 kB)<\/a><br \/>\n<a href=\"\/keeie\/wp-content\/uploads\/sites\/7\/2020\/09\/as-ea-brushlessdc.pdf\">Silniki pr\u0105du sta\u0142ego z komutacj\u0105 elektroniczn\u0105 (PDF dost\u0119pny cyfrowo, 636 kB)<\/a><br \/>\n<a href=\"\/keeie\/wp-content\/uploads\/sites\/7\/2020\/09\/as-ea-skokowe.pdf\">Silniki skokowe (PDF dost\u0119pny cyfrowo, 758 kB)<\/a><br \/>\n<a href=\"\/keeie\/wp-content\/uploads\/sites\/7\/2020\/09\/as-ea-inne.pdf\">Inne silniki (PDF dost\u0119pny cyfrowo, 750 kB)<\/a><br \/>\n<a href=\"\/keeie\/wp-content\/uploads\/sites\/7\/2020\/09\/as-ea-omega.pdf\">Pomiary pr\u0119dko\u015bci k\u0105towej (PDF dost\u0119pny cyfrowo, 592 kB)<\/a><br \/>\n<a href=\"\/keeie\/wp-content\/uploads\/sites\/7\/2020\/09\/as-ea-kat.pdf\">Pomiary k\u0105ta i po\u0142o\u017cenia (PDF dost\u0119pny cyfrowo, 928 kB)<\/a><br \/>\n<a href=\"\/keeie\/wp-content\/uploads\/sites\/7\/2020\/09\/as-ea-selsyny1.pdf\">Selsyny i \u0142\u0105cza selsynowe (PDF dost\u0119pny cyfrowo, 455 kB)<\/a><br \/>\n<a href=\"\/keeie\/wp-content\/uploads\/sites\/7\/2020\/09\/as-ea-sprzegla.pdf\">Sprz\u0119g\u0142a elektromagnetyczne (PDF dost\u0119pny cyfrowo, 175 kB)<\/a><br \/>\n<a href=\"\/keeie\/wp-content\/uploads\/sites\/7\/2020\/09\/as-ea-hydro.pdf\">Wybrane elementy pneumatyczne i hydrauliczne (PDF dost\u0119pny cyfrowo, 815 kB)<\/a><\/p>\n<h2>Instrukcje do laboratorium<\/h2>\n<p><a class=\"zip\" href=\"https:\/\/box.biaman.pl\/f\/2c14eb1fc1784631b059\/?dl=1\">Elektrotechnika (archiwum ZIP, 12,7 MB)<\/a><br \/>\n<a class=\"zip\" href=\"https:\/\/box.biaman.pl\/f\/d20f00ef3a1443659756\/?dl=1\">Elektrotechnika studia dualne (archiwum ZIP, 12,7 MB)<\/a><br \/>\n<a class=\"zip\" href=\"https:\/\/box.biaman.pl\/f\/2a53bd94aa3c46eaa432\/?dl=1\">Elektronika (archiwum ZIP, 4,4 MB)<\/a><\/p>\n","protected":false},"excerpt":{"rendered":"<p>Dwufazowy silnik wykonawczy (PDF dost\u0119pny cyfrowo, 837 kB) Silnik wykonawczy pr\u0105du sta\u0142ego (PDF dost\u0119pny cyfrowo,<a class=\"read-more\" href=\"https:\/\/we.pb.edu.pl\/keeie\/adam-solbut\/elementy-automatyki\/\" title=\"Poka\u017c artyku\u0142 Elementy Automatyki\">wi\u0119cej<\/a><\/p>\n","protected":false},"author":17,"featured_media":0,"parent":274,"menu_order":0,"comment_status":"closed","ping_status":"closed","template":"","meta":{"inline_featured_image":false,"ngg_post_thumbnail":0,"footnotes":""},"class_list":["post-278","page","type-page","status-publish","hentry"],"acf":[],"yoast_head":"<!-- This site is optimized with the Yoast SEO plugin v26.4 - https:\/\/yoast.com\/wordpress\/plugins\/seo\/ -->\n<title>Elementy Automatyki - Katedra Elektrotechniki, Energoelektroniki i Elektroenergetyki<\/title>\n<meta name=\"robots\" content=\"index, follow, max-snippet:-1, max-image-preview:large, max-video-preview:-1\" \/>\n<link rel=\"canonical\" href=\"https:\/\/we.pb.edu.pl\/keeie\/adam-solbut\/elementy-automatyki\/\" \/>\n<meta property=\"og:locale\" content=\"pl_PL\" \/>\n<meta property=\"og:type\" content=\"article\" \/>\n<meta property=\"og:title\" content=\"Elementy Automatyki - Katedra Elektrotechniki, Energoelektroniki i Elektroenergetyki\" \/>\n<meta property=\"og:description\" content=\"Dwufazowy silnik wykonawczy (PDF dost\u0119pny cyfrowo, 837 kB) Silnik wykonawczy pr\u0105du sta\u0142ego (PDF dost\u0119pny cyfrowo,wi\u0119cej\" \/>\n<meta property=\"og:url\" content=\"https:\/\/we.pb.edu.pl\/keeie\/adam-solbut\/elementy-automatyki\/\" \/>\n<meta property=\"og:site_name\" content=\"Katedra Elektrotechniki, Energoelektroniki i Elektroenergetyki\" \/>\n<meta property=\"article:modified_time\" content=\"2022-10-19T15:03:21+00:00\" \/>\n<meta name=\"twitter:card\" content=\"summary_large_image\" \/>\n<meta name=\"twitter:label1\" content=\"Szacowany czas czytania\" \/>\n\t<meta name=\"twitter:data1\" content=\"1 minuta\" \/>\n<script type=\"application\/ld+json\" class=\"yoast-schema-graph\">{\"@context\":\"https:\/\/schema.org\",\"@graph\":[{\"@type\":\"WebPage\",\"@id\":\"https:\/\/we.pb.edu.pl\/keeie\/adam-solbut\/elementy-automatyki\/\",\"url\":\"https:\/\/we.pb.edu.pl\/keeie\/adam-solbut\/elementy-automatyki\/\",\"name\":\"Elementy Automatyki - Katedra Elektrotechniki, Energoelektroniki i Elektroenergetyki\",\"isPartOf\":{\"@id\":\"https:\/\/we.pb.edu.pl\/keeie\/#website\"},\"datePublished\":\"2020-09-28T08:36:13+00:00\",\"dateModified\":\"2022-10-19T15:03:21+00:00\",\"breadcrumb\":{\"@id\":\"https:\/\/we.pb.edu.pl\/keeie\/adam-solbut\/elementy-automatyki\/#breadcrumb\"},\"inLanguage\":\"pl-PL\",\"potentialAction\":[{\"@type\":\"ReadAction\",\"target\":[\"https:\/\/we.pb.edu.pl\/keeie\/adam-solbut\/elementy-automatyki\/\"]}]},{\"@type\":\"BreadcrumbList\",\"@id\":\"https:\/\/we.pb.edu.pl\/keeie\/adam-solbut\/elementy-automatyki\/#breadcrumb\",\"itemListElement\":[{\"@type\":\"ListItem\",\"position\":1,\"name\":\"Strona g\u0142\u00f3wna\",\"item\":\"https:\/\/we.pb.edu.pl\/keeie\/\"},{\"@type\":\"ListItem\",\"position\":2,\"name\":\"dr hab. in\u017c. Adam So\u0142but, prof. PB\",\"item\":\"https:\/\/we.pb.edu.pl\/keeie\/adam-solbut\/\"},{\"@type\":\"ListItem\",\"position\":3,\"name\":\"Elementy Automatyki\"}]},{\"@type\":\"WebSite\",\"@id\":\"https:\/\/we.pb.edu.pl\/keeie\/#website\",\"url\":\"https:\/\/we.pb.edu.pl\/keeie\/\",\"name\":\"Katedra Elektrotechniki, Energoelektroniki i Elektroenergetyki\",\"description\":\"Katedra Elektrotechniki, Energoelektroniki i Elektroenergetyki\",\"potentialAction\":[{\"@type\":\"SearchAction\",\"target\":{\"@type\":\"EntryPoint\",\"urlTemplate\":\"https:\/\/we.pb.edu.pl\/keeie\/?s={search_term_string}\"},\"query-input\":{\"@type\":\"PropertyValueSpecification\",\"valueRequired\":true,\"valueName\":\"search_term_string\"}}],\"inLanguage\":\"pl-PL\"}]}<\/script>\n<!-- \/ Yoast SEO plugin. -->","yoast_head_json":{"title":"Elementy Automatyki - Katedra Elektrotechniki, Energoelektroniki i Elektroenergetyki","robots":{"index":"index","follow":"follow","max-snippet":"max-snippet:-1","max-image-preview":"max-image-preview:large","max-video-preview":"max-video-preview:-1"},"canonical":"https:\/\/we.pb.edu.pl\/keeie\/adam-solbut\/elementy-automatyki\/","og_locale":"pl_PL","og_type":"article","og_title":"Elementy Automatyki - Katedra Elektrotechniki, Energoelektroniki i Elektroenergetyki","og_description":"Dwufazowy silnik wykonawczy (PDF dost\u0119pny cyfrowo, 837 kB) Silnik wykonawczy pr\u0105du sta\u0142ego (PDF dost\u0119pny cyfrowo,wi\u0119cej","og_url":"https:\/\/we.pb.edu.pl\/keeie\/adam-solbut\/elementy-automatyki\/","og_site_name":"Katedra Elektrotechniki, Energoelektroniki i Elektroenergetyki","article_modified_time":"2022-10-19T15:03:21+00:00","twitter_card":"summary_large_image","twitter_misc":{"Szacowany czas czytania":"1 minuta"},"schema":{"@context":"https:\/\/schema.org","@graph":[{"@type":"WebPage","@id":"https:\/\/we.pb.edu.pl\/keeie\/adam-solbut\/elementy-automatyki\/","url":"https:\/\/we.pb.edu.pl\/keeie\/adam-solbut\/elementy-automatyki\/","name":"Elementy Automatyki - Katedra Elektrotechniki, Energoelektroniki i Elektroenergetyki","isPartOf":{"@id":"https:\/\/we.pb.edu.pl\/keeie\/#website"},"datePublished":"2020-09-28T08:36:13+00:00","dateModified":"2022-10-19T15:03:21+00:00","breadcrumb":{"@id":"https:\/\/we.pb.edu.pl\/keeie\/adam-solbut\/elementy-automatyki\/#breadcrumb"},"inLanguage":"pl-PL","potentialAction":[{"@type":"ReadAction","target":["https:\/\/we.pb.edu.pl\/keeie\/adam-solbut\/elementy-automatyki\/"]}]},{"@type":"BreadcrumbList","@id":"https:\/\/we.pb.edu.pl\/keeie\/adam-solbut\/elementy-automatyki\/#breadcrumb","itemListElement":[{"@type":"ListItem","position":1,"name":"Strona g\u0142\u00f3wna","item":"https:\/\/we.pb.edu.pl\/keeie\/"},{"@type":"ListItem","position":2,"name":"dr hab. in\u017c. Adam So\u0142but, prof. PB","item":"https:\/\/we.pb.edu.pl\/keeie\/adam-solbut\/"},{"@type":"ListItem","position":3,"name":"Elementy Automatyki"}]},{"@type":"WebSite","@id":"https:\/\/we.pb.edu.pl\/keeie\/#website","url":"https:\/\/we.pb.edu.pl\/keeie\/","name":"Katedra Elektrotechniki, Energoelektroniki i Elektroenergetyki","description":"Katedra Elektrotechniki, Energoelektroniki i Elektroenergetyki","potentialAction":[{"@type":"SearchAction","target":{"@type":"EntryPoint","urlTemplate":"https:\/\/we.pb.edu.pl\/keeie\/?s={search_term_string}"},"query-input":{"@type":"PropertyValueSpecification","valueRequired":true,"valueName":"search_term_string"}}],"inLanguage":"pl-PL"}]}},"_links":{"self":[{"href":"https:\/\/we.pb.edu.pl\/keeie\/wp-json\/wp\/v2\/pages\/278","targetHints":{"allow":["GET"]}}],"collection":[{"href":"https:\/\/we.pb.edu.pl\/keeie\/wp-json\/wp\/v2\/pages"}],"about":[{"href":"https:\/\/we.pb.edu.pl\/keeie\/wp-json\/wp\/v2\/types\/page"}],"author":[{"embeddable":true,"href":"https:\/\/we.pb.edu.pl\/keeie\/wp-json\/wp\/v2\/users\/17"}],"replies":[{"embeddable":true,"href":"https:\/\/we.pb.edu.pl\/keeie\/wp-json\/wp\/v2\/comments?post=278"}],"version-history":[{"count":7,"href":"https:\/\/we.pb.edu.pl\/keeie\/wp-json\/wp\/v2\/pages\/278\/revisions"}],"predecessor-version":[{"id":380,"href":"https:\/\/we.pb.edu.pl\/keeie\/wp-json\/wp\/v2\/pages\/278\/revisions\/380"}],"up":[{"embeddable":true,"href":"https:\/\/we.pb.edu.pl\/keeie\/wp-json\/wp\/v2\/pages\/274"}],"wp:attachment":[{"href":"https:\/\/we.pb.edu.pl\/keeie\/wp-json\/wp\/v2\/media?parent=278"}],"curies":[{"name":"wp","href":"https:\/\/api.w.org\/{rel}","templated":true}]}}