{"id":274,"date":"2020-09-28T10:25:14","date_gmt":"2020-09-28T08:25:14","guid":{"rendered":"https:\/\/we.pb.edu.pl\/keeie\/?page_id=274"},"modified":"2024-02-27T16:29:48","modified_gmt":"2024-02-27T15:29:48","slug":"adam-solbut","status":"publish","type":"page","link":"https:\/\/we.pb.edu.pl\/keeie\/adam-solbut\/","title":{"rendered":"dr hab. in\u017c. Adam So\u0142but, prof. PB"},"content":{"rendered":"<p><strong>Konsultacje (WE138):<\/strong><\/p>\n<p>poniedzia\u0142ek 10<sup>00<\/sup>-11<sup>30<\/sup><\/p>\n<p>czwartek 8<sup>00<\/sup>-10<sup>00<\/sup><\/p>\n<p>sobota (w czasie zjazd\u00f3w) 9<sup>35<\/sup>-11<sup>05<\/sup><\/p>\n<h2>Materia\u0142y pomocnicze do wyk\u0142ad\u00f3w<\/h2>\n<p><a href=\"\/keeie\/adam-solbut\/maszyny-elektryczne\/\">Maszyny Elektryczne<\/a><br \/>\n<a href=\"\/keeie\/adam-solbut\/elementy-automatyki\/\">Elementy Automatyki<\/a><br \/>\n<a href=\"\/keeie\/adam-solbut\/programowanie-obiektowe\/\">Programowanie Obiektowe<\/a><\/p>\n<h2>Programy do pobrania<\/h2>\n<p><a class=\"zip\" href=\"https:\/\/box.biaman.pl\/f\/4358b9efef8e4ecd84f3\/?dl=1\">Anagraf_win v.7.28 (archiwum ZIP, 1,4 MB)<\/a><br \/>\n<a class=\"zip\" href=\"https:\/\/box.biaman.pl\/f\/288d8e4ca0624b08bc7f\/?dl=1\">Kalkulatory (archiwum ZIP, 798 kB)<\/a><br \/>\n<a class=\"zip\" href=\"https:\/\/box.biaman.pl\/f\/e76c0ea153d84a4095d6\/?dl=1\">RS_owl v.2.1 (archiwum ZIP, 289 kB)<\/a><\/p>\n<h3>Transformatory<\/h3>\n<p><a class=\"zip\" href=\"https:\/\/box.biaman.pl\/f\/ecf552eebd794a10b21c\/?dl=1\">Wybrane stany nieustalone (archiwum ZIP, 2,8 MB)<\/a><\/p>\n<h3>Maszyny asynchroniczne<\/h3>\n<p><a class=\"zip\" href=\"https:\/\/box.biaman.pl\/f\/7292867052a742e1a76e\/?dl=1\">Asynch_c &#8211; zasilanie sinusoidalne (ver.2.1, 253 kB)<\/a><br \/>\n<a class=\"zip\" href=\"https:\/\/box.biaman.pl\/f\/86deda589ee349719640\/?dl=1\">U-F &#8211; sterowanie skalarne (archiwum ZIP, 1,0 MB)<\/a><\/p>\n<h3>Maszyny pr\u0105du sta\u0142ego<\/h3>\n<p><a class=\"zip\" href=\"https:\/\/box.biaman.pl\/f\/9c0a86fb7add4eabb7fc\/?dl=1\">Silnik obcowzbudny (archiwum ZIP, 2,7 MB)<\/a><br \/>\n<a class=\"zip\" href=\"https:\/\/box.biaman.pl\/f\/e7b605f95f424d6bacb0\/?dl=1\">Silnik szeregowy (archiwum ZIP 1,0 MB)<\/a><br \/>\n<a class=\"zip\" href=\"https:\/\/box.biaman.pl\/f\/6a183be8e5ed40a69706\/?dl=1\">Silnik uniwersalny (archiwum ZIP 1,0 MB)<\/a><\/p>\n<p style=\"margin-top: 1.5em\"><a title=\"Otworzy si\u0119 w nowej karcie.\" href=\"https:\/\/1drv.ms\/u\/s!ApNi0WJ5kjdngtVQGBG_m0PIZZyzAw\">R\u00f3\u017cne programy pomocnicze<\/a><\/p>\n","protected":false},"excerpt":{"rendered":"<p>Konsultacje (WE138): poniedzia\u0142ek 1000-1130 czwartek 800-1000 sobota (w czasie zjazd\u00f3w) 935-1105 Materia\u0142y pomocnicze do wyk\u0142ad\u00f3w<a class=\"read-more\" href=\"https:\/\/we.pb.edu.pl\/keeie\/adam-solbut\/\" title=\"Poka\u017c artyku\u0142 dr hab. in\u017c. Adam So\u0142but, prof. PB\">wi\u0119cej<\/a><\/p>\n","protected":false},"author":17,"featured_media":0,"parent":0,"menu_order":0,"comment_status":"closed","ping_status":"closed","template":"","meta":{"inline_featured_image":false,"ngg_post_thumbnail":0,"footnotes":""},"class_list":["post-274","page","type-page","status-publish","hentry"],"acf":[],"yoast_head":"<!-- This site is optimized with the Yoast SEO plugin v26.4 - https:\/\/yoast.com\/wordpress\/plugins\/seo\/ -->\n<title>dr hab. in\u017c. Adam So\u0142but, prof. PB - Katedra Elektrotechniki, Energoelektroniki i Elektroenergetyki<\/title>\n<meta name=\"robots\" content=\"index, follow, max-snippet:-1, max-image-preview:large, max-video-preview:-1\" \/>\n<link rel=\"canonical\" href=\"https:\/\/we.pb.edu.pl\/keeie\/adam-solbut\/\" \/>\n<meta property=\"og:locale\" content=\"pl_PL\" \/>\n<meta property=\"og:type\" content=\"article\" \/>\n<meta property=\"og:title\" content=\"dr hab. in\u017c. Adam So\u0142but, prof. PB - Katedra Elektrotechniki, Energoelektroniki i Elektroenergetyki\" \/>\n<meta property=\"og:description\" content=\"Konsultacje (WE138): poniedzia\u0142ek 1000-1130 czwartek 800-1000 sobota (w czasie zjazd\u00f3w) 935-1105 Materia\u0142y pomocnicze do wyk\u0142ad\u00f3wwi\u0119cej\" \/>\n<meta property=\"og:url\" content=\"https:\/\/we.pb.edu.pl\/keeie\/adam-solbut\/\" \/>\n<meta property=\"og:site_name\" content=\"Katedra Elektrotechniki, Energoelektroniki i Elektroenergetyki\" \/>\n<meta property=\"article:modified_time\" content=\"2024-02-27T15:29:48+00:00\" \/>\n<meta name=\"twitter:card\" content=\"summary_large_image\" \/>\n<meta name=\"twitter:label1\" content=\"Szacowany czas czytania\" \/>\n\t<meta name=\"twitter:data1\" content=\"1 minuta\" \/>\n<script type=\"application\/ld+json\" class=\"yoast-schema-graph\">{\"@context\":\"https:\/\/schema.org\",\"@graph\":[{\"@type\":\"WebPage\",\"@id\":\"https:\/\/we.pb.edu.pl\/keeie\/adam-solbut\/\",\"url\":\"https:\/\/we.pb.edu.pl\/keeie\/adam-solbut\/\",\"name\":\"dr hab. in\u017c. Adam So\u0142but, prof. PB - Katedra Elektrotechniki, Energoelektroniki i Elektroenergetyki\",\"isPartOf\":{\"@id\":\"https:\/\/we.pb.edu.pl\/keeie\/#website\"},\"datePublished\":\"2020-09-28T08:25:14+00:00\",\"dateModified\":\"2024-02-27T15:29:48+00:00\",\"breadcrumb\":{\"@id\":\"https:\/\/we.pb.edu.pl\/keeie\/adam-solbut\/#breadcrumb\"},\"inLanguage\":\"pl-PL\",\"potentialAction\":[{\"@type\":\"ReadAction\",\"target\":[\"https:\/\/we.pb.edu.pl\/keeie\/adam-solbut\/\"]}]},{\"@type\":\"BreadcrumbList\",\"@id\":\"https:\/\/we.pb.edu.pl\/keeie\/adam-solbut\/#breadcrumb\",\"itemListElement\":[{\"@type\":\"ListItem\",\"position\":1,\"name\":\"Strona g\u0142\u00f3wna\",\"item\":\"https:\/\/we.pb.edu.pl\/keeie\/\"},{\"@type\":\"ListItem\",\"position\":2,\"name\":\"dr hab. in\u017c. Adam So\u0142but, prof. PB\"}]},{\"@type\":\"WebSite\",\"@id\":\"https:\/\/we.pb.edu.pl\/keeie\/#website\",\"url\":\"https:\/\/we.pb.edu.pl\/keeie\/\",\"name\":\"Katedra Elektrotechniki, Energoelektroniki i Elektroenergetyki\",\"description\":\"Katedra Elektrotechniki, Energoelektroniki i Elektroenergetyki\",\"potentialAction\":[{\"@type\":\"SearchAction\",\"target\":{\"@type\":\"EntryPoint\",\"urlTemplate\":\"https:\/\/we.pb.edu.pl\/keeie\/?s={search_term_string}\"},\"query-input\":{\"@type\":\"PropertyValueSpecification\",\"valueRequired\":true,\"valueName\":\"search_term_string\"}}],\"inLanguage\":\"pl-PL\"}]}<\/script>\n<!-- \/ Yoast SEO plugin. -->","yoast_head_json":{"title":"dr hab. in\u017c. Adam So\u0142but, prof. PB - Katedra Elektrotechniki, Energoelektroniki i Elektroenergetyki","robots":{"index":"index","follow":"follow","max-snippet":"max-snippet:-1","max-image-preview":"max-image-preview:large","max-video-preview":"max-video-preview:-1"},"canonical":"https:\/\/we.pb.edu.pl\/keeie\/adam-solbut\/","og_locale":"pl_PL","og_type":"article","og_title":"dr hab. in\u017c. Adam So\u0142but, prof. PB - Katedra Elektrotechniki, Energoelektroniki i Elektroenergetyki","og_description":"Konsultacje (WE138): poniedzia\u0142ek 1000-1130 czwartek 800-1000 sobota (w czasie zjazd\u00f3w) 935-1105 Materia\u0142y pomocnicze do wyk\u0142ad\u00f3wwi\u0119cej","og_url":"https:\/\/we.pb.edu.pl\/keeie\/adam-solbut\/","og_site_name":"Katedra Elektrotechniki, Energoelektroniki i Elektroenergetyki","article_modified_time":"2024-02-27T15:29:48+00:00","twitter_card":"summary_large_image","twitter_misc":{"Szacowany czas czytania":"1 minuta"},"schema":{"@context":"https:\/\/schema.org","@graph":[{"@type":"WebPage","@id":"https:\/\/we.pb.edu.pl\/keeie\/adam-solbut\/","url":"https:\/\/we.pb.edu.pl\/keeie\/adam-solbut\/","name":"dr hab. in\u017c. Adam So\u0142but, prof. PB - Katedra Elektrotechniki, Energoelektroniki i Elektroenergetyki","isPartOf":{"@id":"https:\/\/we.pb.edu.pl\/keeie\/#website"},"datePublished":"2020-09-28T08:25:14+00:00","dateModified":"2024-02-27T15:29:48+00:00","breadcrumb":{"@id":"https:\/\/we.pb.edu.pl\/keeie\/adam-solbut\/#breadcrumb"},"inLanguage":"pl-PL","potentialAction":[{"@type":"ReadAction","target":["https:\/\/we.pb.edu.pl\/keeie\/adam-solbut\/"]}]},{"@type":"BreadcrumbList","@id":"https:\/\/we.pb.edu.pl\/keeie\/adam-solbut\/#breadcrumb","itemListElement":[{"@type":"ListItem","position":1,"name":"Strona g\u0142\u00f3wna","item":"https:\/\/we.pb.edu.pl\/keeie\/"},{"@type":"ListItem","position":2,"name":"dr hab. in\u017c. Adam So\u0142but, prof. PB"}]},{"@type":"WebSite","@id":"https:\/\/we.pb.edu.pl\/keeie\/#website","url":"https:\/\/we.pb.edu.pl\/keeie\/","name":"Katedra Elektrotechniki, Energoelektroniki i Elektroenergetyki","description":"Katedra Elektrotechniki, Energoelektroniki i Elektroenergetyki","potentialAction":[{"@type":"SearchAction","target":{"@type":"EntryPoint","urlTemplate":"https:\/\/we.pb.edu.pl\/keeie\/?s={search_term_string}"},"query-input":{"@type":"PropertyValueSpecification","valueRequired":true,"valueName":"search_term_string"}}],"inLanguage":"pl-PL"}]}},"_links":{"self":[{"href":"https:\/\/we.pb.edu.pl\/keeie\/wp-json\/wp\/v2\/pages\/274","targetHints":{"allow":["GET"]}}],"collection":[{"href":"https:\/\/we.pb.edu.pl\/keeie\/wp-json\/wp\/v2\/pages"}],"about":[{"href":"https:\/\/we.pb.edu.pl\/keeie\/wp-json\/wp\/v2\/types\/page"}],"author":[{"embeddable":true,"href":"https:\/\/we.pb.edu.pl\/keeie\/wp-json\/wp\/v2\/users\/17"}],"replies":[{"embeddable":true,"href":"https:\/\/we.pb.edu.pl\/keeie\/wp-json\/wp\/v2\/comments?post=274"}],"version-history":[{"count":46,"href":"https:\/\/we.pb.edu.pl\/keeie\/wp-json\/wp\/v2\/pages\/274\/revisions"}],"predecessor-version":[{"id":672,"href":"https:\/\/we.pb.edu.pl\/keeie\/wp-json\/wp\/v2\/pages\/274\/revisions\/672"}],"wp:attachment":[{"href":"https:\/\/we.pb.edu.pl\/keeie\/wp-json\/wp\/v2\/media?parent=274"}],"curies":[{"name":"wp","href":"https:\/\/api.w.org\/{rel}","templated":true}]}}

dr hab. inż. Adam Sołbut, prof. PB

<p><strong>Konsultacje (WE138):</strong></p>
<p>poniedziałek 10<sup>00</sup>-11<sup>30</sup></p>
<p>czwartek 8<sup>00</sup>-10<sup>00</sup></p>
<p>sobota (w czasie zjazdów) 9<sup>35</sup>-11<sup>05</sup></p>
<h2>Materiały pomocnicze do wykładów</h2>
<p><a href="/keeie/adam-solbut/maszyny-elektryczne/">Maszyny Elektryczne</a><br />
<a href="/keeie/adam-solbut/elementy-automatyki/">Elementy Automatyki</a><br />
<a href="/keeie/adam-solbut/programowanie-obiektowe/">Programowanie Obiektowe</a></p>
<h2>Programy do pobrania</h2>
<p><a class="zip" href="https://box.biaman.pl/f/4358b9efef8e4ecd84f3/?dl=1">Anagraf_win v.7.28 (archiwum ZIP, 1,4 MB)</a><br />
<a class="zip" href="https://box.biaman.pl/f/288d8e4ca0624b08bc7f/?dl=1">Kalkulatory (archiwum ZIP, 798 kB)</a><br />
<a class="zip" href="https://box.biaman.pl/f/e76c0ea153d84a4095d6/?dl=1">RS_owl v.2.1 (archiwum ZIP, 289 kB)</a></p>
<h3>Transformatory</h3>
<p><a class="zip" href="https://box.biaman.pl/f/ecf552eebd794a10b21c/?dl=1">Wybrane stany nieustalone (archiwum ZIP, 2,8 MB)</a></p>
<h3>Maszyny asynchroniczne</h3>
<p><a class="zip" href="https://box.biaman.pl/f/7292867052a742e1a76e/?dl=1">Asynch_c &#8211; zasilanie sinusoidalne (ver.2.1, 253 kB)</a><br />
<a class="zip" href="https://box.biaman.pl/f/86deda589ee349719640/?dl=1">U-F &#8211; sterowanie skalarne (archiwum ZIP, 1,0 MB)</a></p>
<h3>Maszyny prądu stałego</h3>
<p><a class="zip" href="https://box.biaman.pl/f/9c0a86fb7add4eabb7fc/?dl=1">Silnik obcowzbudny (archiwum ZIP, 2,7 MB)</a><br />
<a class="zip" href="https://box.biaman.pl/f/e7b605f95f424d6bacb0/?dl=1">Silnik szeregowy (archiwum ZIP 1,0 MB)</a><br />
<a class="zip" href="https://box.biaman.pl/f/6a183be8e5ed40a69706/?dl=1">Silnik uniwersalny (archiwum ZIP 1,0 MB)</a></p>
<p style="margin-top: 1.5em"><a title="Otworzy się w nowej karcie." href="https://1drv.ms/u/s!ApNi0WJ5kjdngtVQGBG_m0PIZZyzAw">Różne programy pomocnicze</a></p>

<p>Konsultacje (WE138): poniedziałek 1000-1130 czwartek 800-1000 sobota (w czasie zjazdów) 935-1105 Materiały pomocnicze do wykładów<a class="read-more" href="https://we.pb.edu.pl/keeie/adam-solbut/" title="Pokaż artykuł dr hab. inż. Adam Sołbut, prof. PB">więcej</a></p>

<!-- This site is optimized with the Yoast SEO plugin v26.4 - https://yoast.com/wordpress/plugins/seo/ -->
<title>dr hab. inż. Adam Sołbut, prof. PB - Katedra Elektrotechniki, Energoelektroniki i Elektroenergetyki</title>
<meta name="robots" content="index, follow, max-snippet:-1, max-image-preview:large, max-video-preview:-1" />
<link rel="canonical" href="https://we.pb.edu.pl/keeie/adam-solbut/" />
<meta property="og:locale" content="pl_PL" />
<meta property="og:type" content="article" />
<meta property="og:title" content="dr hab. inż. Adam Sołbut, prof. PB - Katedra Elektrotechniki, Energoelektroniki i Elektroenergetyki" />
<meta property="og:description" content="Konsultacje (WE138): poniedziałek 1000-1130 czwartek 800-1000 sobota (w czasie zjazdów) 935-1105 Materiały pomocnicze do wykładówwięcej" />
<meta property="og:url" content="https://we.pb.edu.pl/keeie/adam-solbut/" />
<meta property="og:site_name" content="Katedra Elektrotechniki, Energoelektroniki i Elektroenergetyki" />
<meta property="article:modified_time" content="2024-02-27T15:29:48+00:00" />
<meta name="twitter:card" content="summary_large_image" />
<meta name="twitter:label1" content="Szacowany czas czytania" />
	<meta name="twitter:data1" content="1 minuta" />
<script type="application/ld+json" class="yoast-schema-graph">{"@context":"https://schema.org","@graph":[{"@type":"WebPage","@id":"https://we.pb.edu.pl/keeie/adam-solbut/","url":"https://we.pb.edu.pl/keeie/adam-solbut/","name":"dr hab. inż. Adam Sołbut, prof. PB - Katedra Elektrotechniki, Energoelektroniki i Elektroenergetyki","isPartOf":{"@id":"https://we.pb.edu.pl/keeie/#website"},"datePublished":"2020-09-28T08:25:14+00:00","dateModified":"2024-02-27T15:29:48+00:00","breadcrumb":{"@id":"https://we.pb.edu.pl/keeie/adam-solbut/#breadcrumb"},"inLanguage":"pl-PL","potentialAction":[{"@type":"ReadAction","target":["https://we.pb.edu.pl/keeie/adam-solbut/"]}]},{"@type":"BreadcrumbList","@id":"https://we.pb.edu.pl/keeie/adam-solbut/#breadcrumb","itemListElement":[{"@type":"ListItem","position":1,"name":"Strona główna","item":"https://we.pb.edu.pl/keeie/"},{"@type":"ListItem","position":2,"name":"dr hab. inż. Adam Sołbut, prof. PB"}]},{"@type":"WebSite","@id":"https://we.pb.edu.pl/keeie/#website","url":"https://we.pb.edu.pl/keeie/","name":"Katedra Elektrotechniki, Energoelektroniki i Elektroenergetyki","description":"Katedra Elektrotechniki, Energoelektroniki i Elektroenergetyki","potentialAction":[{"@type":"SearchAction","target":{"@type":"EntryPoint","urlTemplate":"https://we.pb.edu.pl/keeie/?s={search_term_string}"},"query-input":{"@type":"PropertyValueSpecification","valueRequired":true,"valueName":"search_term_string"}}],"inLanguage":"pl-PL"}]}</script>
<!-- / Yoast SEO plugin. -->

dr hab. inż. Adam Sołbut, prof. PB - Katedra Elektrotechniki, Energoelektroniki i Elektroenergetyki

Konsultacje (WE138): poniedziałek 1000-1130 czwartek 800-1000 sobota (w czasie zjazdów) 935-1105 Materiały pomocnicze do wykładówwięcej

Strona główna
