{"id":168,"date":"2019-10-25T12:24:27","date_gmt":"2019-10-25T10:24:27","guid":{"rendered":"https:\/\/we.pb.edu.pl\/ketim\/?page_id=168"},"modified":"2020-04-08T07:03:45","modified_gmt":"2020-04-08T05:03:45","slug":"archiwum-seminariow","status":"publish","type":"page","link":"https:\/\/we.pb.edu.pl\/keeie\/nauka-i-badania\/seminaria\/archiwum-seminariow\/","title":{"rendered":"Archiwum seminari\u00f3w"},"content":{"rendered":"<div class=\"lista-seminariow\">\n  \n                                  \n                \n                                            \n                <article class=\"event\">\n\n                    <div class=\"date\">\n                        <span class=\"month\">04.2026<\/span>\n                        <span class=\"day\">08<\/span>\n                    <\/div>\n\n                    <h2><a href=\"https:\/\/we.pb.edu.pl\/keeie\/seminaria\/przeksztaltniki-ac-dc-z-trojkatnym-i-trapezoidalnym-pradem-dlawika\/\" rel=\"bookmark\">Przekszta\u0142tniki AC\/DC z tr\u00f3jk\u0105tnym i trapezoidalnym pr\u0105dem d\u0142awika<\/a><\/h2>\n\n                    \n                    <div class=\"entry\">\n                        <p>dr in\u017c. Micha\u0142 Harasimczuk<\/p>\n                    <\/div>\n                    \n                <\/article>\n                                            \n                <article class=\"event\">\n\n                    <div class=\"date\">\n                        <span class=\"month\">03.2026<\/span>\n                        <span class=\"day\">11<\/span>\n                    <\/div>\n\n                    <h2><a href=\"https:\/\/we.pb.edu.pl\/keeie\/seminaria\/wzrost-stopu-dwuskladnikowego-na-zmiennej-strukturze-podloza\/\" rel=\"bookmark\">Wzrost stopu dwusk\u0142adnikowego na zmiennej strukturze pod\u0142o\u017ca<\/a><\/h2>\n\n                    \n                    <div class=\"entry\">\n                        <p>dr in\u017c. Anna Bia\u0142ostocka<\/p>\n                    <\/div>\n                    \n                <\/article>\n                                            \n                <article class=\"event\">\n\n                    <div class=\"date\">\n                        <span class=\"month\">03.2026<\/span>\n                        <span class=\"day\">11<\/span>\n                    <\/div>\n\n                    <h2><a href=\"https:\/\/we.pb.edu.pl\/keeie\/seminaria\/analiza-wynikow-dydaktycznych-osiagnietych-przez-studentow-w-ramach-zajec-prowadzonych-w-semestrze-zimowym-roku-akademickiego-2025-2026\/\" rel=\"bookmark\">Analiza wynik\u00f3w dydaktycznych osi\u0105gni\u0119tych przez student\u00f3w\u00a0w\u00a0ramach zaj\u0119\u0107 prowadzonych w\u00a0semestrze zimowym roku akademickiego 2025\/2026<\/a><\/h2>\n\n                    \n                    <div class=\"entry\">\n                        <p>dr in\u017c. Andrzej Andrzejewski<\/p>\n                    <\/div>\n                    \n                <\/article>\n                                            \n                <article class=\"event\">\n\n                    <div class=\"date\">\n                        <span class=\"month\">03.2026<\/span>\n                        <span class=\"day\">04<\/span>\n                    <\/div>\n\n                    <h2><a href=\"https:\/\/we.pb.edu.pl\/keeie\/seminaria\/estymacja-polozenia-osob-ewakuowanych-z-budynkow-z-wykorzystaniem-systemu-eswse\/\" rel=\"bookmark\">Estymacja po\u0142o\u017cenia os\u00f3b ewakuowanych z budynk\u00f3w z wykorzystaniem systemu ESWSE<\/a><\/h2>\n\n                    \n                    <div class=\"entry\">\n                        <p>dr hab. in\u017c. Wojciech Walendziuk, prof. PB<\/p>\n                    <\/div>\n                    \n                <\/article>\n                                            \n                <article class=\"event\">\n\n                    <div class=\"date\">\n                        <span class=\"month\">02.2026<\/span>\n                        <span class=\"day\">25<\/span>\n                    <\/div>\n\n                    <h2><a href=\"https:\/\/we.pb.edu.pl\/keeie\/seminaria\/symetryzacja-napiecia-w-sieciach-elektroenergetycznych-sn-z-punktem-neutralnym-uziemionym-przez-reaktancje\/\" rel=\"bookmark\">Symetryzacja napi\u0119cia w\u00a0sieciach elektroenergetycznych SN z\u00a0punktem neutralnym uziemionym przez reaktancj\u0119<\/a><\/h2>\n\n                    \n                    <div class=\"entry\">\n                        <p>dr in\u017c. Grzegorz Ho\u0142dy\u0144ski<\/p>\n                    <\/div>\n                    \n                <\/article>\n                                            \n                <article class=\"event\">\n\n                    <div class=\"date\">\n                        <span class=\"month\">01.2026<\/span>\n                        <span class=\"day\">22<\/span>\n                    <\/div>\n\n                    <h2><a href=\"https:\/\/we.pb.edu.pl\/keeie\/seminaria\/wykorzystanie-narzedzi-generatywnych-w-procesie-badawczym-i-publikacyjnym-w-energoelektronice\/\" rel=\"bookmark\">Wykorzystanie narz\u0119dzi generatywnych w\u00a0procesie badawczym i\u00a0publikacyjnym w\u00a0energoelektronice<\/a><\/h2>\n\n                    \n                    <div class=\"entry\">\n                        <p>dr in\u017c. Marek Korzeniewski<\/p>\n                    <\/div>\n                    \n                <\/article>\n                                            \n                <article class=\"event\">\n\n                    <div class=\"date\">\n                        <span class=\"month\">01.2026<\/span>\n                        <span class=\"day\">21<\/span>\n                    <\/div>\n\n                    <h2><a href=\"https:\/\/we.pb.edu.pl\/keeie\/seminaria\/analiza-pola-termicznego-przewodu-cylindrycznego-w-funkcji-czestotliwosci-pradu-z-uwzglednieniem-zmiennej-rezystywnosci\/\" rel=\"bookmark\">Analiza pola termicznego przewodu cylindrycznego w\u00a0funkcji cz\u0119stotliwo\u015bci pr\u0105du z\u00a0uwzgl\u0119dnieniem zmiennej rezystywno\u015bci<\/a><\/h2>\n\n                    \n                    <div class=\"entry\">\n                        <p>dr hab. in\u017c. Marek Zar\u0119ba<\/p>\n                    <\/div>\n                    \n                <\/article>\n                                            \n                <article class=\"event\">\n\n                    <div class=\"date\">\n                        <span class=\"month\">01.2026<\/span>\n                        <span class=\"day\">14<\/span>\n                    <\/div>\n\n                    <h2><a href=\"https:\/\/we.pb.edu.pl\/keeie\/seminaria\/analiza-wybranych-wlasciwosci-nieizolowanych-przewodow-o-strukturze-helikalnej\/\" rel=\"bookmark\">Analiza wybranych w\u0142a\u015bciwo\u015bci nieizolowanych przewod\u00f3w o\u00a0strukturze helikalnej<\/a><\/h2>\n\n                    \n                    <div class=\"entry\">\n                        <p>dr in\u017c. Adam Steckiewicz<\/p>\n                    <\/div>\n                    \n                <\/article>\n                                                    \n        \n            \n\t<nav class=\"navigation pagination\" aria-label=\"Stronicowanie wpis\u00f3w\">\n\t\t<h2 class=\"screen-reader-text\">Stronicowanie wpis\u00f3w<\/h2>\n\t\t<div class=\"nav-links\"><span aria-current=\"page\" class=\"page-numbers current\">1<\/span>\n<a class=\"page-numbers\" href=\"https:\/\/we.pb.edu.pl\/keeie\/wp-json\/wp\/v2\/pages\/168\/page\/2\/\">2<\/a>\n<a class=\"page-numbers\" href=\"https:\/\/we.pb.edu.pl\/keeie\/wp-json\/wp\/v2\/pages\/168\/page\/3\/\">3<\/a>\n<span class=\"page-numbers dots\">&hellip;<\/span>\n<a class=\"page-numbers\" href=\"https:\/\/we.pb.edu.pl\/keeie\/wp-json\/wp\/v2\/pages\/168\/page\/20\/\">20<\/a>\n<a class=\"next page-numbers\" href=\"https:\/\/we.pb.edu.pl\/keeie\/wp-json\/wp\/v2\/pages\/168\/page\/2\/\">Nast\u0119pne<\/a><\/div>\n\t<\/nav>                              \n                        \n       \n    <!-- \/#events -->\n    \n<\/div>\n","protected":false},"excerpt":{"rendered":"","protected":false},"author":9,"featured_media":0,"parent":81,"menu_order":2,"comment_status":"closed","ping_status":"closed","template":"","meta":{"inline_featured_image":false,"ngg_post_thumbnail":0,"footnotes":""},"class_list":["post-168","page","type-page","status-publish","hentry"],"acf":[],"yoast_head":"<!-- This site is optimized with the Yoast SEO plugin v26.4 - https:\/\/yoast.com\/wordpress\/plugins\/seo\/ -->\n<title>Archiwum seminari\u00f3w - Katedra Elektrotechniki, Energoelektroniki i Elektroenergetyki<\/title>\n<meta name=\"robots\" content=\"index, follow, max-snippet:-1, max-image-preview:large, max-video-preview:-1\" \/>\n<link rel=\"canonical\" href=\"https:\/\/we.pb.edu.pl\/keeie\/nauka-i-badania\/seminaria\/archiwum-seminariow\/\" \/>\n<meta property=\"og:locale\" content=\"pl_PL\" \/>\n<meta property=\"og:type\" content=\"article\" \/>\n<meta property=\"og:title\" content=\"Archiwum seminari\u00f3w - Katedra Elektrotechniki, Energoelektroniki i Elektroenergetyki\" \/>\n<meta property=\"og:url\" content=\"https:\/\/we.pb.edu.pl\/keeie\/nauka-i-badania\/seminaria\/archiwum-seminariow\/\" \/>\n<meta property=\"og:site_name\" content=\"Katedra Elektrotechniki, Energoelektroniki i Elektroenergetyki\" \/>\n<meta property=\"article:modified_time\" content=\"2020-04-08T05:03:45+00:00\" \/>\n<meta name=\"twitter:card\" content=\"summary_large_image\" \/>\n<script type=\"application\/ld+json\" class=\"yoast-schema-graph\">{\"@context\":\"https:\/\/schema.org\",\"@graph\":[{\"@type\":\"WebPage\",\"@id\":\"https:\/\/we.pb.edu.pl\/keeie\/nauka-i-badania\/seminaria\/archiwum-seminariow\/\",\"url\":\"https:\/\/we.pb.edu.pl\/keeie\/nauka-i-badania\/seminaria\/archiwum-seminariow\/\",\"name\":\"Archiwum seminari\u00f3w - Katedra Elektrotechniki, Energoelektroniki i Elektroenergetyki\",\"isPartOf\":{\"@id\":\"https:\/\/we.pb.edu.pl\/keeie\/#website\"},\"datePublished\":\"2019-10-25T10:24:27+00:00\",\"dateModified\":\"2020-04-08T05:03:45+00:00\",\"breadcrumb\":{\"@id\":\"https:\/\/we.pb.edu.pl\/keeie\/nauka-i-badania\/seminaria\/archiwum-seminariow\/#breadcrumb\"},\"inLanguage\":\"pl-PL\",\"potentialAction\":[{\"@type\":\"ReadAction\",\"target\":[\"https:\/\/we.pb.edu.pl\/keeie\/nauka-i-badania\/seminaria\/archiwum-seminariow\/\"]}]},{\"@type\":\"BreadcrumbList\",\"@id\":\"https:\/\/we.pb.edu.pl\/keeie\/nauka-i-badania\/seminaria\/archiwum-seminariow\/#breadcrumb\",\"itemListElement\":[{\"@type\":\"ListItem\",\"position\":1,\"name\":\"Strona g\u0142\u00f3wna\",\"item\":\"https:\/\/we.pb.edu.pl\/keeie\/\"},{\"@type\":\"ListItem\",\"position\":2,\"name\":\"Nauka i badania\",\"item\":\"https:\/\/we.pb.edu.pl\/keeie\/nauka-i-badania\/\"},{\"@type\":\"ListItem\",\"position\":3,\"name\":\"Seminaria\",\"item\":\"https:\/\/we.pb.edu.pl\/keeie\/nauka-i-badania\/seminaria\/\"},{\"@type\":\"ListItem\",\"position\":4,\"name\":\"Archiwum seminari\u00f3w\"}]},{\"@type\":\"WebSite\",\"@id\":\"https:\/\/we.pb.edu.pl\/keeie\/#website\",\"url\":\"https:\/\/we.pb.edu.pl\/keeie\/\",\"name\":\"Katedra Elektrotechniki, Energoelektroniki i Elektroenergetyki\",\"description\":\"Katedra Elektrotechniki, Energoelektroniki i Elektroenergetyki\",\"potentialAction\":[{\"@type\":\"SearchAction\",\"target\":{\"@type\":\"EntryPoint\",\"urlTemplate\":\"https:\/\/we.pb.edu.pl\/keeie\/?s={search_term_string}\"},\"query-input\":{\"@type\":\"PropertyValueSpecification\",\"valueRequired\":true,\"valueName\":\"search_term_string\"}}],\"inLanguage\":\"pl-PL\"}]}<\/script>\n<!-- \/ Yoast SEO plugin. -->","yoast_head_json":{"title":"Archiwum seminari\u00f3w - Katedra Elektrotechniki, Energoelektroniki i Elektroenergetyki","robots":{"index":"index","follow":"follow","max-snippet":"max-snippet:-1","max-image-preview":"max-image-preview:large","max-video-preview":"max-video-preview:-1"},"canonical":"https:\/\/we.pb.edu.pl\/keeie\/nauka-i-badania\/seminaria\/archiwum-seminariow\/","og_locale":"pl_PL","og_type":"article","og_title":"Archiwum seminari\u00f3w - Katedra Elektrotechniki, Energoelektroniki i Elektroenergetyki","og_url":"https:\/\/we.pb.edu.pl\/keeie\/nauka-i-badania\/seminaria\/archiwum-seminariow\/","og_site_name":"Katedra Elektrotechniki, Energoelektroniki i Elektroenergetyki","article_modified_time":"2020-04-08T05:03:45+00:00","twitter_card":"summary_large_image","schema":{"@context":"https:\/\/schema.org","@graph":[{"@type":"WebPage","@id":"https:\/\/we.pb.edu.pl\/keeie\/nauka-i-badania\/seminaria\/archiwum-seminariow\/","url":"https:\/\/we.pb.edu.pl\/keeie\/nauka-i-badania\/seminaria\/archiwum-seminariow\/","name":"Archiwum seminari\u00f3w - Katedra Elektrotechniki, Energoelektroniki i Elektroenergetyki","isPartOf":{"@id":"https:\/\/we.pb.edu.pl\/keeie\/#website"},"datePublished":"2019-10-25T10:24:27+00:00","dateModified":"2020-04-08T05:03:45+00:00","breadcrumb":{"@id":"https:\/\/we.pb.edu.pl\/keeie\/nauka-i-badania\/seminaria\/archiwum-seminariow\/#breadcrumb"},"inLanguage":"pl-PL","potentialAction":[{"@type":"ReadAction","target":["https:\/\/we.pb.edu.pl\/keeie\/nauka-i-badania\/seminaria\/archiwum-seminariow\/"]}]},{"@type":"BreadcrumbList","@id":"https:\/\/we.pb.edu.pl\/keeie\/nauka-i-badania\/seminaria\/archiwum-seminariow\/#breadcrumb","itemListElement":[{"@type":"ListItem","position":1,"name":"Strona g\u0142\u00f3wna","item":"https:\/\/we.pb.edu.pl\/keeie\/"},{"@type":"ListItem","position":2,"name":"Nauka i badania","item":"https:\/\/we.pb.edu.pl\/keeie\/nauka-i-badania\/"},{"@type":"ListItem","position":3,"name":"Seminaria","item":"https:\/\/we.pb.edu.pl\/keeie\/nauka-i-badania\/seminaria\/"},{"@type":"ListItem","position":4,"name":"Archiwum seminari\u00f3w"}]},{"@type":"WebSite","@id":"https:\/\/we.pb.edu.pl\/keeie\/#website","url":"https:\/\/we.pb.edu.pl\/keeie\/","name":"Katedra Elektrotechniki, Energoelektroniki i Elektroenergetyki","description":"Katedra Elektrotechniki, Energoelektroniki i Elektroenergetyki","potentialAction":[{"@type":"SearchAction","target":{"@type":"EntryPoint","urlTemplate":"https:\/\/we.pb.edu.pl\/keeie\/?s={search_term_string}"},"query-input":{"@type":"PropertyValueSpecification","valueRequired":true,"valueName":"search_term_string"}}],"inLanguage":"pl-PL"}]}},"_links":{"self":[{"href":"https:\/\/we.pb.edu.pl\/keeie\/wp-json\/wp\/v2\/pages\/168","targetHints":{"allow":["GET"]}}],"collection":[{"href":"https:\/\/we.pb.edu.pl\/keeie\/wp-json\/wp\/v2\/pages"}],"about":[{"href":"https:\/\/we.pb.edu.pl\/keeie\/wp-json\/wp\/v2\/types\/page"}],"author":[{"embeddable":true,"href":"https:\/\/we.pb.edu.pl\/keeie\/wp-json\/wp\/v2\/users\/9"}],"replies":[{"embeddable":true,"href":"https:\/\/we.pb.edu.pl\/keeie\/wp-json\/wp\/v2\/comments?post=168"}],"version-history":[{"count":2,"href":"https:\/\/we.pb.edu.pl\/keeie\/wp-json\/wp\/v2\/pages\/168\/revisions"}],"predecessor-version":[{"id":217,"href":"https:\/\/we.pb.edu.pl\/keeie\/wp-json\/wp\/v2\/pages\/168\/revisions\/217"}],"up":[{"embeddable":true,"href":"https:\/\/we.pb.edu.pl\/keeie\/wp-json\/wp\/v2\/pages\/81"}],"wp:attachment":[{"href":"https:\/\/we.pb.edu.pl\/keeie\/wp-json\/wp\/v2\/media?parent=168"}],"curies":[{"name":"wp","href":"https:\/\/api.w.org\/{rel}","templated":true}]}}