{"id":922,"date":"2018-05-23T08:37:12","date_gmt":"2018-05-23T06:37:12","guid":{"rendered":"https:\/\/we.pb.edu.pl\/kaie\/?page_id=922"},"modified":"2024-11-14T13:10:54","modified_gmt":"2024-11-14T12:10:54","slug":"nauka","status":"publish","type":"page","link":"https:\/\/we.pb.edu.pl\/kair\/nauka\/","title":{"rendered":"Nauka i badania"},"content":{"rendered":"<p class=\"std\">Dzia\u0142alno\u015b\u0107 naukowa pracownik\u00f3w katedry koncentruje si\u0119 wok\u00f3\u0142 nast\u0119puj\u0105cych zagadnie\u0144:<\/p>\n<ul class=\"compact\" style=\"margin-bottom: 2em;\">\n<li>analiza i synteza system\u00f3w sterowania;<\/li>\n<li>zastosowania specjalizowanych sterownik\u00f3w i&nbsp;aparatury kontrolno-pomiarowej;<\/li>\n<li>zastosowanie metod sztucznej inteligencji w&nbsp;automatyce, robotyce i&nbsp;diagnostyce;<\/li>\n<li>autonomiczne systemy diagnostyki maszyn;<\/li>\n<li>wspomagane komputerowo projektowanie uk\u0142ad\u00f3w kontrolno-pomiarowych;<\/li>\n<li>wybrane zagadnienia teorii sterowania, automatyki i&nbsp;robotyki;<\/li>\n<li>analiza i&nbsp;synteza aparat\u00f3w ruchu konstrukcji mechatronicznych;<\/li>\n<li>sterowanie i pozycjonowanie manipulator\u00f3w robotycznych i cobot\u00f3w;<\/li>\n<li>metody sterowania i&nbsp;zastosowanie robot\u00f3w;<\/li>\n<li>harmonogramowanie,&nbsp;algorytmy sterowania i pozycjonowania autonomicznych robot\u00f3w mobilnych;<\/li>\n<li>uk\u0142ady cyfrowe,&nbsp;mikroprocesorowe i mikrokontrolery w zastosowaniach przemys\u0142owych;<\/li>\n<li>wykorzystanie uczenia maszynowego w optymalizacji, sterowaniu, modelowaniu obiekt\u00f3w;<\/li>\n<li>przekszta\u0142tniki DC\/DC i DC\/AC w uk\u0142adach energoelektronicznych;<\/li>\n<li>systemy pomiarowo-kontrolne czasu rzeczywistego, bezprzewodowe systemy pomiarowe;<\/li>\n<li>pomiary cz\u0119stotliwo\u015bci w\u0142asnych konstrukcji sterowanych, obiekt\u00f3w sterowania;<\/li>\n<li>uk\u0142ady odzyskiwania energii z drga\u0144 mechanicznych;<\/li>\n<li>synteza programowalnych czasowo i&nbsp;spektralnie g\u0142owic pomiarowych i&nbsp;\u017ar\u00f3de\u0142 promieniowania optycznego.<\/li>\n<\/ul>\n<div class=\"row\">\n<div class=\"col-sm-2\">&nbsp;<\/div>\n<div class=\"col-sm-4\">\n<div class=\"panel panel-default panel-sport animated zoomIn\">\n<div class=\"panel-heading text-center\"><span class=\"lead\">Prace w\u0142asne zespo\u0142owe<\/span><\/div>\n<div class=\"panel-body\">\n<div class=\"image\"><a href=\"https:\/\/we.pb.edu.pl\/nauka-i-badania\/prace-badawcze-zespolowe\/prace-zespolowe-prowadzone-prze-kair\/\"><img loading=\"lazy\" decoding=\"async\" class=\"wp-image-787 size-full aligncenter\" src=\"wp-content\/uploads\/sites\/4\/2018\/05\/pizabay-nauka-696-410.jpg\" alt=\"\" width=\"696\" height=\"410\" srcset=\"https:\/\/we.pb.edu.pl\/kair\/wp-content\/uploads\/sites\/4\/2018\/05\/pizabay-nauka-696-410.jpg 696w, https:\/\/we.pb.edu.pl\/kair\/wp-content\/uploads\/sites\/4\/2018\/05\/pizabay-nauka-696-410-300x177.jpg 300w\" sizes=\"auto, (max-width: 696px) 100vw, 696px\" \/><\/a><\/div>\n<\/div>\n<\/div>\n<\/div>\n<div class=\"col-sm-4\">\n<div class=\"panel panel-default panel-sport animated zoomIn\">\n<div class=\"panel-heading text-center\"><span class=\"lead\">Seminaria<\/span><\/div>\n<div class=\"panel-body\">\n<div class=\"image\"><a href=\"seminaria\/\"><img loading=\"lazy\" decoding=\"async\" class=\"wp-image-791 size-full aligncenter\" src=\"wp-content\/uploads\/sites\/4\/2018\/05\/2018_02_08_zdjeci_01-696-410.jpg\" alt=\"\" width=\"696\" height=\"410\" srcset=\"https:\/\/we.pb.edu.pl\/kair\/wp-content\/uploads\/sites\/4\/2018\/05\/2018_02_08_zdjeci_01-696-410.jpg 696w, https:\/\/we.pb.edu.pl\/kair\/wp-content\/uploads\/sites\/4\/2018\/05\/2018_02_08_zdjeci_01-696-410-300x177.jpg 300w\" sizes=\"auto, (max-width: 696px) 100vw, 696px\" \/><\/a><\/div>\n<\/div>\n<\/div>\n<\/div>\n<\/div>\n","protected":false},"excerpt":{"rendered":"<p>Dzia\u0142alno\u015b\u0107 naukowa pracownik\u00f3w katedry koncentruje si\u0119 wok\u00f3\u0142 nast\u0119puj\u0105cych zagadnie\u0144: analiza i synteza system\u00f3w sterowania; zastosowania<a class=\"read-more\" href=\"https:\/\/we.pb.edu.pl\/kair\/nauka\/\" title=\"Poka\u017c artyku\u0142 Nauka i badania\">wi\u0119cej<\/a><\/p>\n","protected":false},"author":8,"featured_media":0,"parent":0,"menu_order":0,"comment_status":"closed","ping_status":"closed","template":"","meta":{"inline_featured_image":false,"ngg_post_thumbnail":0,"footnotes":""},"class_list":["post-922","page","type-page","status-publish","hentry"],"acf":[],"yoast_head":"<!-- This site is optimized with the Yoast SEO plugin v26.4 - https:\/\/yoast.com\/wordpress\/plugins\/seo\/ -->\n<title>Nauka i badania - Katedra Automatyki i Robotyki<\/title>\n<meta name=\"robots\" content=\"index, follow, max-snippet:-1, max-image-preview:large, max-video-preview:-1\" \/>\n<link rel=\"canonical\" href=\"https:\/\/we.pb.edu.pl\/kair\/nauka\/\" \/>\n<meta property=\"og:locale\" content=\"pl_PL\" \/>\n<meta property=\"og:type\" content=\"article\" \/>\n<meta property=\"og:title\" content=\"Nauka i badania - Katedra Automatyki i Robotyki\" \/>\n<meta property=\"og:description\" content=\"Dzia\u0142alno\u015b\u0107 naukowa pracownik\u00f3w katedry koncentruje si\u0119 wok\u00f3\u0142 nast\u0119puj\u0105cych zagadnie\u0144: analiza i synteza system\u00f3w sterowania; zastosowaniawi\u0119cej\" \/>\n<meta property=\"og:url\" content=\"https:\/\/we.pb.edu.pl\/kair\/nauka\/\" \/>\n<meta property=\"og:site_name\" content=\"Katedra Automatyki i Robotyki\" \/>\n<meta property=\"article:modified_time\" content=\"2024-11-14T12:10:54+00:00\" \/>\n<meta name=\"twitter:card\" content=\"summary_large_image\" \/>\n<meta name=\"twitter:label1\" content=\"Szacowany czas czytania\" \/>\n\t<meta name=\"twitter:data1\" content=\"2 minuty\" \/>\n<script type=\"application\/ld+json\" class=\"yoast-schema-graph\">{\"@context\":\"https:\/\/schema.org\",\"@graph\":[{\"@type\":\"WebPage\",\"@id\":\"https:\/\/we.pb.edu.pl\/kair\/nauka\/\",\"url\":\"https:\/\/we.pb.edu.pl\/kair\/nauka\/\",\"name\":\"Nauka i badania - Katedra Automatyki i Robotyki\",\"isPartOf\":{\"@id\":\"https:\/\/we.pb.edu.pl\/kair\/#website\"},\"datePublished\":\"2018-05-23T06:37:12+00:00\",\"dateModified\":\"2024-11-14T12:10:54+00:00\",\"breadcrumb\":{\"@id\":\"https:\/\/we.pb.edu.pl\/kair\/nauka\/#breadcrumb\"},\"inLanguage\":\"pl-PL\",\"potentialAction\":[{\"@type\":\"ReadAction\",\"target\":[\"https:\/\/we.pb.edu.pl\/kair\/nauka\/\"]}]},{\"@type\":\"BreadcrumbList\",\"@id\":\"https:\/\/we.pb.edu.pl\/kair\/nauka\/#breadcrumb\",\"itemListElement\":[{\"@type\":\"ListItem\",\"position\":1,\"name\":\"Strona g\u0142\u00f3wna\",\"item\":\"https:\/\/we.pb.edu.pl\/kair\/\"},{\"@type\":\"ListItem\",\"position\":2,\"name\":\"Nauka i badania\"}]},{\"@type\":\"WebSite\",\"@id\":\"https:\/\/we.pb.edu.pl\/kair\/#website\",\"url\":\"https:\/\/we.pb.edu.pl\/kair\/\",\"name\":\"Katedra Automatyki i Robotyki\",\"description\":\"Katedra Automatyki i Robotyki\",\"potentialAction\":[{\"@type\":\"SearchAction\",\"target\":{\"@type\":\"EntryPoint\",\"urlTemplate\":\"https:\/\/we.pb.edu.pl\/kair\/?s={search_term_string}\"},\"query-input\":{\"@type\":\"PropertyValueSpecification\",\"valueRequired\":true,\"valueName\":\"search_term_string\"}}],\"inLanguage\":\"pl-PL\"}]}<\/script>\n<!-- \/ Yoast SEO plugin. -->","yoast_head_json":{"title":"Nauka i badania - Katedra Automatyki i Robotyki","robots":{"index":"index","follow":"follow","max-snippet":"max-snippet:-1","max-image-preview":"max-image-preview:large","max-video-preview":"max-video-preview:-1"},"canonical":"https:\/\/we.pb.edu.pl\/kair\/nauka\/","og_locale":"pl_PL","og_type":"article","og_title":"Nauka i badania - Katedra Automatyki i Robotyki","og_description":"Dzia\u0142alno\u015b\u0107 naukowa pracownik\u00f3w katedry koncentruje si\u0119 wok\u00f3\u0142 nast\u0119puj\u0105cych zagadnie\u0144: analiza i synteza system\u00f3w sterowania; zastosowaniawi\u0119cej","og_url":"https:\/\/we.pb.edu.pl\/kair\/nauka\/","og_site_name":"Katedra Automatyki i Robotyki","article_modified_time":"2024-11-14T12:10:54+00:00","twitter_card":"summary_large_image","twitter_misc":{"Szacowany czas czytania":"2 minuty"},"schema":{"@context":"https:\/\/schema.org","@graph":[{"@type":"WebPage","@id":"https:\/\/we.pb.edu.pl\/kair\/nauka\/","url":"https:\/\/we.pb.edu.pl\/kair\/nauka\/","name":"Nauka i badania - Katedra Automatyki i Robotyki","isPartOf":{"@id":"https:\/\/we.pb.edu.pl\/kair\/#website"},"datePublished":"2018-05-23T06:37:12+00:00","dateModified":"2024-11-14T12:10:54+00:00","breadcrumb":{"@id":"https:\/\/we.pb.edu.pl\/kair\/nauka\/#breadcrumb"},"inLanguage":"pl-PL","potentialAction":[{"@type":"ReadAction","target":["https:\/\/we.pb.edu.pl\/kair\/nauka\/"]}]},{"@type":"BreadcrumbList","@id":"https:\/\/we.pb.edu.pl\/kair\/nauka\/#breadcrumb","itemListElement":[{"@type":"ListItem","position":1,"name":"Strona g\u0142\u00f3wna","item":"https:\/\/we.pb.edu.pl\/kair\/"},{"@type":"ListItem","position":2,"name":"Nauka i badania"}]},{"@type":"WebSite","@id":"https:\/\/we.pb.edu.pl\/kair\/#website","url":"https:\/\/we.pb.edu.pl\/kair\/","name":"Katedra Automatyki i Robotyki","description":"Katedra Automatyki i Robotyki","potentialAction":[{"@type":"SearchAction","target":{"@type":"EntryPoint","urlTemplate":"https:\/\/we.pb.edu.pl\/kair\/?s={search_term_string}"},"query-input":{"@type":"PropertyValueSpecification","valueRequired":true,"valueName":"search_term_string"}}],"inLanguage":"pl-PL"}]}},"_links":{"self":[{"href":"https:\/\/we.pb.edu.pl\/kair\/wp-json\/wp\/v2\/pages\/922","targetHints":{"allow":["GET"]}}],"collection":[{"href":"https:\/\/we.pb.edu.pl\/kair\/wp-json\/wp\/v2\/pages"}],"about":[{"href":"https:\/\/we.pb.edu.pl\/kair\/wp-json\/wp\/v2\/types\/page"}],"author":[{"embeddable":true,"href":"https:\/\/we.pb.edu.pl\/kair\/wp-json\/wp\/v2\/users\/8"}],"replies":[{"embeddable":true,"href":"https:\/\/we.pb.edu.pl\/kair\/wp-json\/wp\/v2\/comments?post=922"}],"version-history":[{"count":14,"href":"https:\/\/we.pb.edu.pl\/kair\/wp-json\/wp\/v2\/pages\/922\/revisions"}],"predecessor-version":[{"id":3782,"href":"https:\/\/we.pb.edu.pl\/kair\/wp-json\/wp\/v2\/pages\/922\/revisions\/3782"}],"wp:attachment":[{"href":"https:\/\/we.pb.edu.pl\/kair\/wp-json\/wp\/v2\/media?parent=922"}],"curies":[{"name":"wp","href":"https:\/\/api.w.org\/{rel}","templated":true}]}}