{"id":585,"date":"2018-05-14T17:08:19","date_gmt":"2018-05-14T15:08:19","guid":{"rendered":"https:\/\/we.pb.edu.pl\/kaie\/?page_id=585"},"modified":"2025-06-10T19:26:03","modified_gmt":"2025-06-10T17:26:03","slug":"zts12es2apitmsem23","status":"publish","type":"page","link":"https:\/\/we.pb.edu.pl\/kair\/materialy-dydaktyczne\/zts12es2apitmsem23\/","title":{"rendered":"ZTS12ES2APiTMsem23"},"content":{"rendered":"<p>&nbsp;<\/p>\n<table style=\"width: 98.5088%;\" border=\"0\" cellspacing=\"0\" cellpadding=\"6\" bgcolor=\"#ffffff\">\n<tbody>\n<tr>\n<td style=\"width: 100%;\" valign=\"top\" bgcolor=\"#f7f7f7\"><span style=\"color: #000080; font-size: 14pt; font-family: arial, helvetica, sans-serif;\"><span style=\"color: #000080; font-size: 14pt; font-family: arial, helvetica, sans-serif;\">Materia\u0142y do przedmiotu<br \/>\n<strong>Zaawansowane techniki sterowania 1 ES2E202 202<br \/>\n<\/strong><strong>Zaawansowane techniki sterowania 2 ES2E302 208<\/strong><br \/>\nElektrotechnika sem. II i III<br \/>\nstudia stacjonarne II stopnia &#8211; specjalno\u015b\u0107 APiTM<\/span><\/span>&nbsp;&nbsp;<\/td>\n<\/tr>\n<\/tbody>\n<\/table>\n<table style=\"width: 98.5088%;\" border=\"0\" cellspacing=\"3\" cellpadding=\"3\">\n<tbody>\n<tr>\n<td style=\"width: 23.6934%;\" colspan=\"2\" valign=\"bottom\" bgcolor=\"#d5e6e1\">\n<h5><span style=\"color: #000080; font-family: Verdana, Arial;\"><strong>Informacje og\u00f3lne<\/strong><\/span><\/h5>\n<\/td>\n<\/tr>\n<\/tbody>\n<\/table>\n<p><span style=\"font-family: arial, helvetica, sans-serif; font-size: 12pt;\">Wymiar godzinowy:<br \/>\nsemestr II: wyk\u0142ad &#8211; 30 godzin;<br \/>\nsemestr III: pracownia specjalistyczna &#8211; 30 godzin.<br \/>\nZaliczenie wyk\u0142adu i laboratorium &#8211; zaliczenie z ocen\u0105.<\/span><\/p>\n<table style=\"width: 98.4211%;\" border=\"0\" cellspacing=\"3\" cellpadding=\"3\">\n<tbody>\n<tr style=\"height: 42px;\">\n<td style=\"width: 100%; height: 42px;\" valign=\"middle\">\n<p align=\"left\"><a class=\"pdf\" style=\"text-decoration: none;\" href=\"https:\/\/we.pb.edu.pl\/kair\/materialy-dydaktyczne\/przepraszamy-informacje-w-przygotowaniu\/\"><span style=\"font-family: verdana; font-size: 12pt;\">Program wyk\u0142adu<\/span><\/a><\/p>\n<\/td>\n<\/tr>\n<tr style=\"height: 42px;\">\n<td style=\"width: 100%; height: 42px;\" valign=\"middle\">\n<p align=\"left\"><span style=\"font-family: verdana; font-size: 12pt;\"><a class=\"pdf\" style=\"text-decoration: none;\" href=\"https:\/\/box.biaman.pl\/f\/f1825a5329364b6aa684\/\">Program pracowni specjalistycznej<\/a><\/span><\/p>\n<\/td>\n<\/tr>\n<tr style=\"height: 42px;\">\n<td style=\"width: 100%; height: 42px;\" valign=\"middle\">\n<p align=\"left\"><span style=\"font-family: verdana; font-size: 12pt;\"><a class=\"pdf\" style=\"text-decoration: none;\" href=\"https:\/\/box.biaman.pl\/f\/bb6bf2d5bff347fc8b48\/\">Zasady zaliczania pracowni specjalistycznej<\/a><\/span><\/p>\n<\/td>\n<\/tr>\n<\/tbody>\n<\/table>\n<table style=\"width: 98.3333%;\" border=\"0\" cellspacing=\"3\" cellpadding=\"3\">\n<tbody>\n<tr>\n<td style=\"width: 23.5088%;\" colspan=\"2\" valign=\"bottom\" bgcolor=\"#d5e6e1\">\n<h5><span style=\"color: #000080; font-family: Verdana, Arial;\"><strong>Materia\u0142y do wyk\u0142adu sem. II<\/strong><\/span><\/h5>\n<\/td>\n<\/tr>\n<\/tbody>\n<\/table>\n<table style=\"width: 98.3333%;\" border=\"0\" cellspacing=\"3\" cellpadding=\"3\">\n<tbody>\n<tr style=\"height: 42px;\">\n<td style=\"height: 42px; width: 100%;\" valign=\"middle\"><span style=\"font-family: verdana,geneva; font-size: 12pt;\"><a class=\"pdf\" style=\"text-decoration: none;\" href=\"https:\/\/we.pb.edu.pl\/kair\/materialy-dydaktyczne\/przepraszamy-informacje-w-przygotowaniu\/\">&nbsp;_____________<\/a><\/span><\/td>\n<\/tr>\n<\/tbody>\n<\/table>\n<table style=\"width: 98.3333%; height: 825px;\" border=\"0\" cellspacing=\"3\" cellpadding=\"3\">\n<tbody>\n<tr style=\"height: 43px;\">\n<td style=\"width: 60.3571%; height: 43px;\" colspan=\"2\" valign=\"bottom\" bgcolor=\"#d5e6e1\">\n<h5><span style=\"color: #000080; font-family: Verdana, Arial;\"><strong>Materia\u0142y do pracowni specjalistycznej sem. III<br \/>\n<\/strong><\/span><\/h5>\n<\/td>\n<\/tr>\n<tr style=\"height: 46px;\">\n<td style=\"width: 50.3571%; height: 46px;\" valign=\"middle\"><span style=\"font-family: verdana, geneva, sans-serif; font-size: 12pt;\"><a class=\"pdf\" style=\"text-decoration: none;\" href=\"https:\/\/box.biaman.pl\/f\/005e507d159746629b59\/\">Neural Network Toolbox &#8211; opis podstawowych funkcji<\/a><\/span><\/td>\n<\/tr>\n<tr style=\"height: 46px;\">\n<td style=\"width: 50.3571%; height: 46px;\" valign=\"middle\"><span style=\"font-family: verdana, geneva, sans-serif; font-size: 12pt;\"><a class=\"pdf\" style=\"text-decoration: none;\" href=\"https:\/\/box.biaman.pl\/f\/5a305f81a0444c69979e\/\">Zadanie domowe do \u0107wiczenia nr 1<\/a><\/span><\/td>\n<\/tr>\n<tr style=\"height: 46px;\">\n<td style=\"width: 50.3571%; height: 46px;\" valign=\"middle\"><a class=\"pdf\" style=\"text-decoration: none;\" href=\"https:\/\/box.biaman.pl\/f\/a81dc646e7324b3a81eb\/\"><span style=\"font-size: 12pt; font-family: verdana,geneva,sans-serif;\">Zadanie domowe do \u0107wiczenia nr 2<\/span><\/a><\/td>\n<\/tr>\n<tr style=\"height: 46px;\">\n<td style=\"width: 50.3571%; height: 46px;\" valign=\"middle\"><a class=\"pdf\" style=\"text-decoration: none;\" href=\"https:\/\/box.biaman.pl\/f\/3ae3567ae1c14b41bcff\/\"><span style=\"font-size: 12pt; font-family: verdana,geneva,sans-serif;\">Zadanie domowe do \u0107wiczenia nr 3<\/span><\/a><\/td>\n<\/tr>\n<tr style=\"height: 46px;\">\n<td style=\"width: 50.3571%; height: 46px;\" valign=\"middle\"><span style=\"font-family: verdana, geneva, sans-serif; font-size: 12pt;\"><a class=\"pdf\" style=\"text-decoration: none;\" href=\"https:\/\/box.biaman.pl\/f\/6419dc938b84436a98fe\/\">Zadanie domowe do \u0107wiczenia nr 4<\/a><\/span><\/td>\n<\/tr>\n<tr style=\"height: 46px;\">\n<td style=\"width: 50.3571%; height: 46px;\" valign=\"middle\"><span style=\"font-size: 12pt; font-family: verdana, geneva, sans-serif;\"><a class=\"pdf\" style=\"text-decoration: none;\" href=\"https:\/\/box.biaman.pl\/f\/e6f296e45f7f498eb77d\/\">Zadanie domowe do \u0107wiczenia nr 5 i 6<\/a><\/span><\/td>\n<\/tr>\n<tr style=\"height: 46px;\">\n<td style=\"width: 50.3571%; height: 46px;\" valign=\"middle\"><img decoding=\"async\" src=\"https:\/\/we.pb.edu.pl\/kair\/wp-content\/uploads\/sites\/4\/2020\/02\/matlicon.gif\"><a class=\"txt\" style=\"text-decoration: none;\" href=\"https:\/\/box.biaman.pl\/f\/0083b3442f2944759956\/\">&nbsp;<\/a>&nbsp; ,&nbsp;&nbsp;<img decoding=\"async\" src=\"https:\/\/we.pb.edu.pl\/kair\/wp-content\/uploads\/sites\/4\/2020\/02\/matlicon.gif\"><a class=\"txt\" style=\"text-decoration: none;\" href=\"https:\/\/box.biaman.pl\/f\/162f8223fc5244238c7a\/\">&nbsp;<\/a>&nbsp; ,&nbsp;&nbsp;<img decoding=\"async\" src=\"https:\/\/we.pb.edu.pl\/kair\/wp-content\/uploads\/sites\/4\/2020\/02\/matlicon.gif\"><a class=\"txt\" style=\"text-decoration: none;\" href=\"https:\/\/box.biaman.pl\/f\/9759d3dc70b840cb83fa\/\">&nbsp;<\/a>&nbsp; &#8211; pliki do \u0107wicze\u0144&nbsp;<\/td>\n<\/tr>\n<tr style=\"height: 46px;\">\n<td style=\"width: 50.3571%; height: 46px;\" valign=\"middle\"><span style=\"font-size: 12pt; font-family: verdana,geneva,sans-serif;\"><a class=\"pdf\" style=\"text-decoration: none;\" href=\"https:\/\/box.biaman.pl\/f\/8ddd2271582e47a9837f\/\">Zadanie domowe do \u0107wiczenia nr 7<\/a><\/span><\/td>\n<\/tr>\n<tr style=\"height: 46px;\">\n<td style=\"width: 50.3571%; height: 46px;\" valign=\"middle\"><span style=\"font-size: 12pt; font-family: verdana,geneva,sans-serif;\"><img decoding=\"async\" src=\"https:\/\/we.pb.edu.pl\/kair\/wp-content\/uploads\/sites\/4\/2020\/02\/matlicon.gif\"><a class=\"txt\" style=\"text-decoration: none;\" href=\"https:\/\/box.biaman.pl\/f\/4fb49f4c0ab1415f985d\/\">&nbsp;<\/a>&nbsp; ,&nbsp;&nbsp;<img decoding=\"async\" src=\"https:\/\/we.pb.edu.pl\/kair\/wp-content\/uploads\/sites\/4\/2020\/02\/matlicon.gif\"><a class=\"txt\" style=\"text-decoration: none;\" href=\"https:\/\/box.biaman.pl\/f\/c9f42044554043c6938a\/\">&nbsp;<\/a>&nbsp; ,&nbsp; <img decoding=\"async\" src=\"https:\/\/we.pb.edu.pl\/kair\/wp-content\/uploads\/sites\/4\/2020\/02\/txticon.gif\"><a class=\"txt\" style=\"text-decoration: none;\" href=\"https:\/\/box.biaman.pl\/f\/97d775d904a54b0a84db\/\">&nbsp;<\/a>&nbsp; ,&nbsp; <img decoding=\"async\" src=\"https:\/\/we.pb.edu.pl\/kair\/wp-content\/uploads\/sites\/4\/2020\/02\/txticon.gif\"><a class=\"txt\" style=\"text-decoration: none;\" href=\"https:\/\/box.biaman.pl\/f\/387d91a283554197ab49\/\">&nbsp;<\/a>&nbsp;&#8211; pliki do \u0107wiczenia<\/span><\/td>\n<\/tr>\n<tr style=\"height: 46px;\">\n<td style=\"width: 50.3571%; height: 46px;\" valign=\"middle\"><span style=\"font-size: 12pt; font-family: verdana,geneva,sans-serif;\"><a class=\"pdf\" style=\"text-decoration: none;\" href=\"https:\/\/box.biaman.pl\/f\/e191495f9fc24e6cad04\/?dl=1\">Zadanie domowe do \u0107wiczenia nr 8 i 9<\/a><\/span><\/td>\n<\/tr>\n<tr style=\"height: 46px;\">\n<td style=\"width: 50.3571%; height: 46px;\" valign=\"middle\"><span style=\"font-size: 12pt; font-family: verdana,geneva,sans-serif;\"><img decoding=\"async\" src=\"https:\/\/we.pb.edu.pl\/kair\/wp-content\/uploads\/sites\/4\/2020\/02\/matlicon.gif\"><a class=\"txt\" style=\"text-decoration: none;\" href=\"https:\/\/box.biaman.pl\/f\/4fb49f4c0ab1415f985d\/\">&nbsp;<\/a>&nbsp; ,&nbsp;&nbsp;<img decoding=\"async\" src=\"https:\/\/we.pb.edu.pl\/kair\/wp-content\/uploads\/sites\/4\/2020\/02\/matlicon.gif\"><a class=\"txt\" style=\"text-decoration: none;\" href=\"https:\/\/box.biaman.pl\/f\/c9f42044554043c6938a\/\">&nbsp;<\/a>&nbsp; ,&nbsp; <img decoding=\"async\" src=\"https:\/\/we.pb.edu.pl\/kair\/wp-content\/uploads\/sites\/4\/2020\/02\/txticon.gif\"><a class=\"txt\" style=\"text-decoration: none;\" href=\"https:\/\/box.biaman.pl\/f\/97d775d904a54b0a84db\/\">&nbsp;<\/a>&nbsp; ,&nbsp; <img decoding=\"async\" src=\"https:\/\/we.pb.edu.pl\/kair\/wp-content\/uploads\/sites\/4\/2020\/02\/txticon.gif\"><a class=\"txt\" style=\"text-decoration: none;\" href=\"https:\/\/box.biaman.pl\/f\/387d91a283554197ab49\/\">&nbsp;<\/a>&nbsp;&#8211; pliki do \u0107wicze\u0144<\/span><\/td>\n<\/tr>\n<tr style=\"height: 46px;\">\n<td style=\"width: 50.3571%; height: 46px;\" valign=\"middle\"><span style=\"font-size: 12pt; font-family: verdana,geneva,sans-serif;\"><a class=\"pdf\" style=\"text-decoration: none;\" href=\"https:\/\/box.biaman.pl\/f\/747ab2100b83461fa37c\/\">Zadanie domowe do \u0107wiczenia nr 10<\/a><\/span><\/td>\n<\/tr>\n<tr style=\"height: 46px;\">\n<td style=\"width: 50.3571%; height: 46px;\" valign=\"middle\"><span style=\"font-size: 12pt; font-family: verdana,geneva,sans-serif;\"><a class=\"zip\" style=\"text-decoration: none;\" href=\"https:\/\/box.biaman.pl\/f\/ba898b147f564272b1c6\/\">toolbox do \u0107wiczenia<\/a><\/span><\/td>\n<\/tr>\n<tr style=\"height: 46px;\">\n<td style=\"width: 50.3571%; height: 46px;\" valign=\"middle\"><span style=\"font-size: 12pt; font-family: verdana,geneva,sans-serif;\"><a class=\"pdf\" style=\"text-decoration: none;\" href=\"https:\/\/box.biaman.pl\/f\/6e0d0a03900c401d9fe3\/\">Zadanie domowe do \u0107wiczenia nr 11<\/a><\/span><\/td>\n<\/tr>\n<tr style=\"height: 46px;\">\n<td style=\"width: 50.3571%; height: 46px;\" valign=\"middle\"><span style=\"font-size: 12pt; font-family: verdana,geneva,sans-serif;\"><a class=\"zip\" style=\"text-decoration: none;\" href=\"https:\/\/box.biaman.pl\/f\/1b74ac85e7494170b98e\/\">pliki do \u0107wiczenia<\/a><\/span><\/td>\n<\/tr>\n<tr style=\"height: 46px;\">\n<td style=\"width: 50.3571%; height: 46px;\" valign=\"middle\"><span style=\"font-size: 12pt; font-family: verdana,geneva,sans-serif;\"><a class=\"pdf\" style=\"text-decoration: none;\" href=\"https:\/\/box.biaman.pl\/f\/5a343b7b95e7408babda\/\">Zadanie domowe do \u0107wiczenia nr 12<\/a><\/span><\/td>\n<\/tr>\n<tr style=\"height: 46px;\">\n<td style=\"width: 50.3571%; height: 46px;\" valign=\"middle\"><span style=\"font-size: 12pt; font-family: verdana,geneva,sans-serif;\"><img decoding=\"async\" src=\"https:\/\/we.pb.edu.pl\/kair\/wp-content\/uploads\/sites\/4\/2019\/11\/ppicon.gif\"><a class=\"txt\" style=\"text-decoration: none;\" href=\"https:\/\/box.biaman.pl\/f\/a6a3926326b0432e916e\/\">&nbsp;<\/a>&nbsp; ,&nbsp;&nbsp;<a class=\"zip\" style=\"text-decoration: none;\" href=\"https:\/\/box.biaman.pl\/f\/44481e1e9ca8429db72d\/\">&nbsp;<\/a>&nbsp;&#8211; pliki do \u0107wiczenia<\/span><\/td>\n<\/tr>\n<\/tbody>\n<\/table>\n<p>&nbsp;<\/p>\n<p style=\"text-align: center;\"><span style=\"color: #000000; font-size: xx-small;\"><span style=\"font-size: 8pt;\">Opracowanie merytoryczne: <strong>dr hab. in\u017c. Miros\u0142aw \u015awiercz prof. PB<\/strong><\/span><br \/>\n<\/span><\/p>\n<table style=\"width: 98.2456%;\" border=\"0\" cellspacing=\"0\" cellpadding=\"6\" bgcolor=\"#ffffff\">\n<tbody>\n<tr>\n<td style=\"width: 23.4164%;\" colspan=\"2\" align=\"center\" bgcolor=\"#f7f7f7\"><span style=\"color: #ff0000; font-size: small;\"><span style=\"font-size: 10pt;\">Prawa autorskie do materia\u0142\u00f3w dydaktycznych osi\u0105galnych z tej strony s\u0105 w\u0142asno\u015bci\u0105 intelektualn\u0105 pracownik\u00f3w <\/span><br \/>\n<span style=\"font-size: 10pt;\">Katedry Automatyki i Robotyki WE PB.<\/span><br \/>\n<span style=\"font-size: 10pt;\">Materia\u0142y te s\u0105 udost\u0119pniane studentom nieodp\u0142atnie i nie mog\u0105 by\u0107 przedmiotem jakiejkolwiek dzia\u0142alno\u015bci komercyjnej.<\/span><br \/>\n<span style=\"color: #000080; font-size: small;\"><span style=\"font-size: 10pt;\">Has\u0142a dost\u0119pu do zawarto\u015bci plik\u00f3w spakowanych mo\u017cna uzyska\u0107 od prowadz\u0105cych zaj\u0119cia.<\/span><br \/>\n<span style=\"color: #000000; font-size: 8pt;\">Opracowanie www: <strong>Lech Grodzki<\/strong> l.grodzki(.)pb.edu.pl<\/span><br \/>\n<span style=\"color: #000000; font-size: 8pt;\">tel. (85) 746-93-84<\/span><\/span><\/span><\/td>\n<\/tr>\n<\/tbody>\n<\/table>\n<p style=\"text-align: center;\"><span style=\"font-size: 10pt;\">Aktualizacja: 2023-03-23<\/span><\/p>\n","protected":false},"excerpt":{"rendered":"<p>&nbsp; Materia\u0142y do przedmiotu Zaawansowane techniki sterowania 1 ES2E202 202 Zaawansowane techniki sterowania 2 ES2E302<a class=\"read-more\" href=\"https:\/\/we.pb.edu.pl\/kair\/materialy-dydaktyczne\/zts12es2apitmsem23\/\" title=\"Poka\u017c artyku\u0142 ZTS12ES2APiTMsem23\">wi\u0119cej<\/a><\/p>\n","protected":false},"author":12,"featured_media":0,"parent":42,"menu_order":0,"comment_status":"closed","ping_status":"closed","template":"","meta":{"inline_featured_image":false,"ngg_post_thumbnail":0,"footnotes":""},"class_list":["post-585","page","type-page","status-publish","hentry"],"acf":[],"yoast_head":"<!-- This site is optimized with the Yoast SEO plugin v26.4 - https:\/\/yoast.com\/wordpress\/plugins\/seo\/ -->\n<title>ZTS12ES2APiTMsem23 - Katedra Automatyki i Robotyki<\/title>\n<meta name=\"robots\" content=\"index, follow, max-snippet:-1, max-image-preview:large, max-video-preview:-1\" \/>\n<link rel=\"canonical\" href=\"https:\/\/we.pb.edu.pl\/kair\/materialy-dydaktyczne\/zts12es2apitmsem23\/\" \/>\n<meta property=\"og:locale\" content=\"pl_PL\" \/>\n<meta property=\"og:type\" content=\"article\" \/>\n<meta property=\"og:title\" content=\"ZTS12ES2APiTMsem23 - Katedra Automatyki i Robotyki\" \/>\n<meta property=\"og:description\" content=\"&nbsp; Materia\u0142y do przedmiotu Zaawansowane techniki sterowania 1 ES2E202 202 Zaawansowane techniki sterowania 2 ES2E302wi\u0119cej\" \/>\n<meta property=\"og:url\" content=\"https:\/\/we.pb.edu.pl\/kair\/materialy-dydaktyczne\/zts12es2apitmsem23\/\" \/>\n<meta property=\"og:site_name\" content=\"Katedra Automatyki i Robotyki\" \/>\n<meta property=\"article:modified_time\" content=\"2025-06-10T17:26:03+00:00\" \/>\n<meta property=\"og:image\" content=\"https:\/\/we.pb.edu.pl\/kair\/wp-content\/uploads\/sites\/4\/2020\/02\/matlicon.gif\" \/>\n<meta name=\"twitter:card\" content=\"summary_large_image\" \/>\n<meta name=\"twitter:label1\" content=\"Szacowany czas czytania\" \/>\n\t<meta name=\"twitter:data1\" content=\"4 minuty\" \/>\n<script type=\"application\/ld+json\" class=\"yoast-schema-graph\">{\"@context\":\"https:\/\/schema.org\",\"@graph\":[{\"@type\":\"WebPage\",\"@id\":\"https:\/\/we.pb.edu.pl\/kair\/materialy-dydaktyczne\/zts12es2apitmsem23\/\",\"url\":\"https:\/\/we.pb.edu.pl\/kair\/materialy-dydaktyczne\/zts12es2apitmsem23\/\",\"name\":\"ZTS12ES2APiTMsem23 - Katedra Automatyki i Robotyki\",\"isPartOf\":{\"@id\":\"https:\/\/we.pb.edu.pl\/kair\/#website\"},\"primaryImageOfPage\":{\"@id\":\"https:\/\/we.pb.edu.pl\/kair\/materialy-dydaktyczne\/zts12es2apitmsem23\/#primaryimage\"},\"image\":{\"@id\":\"https:\/\/we.pb.edu.pl\/kair\/materialy-dydaktyczne\/zts12es2apitmsem23\/#primaryimage\"},\"thumbnailUrl\":\"https:\/\/we.pb.edu.pl\/kair\/wp-content\/uploads\/sites\/4\/2020\/02\/matlicon.gif\",\"datePublished\":\"2018-05-14T15:08:19+00:00\",\"dateModified\":\"2025-06-10T17:26:03+00:00\",\"breadcrumb\":{\"@id\":\"https:\/\/we.pb.edu.pl\/kair\/materialy-dydaktyczne\/zts12es2apitmsem23\/#breadcrumb\"},\"inLanguage\":\"pl-PL\",\"potentialAction\":[{\"@type\":\"ReadAction\",\"target\":[\"https:\/\/we.pb.edu.pl\/kair\/materialy-dydaktyczne\/zts12es2apitmsem23\/\"]}]},{\"@type\":\"ImageObject\",\"inLanguage\":\"pl-PL\",\"@id\":\"https:\/\/we.pb.edu.pl\/kair\/materialy-dydaktyczne\/zts12es2apitmsem23\/#primaryimage\",\"url\":\"https:\/\/we.pb.edu.pl\/kair\/wp-content\/uploads\/sites\/4\/2020\/02\/matlicon.gif\",\"contentUrl\":\"https:\/\/we.pb.edu.pl\/kair\/wp-content\/uploads\/sites\/4\/2020\/02\/matlicon.gif\",\"width\":31,\"height\":31},{\"@type\":\"BreadcrumbList\",\"@id\":\"https:\/\/we.pb.edu.pl\/kair\/materialy-dydaktyczne\/zts12es2apitmsem23\/#breadcrumb\",\"itemListElement\":[{\"@type\":\"ListItem\",\"position\":1,\"name\":\"Strona g\u0142\u00f3wna\",\"item\":\"https:\/\/we.pb.edu.pl\/kair\/\"},{\"@type\":\"ListItem\",\"position\":2,\"name\":\"Materia\u0142y dydaktyczne KAiR\",\"item\":\"https:\/\/we.pb.edu.pl\/kair\/materialy-dydaktyczne\/\"},{\"@type\":\"ListItem\",\"position\":3,\"name\":\"ZTS12ES2APiTMsem23\"}]},{\"@type\":\"WebSite\",\"@id\":\"https:\/\/we.pb.edu.pl\/kair\/#website\",\"url\":\"https:\/\/we.pb.edu.pl\/kair\/\",\"name\":\"Katedra Automatyki i Robotyki\",\"description\":\"Katedra Automatyki i Robotyki\",\"potentialAction\":[{\"@type\":\"SearchAction\",\"target\":{\"@type\":\"EntryPoint\",\"urlTemplate\":\"https:\/\/we.pb.edu.pl\/kair\/?s={search_term_string}\"},\"query-input\":{\"@type\":\"PropertyValueSpecification\",\"valueRequired\":true,\"valueName\":\"search_term_string\"}}],\"inLanguage\":\"pl-PL\"}]}<\/script>\n<!-- \/ Yoast SEO plugin. -->","yoast_head_json":{"title":"ZTS12ES2APiTMsem23 - Katedra Automatyki i Robotyki","robots":{"index":"index","follow":"follow","max-snippet":"max-snippet:-1","max-image-preview":"max-image-preview:large","max-video-preview":"max-video-preview:-1"},"canonical":"https:\/\/we.pb.edu.pl\/kair\/materialy-dydaktyczne\/zts12es2apitmsem23\/","og_locale":"pl_PL","og_type":"article","og_title":"ZTS12ES2APiTMsem23 - Katedra Automatyki i Robotyki","og_description":"&nbsp; Materia\u0142y do przedmiotu Zaawansowane techniki sterowania 1 ES2E202 202 Zaawansowane techniki sterowania 2 ES2E302wi\u0119cej","og_url":"https:\/\/we.pb.edu.pl\/kair\/materialy-dydaktyczne\/zts12es2apitmsem23\/","og_site_name":"Katedra Automatyki i Robotyki","article_modified_time":"2025-06-10T17:26:03+00:00","og_image":[{"url":"https:\/\/we.pb.edu.pl\/kair\/wp-content\/uploads\/sites\/4\/2020\/02\/matlicon.gif","type":"","width":"","height":""}],"twitter_card":"summary_large_image","twitter_misc":{"Szacowany czas czytania":"4 minuty"},"schema":{"@context":"https:\/\/schema.org","@graph":[{"@type":"WebPage","@id":"https:\/\/we.pb.edu.pl\/kair\/materialy-dydaktyczne\/zts12es2apitmsem23\/","url":"https:\/\/we.pb.edu.pl\/kair\/materialy-dydaktyczne\/zts12es2apitmsem23\/","name":"ZTS12ES2APiTMsem23 - Katedra Automatyki i Robotyki","isPartOf":{"@id":"https:\/\/we.pb.edu.pl\/kair\/#website"},"primaryImageOfPage":{"@id":"https:\/\/we.pb.edu.pl\/kair\/materialy-dydaktyczne\/zts12es2apitmsem23\/#primaryimage"},"image":{"@id":"https:\/\/we.pb.edu.pl\/kair\/materialy-dydaktyczne\/zts12es2apitmsem23\/#primaryimage"},"thumbnailUrl":"https:\/\/we.pb.edu.pl\/kair\/wp-content\/uploads\/sites\/4\/2020\/02\/matlicon.gif","datePublished":"2018-05-14T15:08:19+00:00","dateModified":"2025-06-10T17:26:03+00:00","breadcrumb":{"@id":"https:\/\/we.pb.edu.pl\/kair\/materialy-dydaktyczne\/zts12es2apitmsem23\/#breadcrumb"},"inLanguage":"pl-PL","potentialAction":[{"@type":"ReadAction","target":["https:\/\/we.pb.edu.pl\/kair\/materialy-dydaktyczne\/zts12es2apitmsem23\/"]}]},{"@type":"ImageObject","inLanguage":"pl-PL","@id":"https:\/\/we.pb.edu.pl\/kair\/materialy-dydaktyczne\/zts12es2apitmsem23\/#primaryimage","url":"https:\/\/we.pb.edu.pl\/kair\/wp-content\/uploads\/sites\/4\/2020\/02\/matlicon.gif","contentUrl":"https:\/\/we.pb.edu.pl\/kair\/wp-content\/uploads\/sites\/4\/2020\/02\/matlicon.gif","width":31,"height":31},{"@type":"BreadcrumbList","@id":"https:\/\/we.pb.edu.pl\/kair\/materialy-dydaktyczne\/zts12es2apitmsem23\/#breadcrumb","itemListElement":[{"@type":"ListItem","position":1,"name":"Strona g\u0142\u00f3wna","item":"https:\/\/we.pb.edu.pl\/kair\/"},{"@type":"ListItem","position":2,"name":"Materia\u0142y dydaktyczne KAiR","item":"https:\/\/we.pb.edu.pl\/kair\/materialy-dydaktyczne\/"},{"@type":"ListItem","position":3,"name":"ZTS12ES2APiTMsem23"}]},{"@type":"WebSite","@id":"https:\/\/we.pb.edu.pl\/kair\/#website","url":"https:\/\/we.pb.edu.pl\/kair\/","name":"Katedra Automatyki i Robotyki","description":"Katedra Automatyki i Robotyki","potentialAction":[{"@type":"SearchAction","target":{"@type":"EntryPoint","urlTemplate":"https:\/\/we.pb.edu.pl\/kair\/?s={search_term_string}"},"query-input":{"@type":"PropertyValueSpecification","valueRequired":true,"valueName":"search_term_string"}}],"inLanguage":"pl-PL"}]}},"_links":{"self":[{"href":"https:\/\/we.pb.edu.pl\/kair\/wp-json\/wp\/v2\/pages\/585","targetHints":{"allow":["GET"]}}],"collection":[{"href":"https:\/\/we.pb.edu.pl\/kair\/wp-json\/wp\/v2\/pages"}],"about":[{"href":"https:\/\/we.pb.edu.pl\/kair\/wp-json\/wp\/v2\/types\/page"}],"author":[{"embeddable":true,"href":"https:\/\/we.pb.edu.pl\/kair\/wp-json\/wp\/v2\/users\/12"}],"replies":[{"embeddable":true,"href":"https:\/\/we.pb.edu.pl\/kair\/wp-json\/wp\/v2\/comments?post=585"}],"version-history":[{"count":48,"href":"https:\/\/we.pb.edu.pl\/kair\/wp-json\/wp\/v2\/pages\/585\/revisions"}],"predecessor-version":[{"id":3943,"href":"https:\/\/we.pb.edu.pl\/kair\/wp-json\/wp\/v2\/pages\/585\/revisions\/3943"}],"up":[{"embeddable":true,"href":"https:\/\/we.pb.edu.pl\/kair\/wp-json\/wp\/v2\/pages\/42"}],"wp:attachment":[{"href":"https:\/\/we.pb.edu.pl\/kair\/wp-json\/wp\/v2\/media?parent=585"}],"curies":[{"name":"wp","href":"https:\/\/api.w.org\/{rel}","templated":true}]}}