{"id":30,"date":"2018-05-09T09:14:02","date_gmt":"2018-05-09T07:14:02","guid":{"rendered":"https:\/\/we.pb.edu.pl\/kaie\/?page_id=30"},"modified":"2024-11-18T19:46:15","modified_gmt":"2024-11-18T18:46:15","slug":"o-katedrze","status":"publish","type":"page","link":"https:\/\/we.pb.edu.pl\/kair\/o-katedrze\/","title":{"rendered":"O Katedrze"},"content":{"rendered":"<div class=\"row content\">\n<div class=\"col-xs-12\">\n<p>Katedra Automatyki i Robotyki (dawniej Automatyki i Elektroniki) od pocz\u0105tku swego istnienia zajmuje si\u0119 zagadnieniami szeroko rozumianej automatyki, elektroniki i robotyki.<\/p>\n<p>Aktualna dzia\u0142alno\u015b\u0107 naukowa pracownik\u00f3w Katedry koncentruje si\u0119 wok\u00f3\u0142:<\/p>\n<ul>\n<li>zaawansowanych zagadnie\u0144 teorii sterowania, w tym nowoczesnych metod sterowania uk\u0142ad\u00f3w nieca\u0142kowitego rz\u0119du;<\/li>\n<li>diagnostyki obiekt\u00f3w sterowania (m.in. pracuj\u0105cych w przemys\u0142owych liniach produkcyjnych) za pomoc\u0105 metod i narz\u0119dzi sztucznej inteligencji,<br \/>\nautonomicznych system\u00f3w diagnostyki maszyn;<\/li>\n<li>system\u00f3w pomiarowo-kontrolnych czasu rzeczywistego oraz bezprzewodowych system\u00f3w pomiarowych;<\/li>\n<li>wykorzystania uczenia maszynowego w optymalizacji, sterowaniu i modelowaniu obiekt\u00f3w;<\/li>\n<li>algorytm\u00f3w sterowania i pozycjonowania autonomicznych robot\u00f3w mobilnych, a tak\u017ce manipulator\u00f3w robotycznych i cobot\u00f3w;<\/li>\n<li>modelowania i projektowania przekszta\u0142tnik\u00f3w przeznaczonych do wsp\u00f3\u0142pracy \u017ar\u00f3de\u0142 energii odnawialnej z sieci\u0105 energetyczn\u0105;<\/li>\n<li>syntezy cyfrowych system\u00f3w steruj\u0105cych wykorzystuj\u0105cych uk\u0142ady FPGA i SoC, przeznaczonych do obs\u0142ugi niezale\u017cnych, asynchronicznych proces\u00f3w pomiarowych, proces\u00f3w przetwarzania danych, uk\u0142ad\u00f3w regulacji oraz tor\u00f3w transmisji danych;<\/li>\n<li>nowoczesnych uk\u0142ad\u00f3w steruj\u0105cych p\u00f3\u0142przewodnikowymi, adaptacyjnymi \u017ar\u00f3d\u0142ami \u015bwiat\u0142a do zastosowa\u0144 og\u00f3lnych i w\u0105sko specjalizowanych.<\/li>\n<\/ul>\n<p>Prowadzone przez pracownik\u00f3w Katedry zaj\u0119cia dydaktyczne s\u0105 powi\u0105zane z tre\u015bciami podstawowymi dla kszta\u0142cenia na kierunkach Automatyka i robotyka, Cyfryzacja przemys\u0142u, Elektrotechnika o profilu akademickim i praktycznym (studia dualne), Elektronika i telekomunikacja czy Ekoenergetyka, takimi jak:<\/p>\n<ul>\n<li>matematyka i fizyka;<\/li>\n<li>elementy i uk\u0142ady elektroniczne;<\/li>\n<li>podstawy automatyki;<\/li>\n<li>technika cyfrowa;<\/li>\n<li>technika mikroprocesorowa.<\/li>\n<\/ul>\n<p>Katedra realizuje r\u00f3wnie\u017c szereg zaj\u0119\u0107 dydaktycznych w ramach specjalno\u015bci na wymienionych kierunkach studi\u00f3w, dotycz\u0105cych nast\u0119puj\u0105cych zagadnie\u0144:<\/p>\n<ul>\n<li>programowalne struktury logiczne;<\/li>\n<li>mikrokontrolery i systemy wbudowane;<\/li>\n<li>elektrotechnika i elektronika pojazdowa;<\/li>\n<li>komputerowe projektowanie urz\u0105dze\u0144 elektronicznych;<\/li>\n<li>teoria i algorytmy sterowania w uk\u0142adach dynamicznych;<\/li>\n<li>sterowniki przemys\u0142owe i ich wykorzystanie;<\/li>\n<li>cyfrowe systemy pomiarowe;<\/li>\n<li>zaawansowane metody analizy, identyfikacji, sterowania i diagnostyki;<\/li>\n<li>systemy czasu rzeczywistego;<\/li>\n<li>robotyzacja proces\u00f3w przemys\u0142owych;<\/li>\n<li>wykorzystanie robot\u00f3w autonomicznych;<\/li>\n<li>systemy maszynowego widzenia;<\/li>\n<li>zastosowania sztucznej inteligencji;<\/li>\n<li>przemys\u0142owe sieci komunikacyjne;<\/li>\n<li>chmurowe bazy danych.<\/li>\n<\/ul>\n<p>W ramach Katedry funkcjonuje szereg laboratori\u00f3w:<\/p>\n<ul>\n<li>Laboratorium Robotyki Przemys\u0142owej i Cyfryzacji Przemys\u0142u;<\/li>\n<li>Laboratorium Sieci Przemys\u0142owych i System\u00f3w Mechatronicznych;<\/li>\n<li>Laboratorium Elektroniki Samochodowej;<\/li>\n<li>Laboratorium Automatyzacji Przemys\u0142u i Cyfryzacji Produkcji;<\/li>\n<li>Laboratorium Podstaw Elektroniki;<\/li>\n<li>Laboratorium Badawcze Automatyki i Przekszta\u0142tnik\u00f3w Energoelektronicznych dla Fotowoltaiki;<\/li>\n<li>Laboratorium Techniki Cyfrowej i Uk\u0142ad\u00f3w Programowalnych;<\/li>\n<li>Laboratorium Sterownik\u00f3w PLC i Cyfrowych System\u00f3w Pomiarowych;<\/li>\n<li>Laboratorium Teorii Sterowania i Automatyki;<\/li>\n<li>Laboratorium Techniki Mikroprocesorowej;<\/li>\n<li>Laboratorium Badawcze Lokalnych System\u00f3w Pozycjonowania<\/li>\n<li>Centrum Operatorskie Elektrowni Hybrydowej;<\/li>\n<li>Pracownia Technologiczna;<\/li>\n<li>Pracownia komputerowa.<\/li>\n<\/ul>\n<\/div>\n<\/div>\n","protected":false},"excerpt":{"rendered":"<p>Katedra Automatyki i Robotyki (dawniej Automatyki i Elektroniki) od pocz\u0105tku swego istnienia zajmuje si\u0119 zagadnieniami<a class=\"read-more\" href=\"https:\/\/we.pb.edu.pl\/kair\/o-katedrze\/\" title=\"Poka\u017c artyku\u0142 O Katedrze\">wi\u0119cej<\/a><\/p>\n","protected":false},"author":8,"featured_media":0,"parent":0,"menu_order":0,"comment_status":"closed","ping_status":"closed","template":"","meta":{"inline_featured_image":false,"ngg_post_thumbnail":0,"footnotes":""},"class_list":["post-30","page","type-page","status-publish","hentry"],"acf":[],"yoast_head":"<!-- This site is optimized with the Yoast SEO plugin v26.4 - https:\/\/yoast.com\/wordpress\/plugins\/seo\/ -->\n<title>O Katedrze - Katedra Automatyki i Robotyki<\/title>\n<meta name=\"robots\" content=\"index, follow, max-snippet:-1, max-image-preview:large, max-video-preview:-1\" \/>\n<link rel=\"canonical\" href=\"https:\/\/we.pb.edu.pl\/kair\/o-katedrze\/\" \/>\n<meta property=\"og:locale\" content=\"pl_PL\" \/>\n<meta property=\"og:type\" content=\"article\" \/>\n<meta property=\"og:title\" content=\"O Katedrze - Katedra Automatyki i Robotyki\" \/>\n<meta property=\"og:description\" content=\"Katedra Automatyki i Robotyki (dawniej Automatyki i Elektroniki) od pocz\u0105tku swego istnienia zajmuje si\u0119 zagadnieniamiwi\u0119cej\" \/>\n<meta property=\"og:url\" content=\"https:\/\/we.pb.edu.pl\/kair\/o-katedrze\/\" \/>\n<meta property=\"og:site_name\" content=\"Katedra Automatyki i Robotyki\" \/>\n<meta property=\"article:modified_time\" content=\"2024-11-18T18:46:15+00:00\" \/>\n<meta name=\"twitter:card\" content=\"summary_large_image\" \/>\n<meta name=\"twitter:label1\" content=\"Szacowany czas czytania\" \/>\n\t<meta name=\"twitter:data1\" content=\"3 minuty\" \/>\n<script type=\"application\/ld+json\" class=\"yoast-schema-graph\">{\"@context\":\"https:\/\/schema.org\",\"@graph\":[{\"@type\":\"WebPage\",\"@id\":\"https:\/\/we.pb.edu.pl\/kair\/o-katedrze\/\",\"url\":\"https:\/\/we.pb.edu.pl\/kair\/o-katedrze\/\",\"name\":\"O Katedrze - Katedra Automatyki i Robotyki\",\"isPartOf\":{\"@id\":\"https:\/\/we.pb.edu.pl\/kair\/#website\"},\"datePublished\":\"2018-05-09T07:14:02+00:00\",\"dateModified\":\"2024-11-18T18:46:15+00:00\",\"breadcrumb\":{\"@id\":\"https:\/\/we.pb.edu.pl\/kair\/o-katedrze\/#breadcrumb\"},\"inLanguage\":\"pl-PL\",\"potentialAction\":[{\"@type\":\"ReadAction\",\"target\":[\"https:\/\/we.pb.edu.pl\/kair\/o-katedrze\/\"]}]},{\"@type\":\"BreadcrumbList\",\"@id\":\"https:\/\/we.pb.edu.pl\/kair\/o-katedrze\/#breadcrumb\",\"itemListElement\":[{\"@type\":\"ListItem\",\"position\":1,\"name\":\"Strona g\u0142\u00f3wna\",\"item\":\"https:\/\/we.pb.edu.pl\/kair\/\"},{\"@type\":\"ListItem\",\"position\":2,\"name\":\"O Katedrze\"}]},{\"@type\":\"WebSite\",\"@id\":\"https:\/\/we.pb.edu.pl\/kair\/#website\",\"url\":\"https:\/\/we.pb.edu.pl\/kair\/\",\"name\":\"Katedra Automatyki i Robotyki\",\"description\":\"Katedra Automatyki i Robotyki\",\"potentialAction\":[{\"@type\":\"SearchAction\",\"target\":{\"@type\":\"EntryPoint\",\"urlTemplate\":\"https:\/\/we.pb.edu.pl\/kair\/?s={search_term_string}\"},\"query-input\":{\"@type\":\"PropertyValueSpecification\",\"valueRequired\":true,\"valueName\":\"search_term_string\"}}],\"inLanguage\":\"pl-PL\"}]}<\/script>\n<!-- \/ Yoast SEO plugin. -->","yoast_head_json":{"title":"O Katedrze - Katedra Automatyki i Robotyki","robots":{"index":"index","follow":"follow","max-snippet":"max-snippet:-1","max-image-preview":"max-image-preview:large","max-video-preview":"max-video-preview:-1"},"canonical":"https:\/\/we.pb.edu.pl\/kair\/o-katedrze\/","og_locale":"pl_PL","og_type":"article","og_title":"O Katedrze - Katedra Automatyki i Robotyki","og_description":"Katedra Automatyki i Robotyki (dawniej Automatyki i Elektroniki) od pocz\u0105tku swego istnienia zajmuje si\u0119 zagadnieniamiwi\u0119cej","og_url":"https:\/\/we.pb.edu.pl\/kair\/o-katedrze\/","og_site_name":"Katedra Automatyki i Robotyki","article_modified_time":"2024-11-18T18:46:15+00:00","twitter_card":"summary_large_image","twitter_misc":{"Szacowany czas czytania":"3 minuty"},"schema":{"@context":"https:\/\/schema.org","@graph":[{"@type":"WebPage","@id":"https:\/\/we.pb.edu.pl\/kair\/o-katedrze\/","url":"https:\/\/we.pb.edu.pl\/kair\/o-katedrze\/","name":"O Katedrze - Katedra Automatyki i Robotyki","isPartOf":{"@id":"https:\/\/we.pb.edu.pl\/kair\/#website"},"datePublished":"2018-05-09T07:14:02+00:00","dateModified":"2024-11-18T18:46:15+00:00","breadcrumb":{"@id":"https:\/\/we.pb.edu.pl\/kair\/o-katedrze\/#breadcrumb"},"inLanguage":"pl-PL","potentialAction":[{"@type":"ReadAction","target":["https:\/\/we.pb.edu.pl\/kair\/o-katedrze\/"]}]},{"@type":"BreadcrumbList","@id":"https:\/\/we.pb.edu.pl\/kair\/o-katedrze\/#breadcrumb","itemListElement":[{"@type":"ListItem","position":1,"name":"Strona g\u0142\u00f3wna","item":"https:\/\/we.pb.edu.pl\/kair\/"},{"@type":"ListItem","position":2,"name":"O Katedrze"}]},{"@type":"WebSite","@id":"https:\/\/we.pb.edu.pl\/kair\/#website","url":"https:\/\/we.pb.edu.pl\/kair\/","name":"Katedra Automatyki i Robotyki","description":"Katedra Automatyki i Robotyki","potentialAction":[{"@type":"SearchAction","target":{"@type":"EntryPoint","urlTemplate":"https:\/\/we.pb.edu.pl\/kair\/?s={search_term_string}"},"query-input":{"@type":"PropertyValueSpecification","valueRequired":true,"valueName":"search_term_string"}}],"inLanguage":"pl-PL"}]}},"_links":{"self":[{"href":"https:\/\/we.pb.edu.pl\/kair\/wp-json\/wp\/v2\/pages\/30","targetHints":{"allow":["GET"]}}],"collection":[{"href":"https:\/\/we.pb.edu.pl\/kair\/wp-json\/wp\/v2\/pages"}],"about":[{"href":"https:\/\/we.pb.edu.pl\/kair\/wp-json\/wp\/v2\/types\/page"}],"author":[{"embeddable":true,"href":"https:\/\/we.pb.edu.pl\/kair\/wp-json\/wp\/v2\/users\/8"}],"replies":[{"embeddable":true,"href":"https:\/\/we.pb.edu.pl\/kair\/wp-json\/wp\/v2\/comments?post=30"}],"version-history":[{"count":7,"href":"https:\/\/we.pb.edu.pl\/kair\/wp-json\/wp\/v2\/pages\/30\/revisions"}],"predecessor-version":[{"id":3796,"href":"https:\/\/we.pb.edu.pl\/kair\/wp-json\/wp\/v2\/pages\/30\/revisions\/3796"}],"wp:attachment":[{"href":"https:\/\/we.pb.edu.pl\/kair\/wp-json\/wp\/v2\/media?parent=30"}],"curies":[{"name":"wp","href":"https:\/\/api.w.org\/{rel}","templated":true}]}}